216.73.216.223 - - [28/Feb/2026:07:06:59 -0500] "GET /?fileloc=%2Fhome%2Fclavospa%2Fpublic_html%2Fdavidlachapellela.com%2Fwp-content%2Fuploads%2F2022%2F07%2Fxx-150x150.jpg&path=%2Fhome%2Fclavospa%2Fpublic_html%2Fdavidlachapellela.com%2Fwp-content%2Fuploads%2F2022%2F07 HTTP/1.1" 200 2540 "-" "Mozilla/5.0 AppleWebKit/537.36 (KHTML, like Gecko; compatible; ClaudeBot/1.0; +claudebot@anthropic.com)"
216.73.216.223 - - [28/Feb/2026:07:07:00 -0500] "GET /?fileloc=%2Fhome%2Fclavospa%2Fpublic_html%2Fdavidlachapellela.com%2Fwp-content%2Fuploads%2F2022%2F07%2Fdlccab1-300x154.jpg&path=%2Fhome%2Fclavospa%2Fpublic_html%2Fdavidlachapellela.com%2Fwp-content%2Fuploads%2F2022%2F07 HTTP/1.1" 200 2545 "-" "Mozilla/5.0 AppleWebKit/537.36 (KHTML, like Gecko; compatible; ClaudeBot/1.0; +claudebot@anthropic.com)"
216.73.216.223 - - [28/Feb/2026:07:07:00 -0500] "GET /?fileloc=%2Fhome%2Fclavospa%2Ftmp%2Fawstats%2Fawstats082023.latitud212.com.clavo.space.txt&path=%2Fhome%2Fclavospa%2Ftmp%2Fawstats HTTP/1.1" 200 78657 "-" "Mozilla/5.0 AppleWebKit/537.36 (KHTML, like Gecko; compatible; ClaudeBot/1.0; +claudebot@anthropic.com)"
216.73.216.223 - - [28/Feb/2026:07:07:01 -0500] "GET /?fileloc=%2Fhome%2Fclavospa%2Ftmp%2Fawstats%2Fawstats012026.latitud212.com.clavo.space.txt&path=%2Fhome%2Fclavospa%2Ftmp%2Fawstats HTTP/1.1" 200 75883 "-" "Mozilla/5.0 AppleWebKit/537.36 (KHTML, like Gecko; compatible; ClaudeBot/1.0; +claudebot@anthropic.com)"
216.73.216.223 - - [28/Feb/2026:07:07:01 -0500] "GET /?fileloc=%2Fhome%2Fclavospa%2Ftmp%2Fawstats%2Fawstats082022.latitud212.com.clavo.space.txt&path=%2Fhome%2Fclavospa%2Ftmp%2Fawstats HTTP/1.1" 200 48874 "-" "Mozilla/5.0 AppleWebKit/537.36 (KHTML, like Gecko; compatible; ClaudeBot/1.0; +claudebot@anthropic.com)"
66.249.79.67 - - [28/Feb/2026:07:07:02 -0500] "GET /commodity/85631946926 HTTP/1.1" 200 25457 "-" "Mozilla/5.0 (Linux; Android 6.0.1; Nexus 5X Build/MMB29P) AppleWebKit/537.36 (KHTML, like Gecko) Chrome/144.0.7559.132 Mobile Safari/537.36 (compatible; GoogleOther)"
216.73.216.223 - - [28/Feb/2026:07:07:02 -0500] "GET /?fileloc=%2Fhome%2Fclavospa%2Ftmp%2Fawstats%2Fawstats032024.latitud212.com.clavo.space.txt&path=%2Fhome%2Fclavospa%2Ftmp%2Fawstats HTTP/1.1" 200 69501 "-" "Mozilla/5.0 AppleWebKit/537.36 (KHTML, like Gecko; compatible; ClaudeBot/1.0; +claudebot@anthropic.com)"
216.73.216.223 - - [28/Feb/2026:07:07:02 -0500] "GET /?fileloc=%2Fhome%2Fclavospa%2Ftmp%2Fawstats%2Fawstats062025.latitud212.com.clavo.space.txt&path=%2Fhome%2Fclavospa%2Ftmp%2Fawstats HTTP/1.1" 200 76353 "-" "Mozilla/5.0 AppleWebKit/537.36 (KHTML, like Gecko; compatible; ClaudeBot/1.0; +claudebot@anthropic.com)"
216.73.216.223 - - [28/Feb/2026:07:07:02 -0500] "GET /?fileloc=%2Fhome%2Fclavospa%2Ftmp%2Fawstats%2Fawstats112025.ingridbarajas.com.clavo.space.txt&path=%2Fhome%2Fclavospa%2Ftmp%2Fawstats HTTP/1.1" 200 82426 "-" "Mozilla/5.0 AppleWebKit/537.36 (KHTML, like Gecko; compatible; ClaudeBot/1.0; +claudebot@anthropic.com)"
216.73.216.223 - - [28/Feb/2026:07:07:03 -0500] "GET /?fileloc=%2Fhome%2Fclavospa%2Fpublic_html%2Fdavidlachapellela.com%2Fwp-content%2Fuploads%2F2022%2F07%2Fkids01-150x150.jpg.webp&path=%2Fhome%2Fclavospa%2Fpublic_html%2Fdavidlachapellela.com%2Fwp-content%2Fuploads%2F2022%2F07 HTTP/1.1" 200 2546 "-" "Mozilla/5.0 AppleWebKit/537.36 (KHTML, like Gecko; compatible; ClaudeBot/1.0; +claudebot@anthropic.com)"
216.73.216.61 - - [28/Feb/2026:07:07:04 -0500] "GET /product/mi-cima-ii?fileloc=%2Fhome%2Fclavospa%2Fwww%2Fwp-content%2Fuploads%2F2019%2F03%2Fexh-cta-list.jpg&path=%2Fhome%2Fclavospa%2Fwww%2Fwp-content%2Fuploads%2F2019%2F03 HTTP/1.1" 200 2507 "-" "Mozilla/5.0 AppleWebKit/537.36 (KHTML, like Gecko; compatible; ClaudeBot/1.0; +claudebot@anthropic.com)"
216.73.216.223 - - [28/Feb/2026:07:07:03 -0500] "GET /?fileloc=%2Fhome%2Fclavospa%2Ftmp%2Fawstats%2Fawstats072024.latitud212.com.clavo.space.txt&path=%2Fhome%2Fclavospa%2Ftmp%2Fawstats HTTP/1.1" 200 50833 "-" "Mozilla/5.0 AppleWebKit/537.36 (KHTML, like Gecko; compatible; ClaudeBot/1.0; +claudebot@anthropic.com)"
216.73.216.223 - - [28/Feb/2026:07:07:04 -0500] "GET /?fileloc=%2Fhome%2Fclavospa%2Ftmp%2Fawstats%2Fawstats062023.latitud212.com.clavo.space.txt&path=%2Fhome%2Fclavospa%2Ftmp%2Fawstats HTTP/1.1" 200 60318 "-" "Mozilla/5.0 AppleWebKit/537.36 (KHTML, like Gecko; compatible; ClaudeBot/1.0; +claudebot@anthropic.com)"
216.73.216.223 - - [28/Feb/2026:07:07:03 -0500] "GET /?fileloc=%2Fhome%2Fclavospa%2Ftmp%2Fawstats%2Fawstats012024.latitud212.com.clavo.space.txt&path=%2Fhome%2Fclavospa%2Ftmp%2Fawstats HTTP/1.1" 200 67057 "-" "Mozilla/5.0 AppleWebKit/537.36 (KHTML, like Gecko; compatible; ClaudeBot/1.0; +claudebot@anthropic.com)"
216.73.216.223 - - [28/Feb/2026:07:07:04 -0500] "GET /?fileloc=%2Fhome%2Fclavospa%2Ftmp%2Fawstats%2Fawstats082024.latitud212.com.clavo.space.txt&path=%2Fhome%2Fclavospa%2Ftmp%2Fawstats HTTP/1.1" 200 42116 "-" "Mozilla/5.0 AppleWebKit/537.36 (KHTML, like Gecko; compatible; ClaudeBot/1.0; +claudebot@anthropic.com)"
216.73.216.223 - - [28/Feb/2026:07:07:04 -0500] "GET /?fileloc=%2Fhome%2Fclavospa%2Fpublic_html%2Fdavidlachapellela.com%2Fwp-content%2Fuploads%2F2022%2F08%2Fusina-768x512.jpg&path=%2Fhome%2Fclavospa%2Fpublic_html%2Fdavidlachapellela.com%2Fwp-content%2Fuploads%2F2022%2F08 HTTP/1.1" 200 2544 "-" "Mozilla/5.0 AppleWebKit/537.36 (KHTML, like Gecko; compatible; ClaudeBot/1.0; +claudebot@anthropic.com)"
216.73.216.223 - - [28/Feb/2026:07:07:05 -0500] "GET /?fileloc=%2Fhome%2Fclavospa%2Ftmp%2Fawstats%2Fawstats042025.latitud212.com.clavo.space.txt&path=%2Fhome%2Fclavospa%2Ftmp%2Fawstats HTTP/1.1" 200 84214 "-" "Mozilla/5.0 AppleWebKit/537.36 (KHTML, like Gecko; compatible; ClaudeBot/1.0; +claudebot@anthropic.com)"
66.249.79.194 - - [28/Feb/2026:07:07:05 -0500] "GET /?commodity/8560582405 HTTP/1.1" 200 25926 "-" "Mozilla/5.0 (Linux; Android 6.0.1; Nexus 5X Build/MMB29P) AppleWebKit/537.36 (KHTML, like Gecko) Chrome/144.0.7559.132 Mobile Safari/537.36 (compatible; GoogleOther)"
216.73.216.223 - - [28/Feb/2026:07:07:05 -0500] "GET /?fileloc=%2Fhome%2Fclavospa%2Fpublic_html%2Fdavidlachapellela.com%2Fwp-admin%2Fimages%2Fstars-2x.png&path=%2Fhome%2Fclavospa%2Fpublic_html%2Fdavidlachapellela.com%2Fwp-admin%2Fimages HTTP/1.1" 200 2516 "-" "Mozilla/5.0 AppleWebKit/537.36 (KHTML, like Gecko; compatible; ClaudeBot/1.0; +claudebot@anthropic.com)"
216.73.216.223 - - [28/Feb/2026:07:07:05 -0500] "GET /?fileloc=%2Fhome%2Fclavospa%2Fpublic_html%2Fdavidlachapellela.com%2Fwp-content%2Fuploads%2F2022%2F07%2Fabout-bg-300x200.jpg&path=%2Fhome%2Fclavospa%2Fpublic_html%2Fdavidlachapellela.com%2Fwp-content%2Fuploads%2F2022%2F07 HTTP/1.1" 200 2546 "-" "Mozilla/5.0 AppleWebKit/537.36 (KHTML, like Gecko; compatible; ClaudeBot/1.0; +claudebot@anthropic.com)"
216.73.216.223 - - [28/Feb/2026:07:07:06 -0500] "GET /?fileloc=%2Fhome%2Fclavospa%2Fpublic_html%2Fdavidlachapellela.com%2Fwp-content%2Fuploads%2F2022%2F07%2Fbanner-768x576.jpg&path=%2Fhome%2Fclavospa%2Fpublic_html%2Fdavidlachapellela.com%2Fwp-content%2Fuploads%2F2022%2F07 HTTP/1.1" 200 2545 "-" "Mozilla/5.0 AppleWebKit/537.36 (KHTML, like Gecko; compatible; ClaudeBot/1.0; +claudebot@anthropic.com)"
216.73.216.223 - - [28/Feb/2026:07:07:05 -0500] "GET /?fileloc=%2Fhome%2Fclavospa%2Fpublic_html%2Fdavidlachapellela.com%2Fwp-content%2Fuploads%2F2022%2F07%2Fdlcuru2-1536x787.jpg&path=%2Fhome%2Fclavospa%2Fpublic_html%2Fdavidlachapellela.com%2Fwp-content%2Fuploads%2F2022%2F07 HTTP/1.1" 200 2547 "-" "Mozilla/5.0 AppleWebKit/537.36 (KHTML, like Gecko; compatible; ClaudeBot/1.0; +claudebot@anthropic.com)"
216.73.216.223 - - [28/Feb/2026:07:07:06 -0500] "GET /?fileloc=%2Fhome%2Fclavospa%2Ftmp%2Fawstats%2Fawstats042023.latitud212.com.clavo.space.txt&path=%2Fhome%2Fclavospa%2Ftmp%2Fawstats HTTP/1.1" 200 42443 "-" "Mozilla/5.0 AppleWebKit/537.36 (KHTML, like Gecko; compatible; ClaudeBot/1.0; +claudebot@anthropic.com)"
216.73.216.223 - - [28/Feb/2026:07:07:06 -0500] "GET /?fileloc=%2Fhome%2Fclavospa%2Fpublic_html%2Fdavidlachapellela.com%2Fwp-content%2Fuploads%2F2022%2F07%2Fhome01-150x150.jpg&path=%2Fhome%2Fclavospa%2Fpublic_html%2Fdavidlachapellela.com%2Fwp-content%2Fuploads%2F2022%2F07 HTTP/1.1" 200 2541 "-" "Mozilla/5.0 AppleWebKit/537.36 (KHTML, like Gecko; compatible; ClaudeBot/1.0; +claudebot@anthropic.com)"
216.73.216.223 - - [28/Feb/2026:07:07:07 -0500] "GET /?fileloc=%2Fhome%2Fclavospa%2Ftmp%2Fawstats%2Fawstats112024.ingridbarajas.com.clavo.space.txt&path=%2Fhome%2Fclavospa%2Ftmp%2Fawstats HTTP/1.1" 200 64938 "-" "Mozilla/5.0 AppleWebKit/537.36 (KHTML, like Gecko; compatible; ClaudeBot/1.0; +claudebot@anthropic.com)"
216.73.216.223 - - [28/Feb/2026:07:07:07 -0500] "GET /?fileloc=%2Fhome%2Fclavospa%2Ftmp%2Fawstats%2Fawstats062024.latitud212.com.clavo.space.txt&path=%2Fhome%2Fclavospa%2Ftmp%2Fawstats HTTP/1.1" 200 54964 "-" "Mozilla/5.0 AppleWebKit/537.36 (KHTML, like Gecko; compatible; ClaudeBot/1.0; +claudebot@anthropic.com)"
216.73.216.223 - - [28/Feb/2026:07:07:07 -0500] "GET /?fileloc=%2Fhome%2Fclavospa%2Fpublic_html%2Fdavidlachapellela.com%2Fwp-content%2Fuploads%2F2022%2F07%2Fbanner-1024x768.jpg&path=%2Fhome%2Fclavospa%2Fpublic_html%2Fdavidlachapellela.com%2Fwp-content%2Fuploads%2F2022%2F07 HTTP/1.1" 200 2545 "-" "Mozilla/5.0 AppleWebKit/537.36 (KHTML, like Gecko; compatible; ClaudeBot/1.0; +claudebot@anthropic.com)"
216.73.216.223 - - [28/Feb/2026:07:07:07 -0500] "GET /?fileloc=%2Fhome%2Fclavospa%2Ftmp%2Fawstats%2Fawstats092025.latitud212.com.clavo.space.txt&path=%2Fhome%2Fclavospa%2Ftmp%2Fawstats HTTP/1.1" 200 77352 "-" "Mozilla/5.0 AppleWebKit/537.36 (KHTML, like Gecko; compatible; ClaudeBot/1.0; +claudebot@anthropic.com)"
216.73.216.223 - - [28/Feb/2026:07:07:07 -0500] "GET /?fileloc=%2Fhome%2Fclavospa%2Ftmp%2Fawstats%2Fawstats042024.latitud212.com.clavo.space.txt&path=%2Fhome%2Fclavospa%2Ftmp%2Fawstats HTTP/1.1" 200 58593 "-" "Mozilla/5.0 AppleWebKit/537.36 (KHTML, like Gecko; compatible; ClaudeBot/1.0; +claudebot@anthropic.com)"
216.73.216.223 - - [28/Feb/2026:07:07:07 -0500] "GET /?fileloc=%2Fhome%2Fclavospa%2Fpublic_html%2Fdavidlachapellela.com%2Fwp-content%2Fuploads%2F2022%2F07%2Fcauses02-1-300x225.jpg&path=%2Fhome%2Fclavospa%2Fpublic_html%2Fdavidlachapellela.com%2Fwp-content%2Fuploads%2F2022%2F07 HTTP/1.1" 200 2548 "-" "Mozilla/5.0 AppleWebKit/537.36 (KHTML, like Gecko; compatible; ClaudeBot/1.0; +claudebot@anthropic.com)"
216.73.216.223 - - [28/Feb/2026:07:07:08 -0500] "GET /?fileloc=%2Fhome%2Fclavospa%2Fpublic_html%2Fdavidlachapellela.com%2Fwp-content%2Fuploads%2F2022%2F07%2Fdonor03-150x150.jpg&path=%2Fhome%2Fclavospa%2Fpublic_html%2Fdavidlachapellela.com%2Fwp-content%2Fuploads%2F2022%2F07 HTTP/1.1" 200 2544 "-" "Mozilla/5.0 AppleWebKit/537.36 (KHTML, like Gecko; compatible; ClaudeBot/1.0; +claudebot@anthropic.com)"
66.249.79.67 - - [28/Feb/2026:07:07:09 -0500] "GET /commodity/85631972668 HTTP/1.1" 200 23964 "-" "Mozilla/5.0 (Linux; Android 6.0.1; Nexus 5X Build/MMB29P) AppleWebKit/537.36 (KHTML, like Gecko) Chrome/144.0.7559.132 Mobile Safari/537.36 (compatible; GoogleOther)"
216.73.216.61 - - [28/Feb/2026:07:07:09 -0500] "GET /product/mi-cima-ii?fileloc=%2Fhome%2Fclavospa%2Fwww%2Fwp-content%2Fuploads%2F2019%2F03%2Ffeat-artwork-2-100x50.jpg&path=%2Fhome%2Fclavospa%2Fwww%2Fwp-content%2Fuploads%2F2019%2F03 HTTP/1.1" 200 2516 "-" "Mozilla/5.0 AppleWebKit/537.36 (KHTML, like Gecko; compatible; ClaudeBot/1.0; +claudebot@anthropic.com)"
216.73.216.223 - - [28/Feb/2026:07:07:08 -0500] "GET /?fileloc=%2Fhome%2Fclavospa%2Ftmp%2Fawstats%2Fawstats092023.latitud212.com.clavo.space.txt&path=%2Fhome%2Fclavospa%2Ftmp%2Fawstats HTTP/1.1" 200 59998 "-" "Mozilla/5.0 AppleWebKit/537.36 (KHTML, like Gecko; compatible; ClaudeBot/1.0; +claudebot@anthropic.com)"
216.73.216.223 - - [28/Feb/2026:07:07:09 -0500] "GET /?fileloc=%2Fhome%2Fclavospa%2Fpublic_html%2Fdavidlachapellela.com%2Fwp-content%2Fuploads%2F2022%2F07%2Fdonor02-150x150.jpg&path=%2Fhome%2Fclavospa%2Fpublic_html%2Fdavidlachapellela.com%2Fwp-content%2Fuploads%2F2022%2F07 HTTP/1.1" 200 2544 "-" "Mozilla/5.0 AppleWebKit/537.36 (KHTML, like Gecko; compatible; ClaudeBot/1.0; +claudebot@anthropic.com)"
216.73.216.223 - - [28/Feb/2026:07:07:08 -0500] "GET /?fileloc=%2Fhome%2Fclavospa%2Fpublic_html%2Fdavidlachapellela.com%2Fwp-content%2Fuploads%2F2022%2F07%2Fdlccab1-768x393.jpg&path=%2Fhome%2Fclavospa%2Fpublic_html%2Fdavidlachapellela.com%2Fwp-content%2Fuploads%2F2022%2F07 HTTP/1.1" 200 2545 "-" "Mozilla/5.0 AppleWebKit/537.36 (KHTML, like Gecko; compatible; ClaudeBot/1.0; +claudebot@anthropic.com)"
114.119.151.197 - - [28/Feb/2026:07:07:09 -0500] "GET /product-tag/abel-adrian/page/1/?product_order=asc&product_count=12&product_orderby=date&product_view=grid HTTP/1.1" 200 4307 "https://clavo.space/product-tag/abel-adrian/page/2/?product_order=asc&product_count=12&product_orderby=date&product_view=grid" "Mozilla/5.0 (Linux; Android 7.0;) AppleWebKit/537.36 (KHTML, like Gecko) Mobile Safari/537.36 (compatible; PetalBot;+https://webmaster.petalsearch.com/site/petalbot)"
216.73.216.223 - - [28/Feb/2026:07:07:09 -0500] "GET /?fileloc=%2Fhome%2Fclavospa%2Ftmp%2Fawstats%2Fawstats092022.latitud212.com.clavo.space.txt&path=%2Fhome%2Fclavospa%2Ftmp%2Fawstats HTTP/1.1" 200 39714 "-" "Mozilla/5.0 AppleWebKit/537.36 (KHTML, like Gecko; compatible; ClaudeBot/1.0; +claudebot@anthropic.com)"
216.73.216.223 - - [28/Feb/2026:07:07:10 -0500] "GET /?fileloc=%2Fhome%2Fclavospa%2Fpublic_html%2Fdavidlachapellela.com%2Fwp-content%2Fuploads%2F2022%2F08%2Frico-768x364.png&path=%2Fhome%2Fclavospa%2Fpublic_html%2Fdavidlachapellela.com%2Fwp-content%2Fuploads%2F2022%2F08 HTTP/1.1" 200 2542 "-" "Mozilla/5.0 AppleWebKit/537.36 (KHTML, like Gecko; compatible; ClaudeBot/1.0; +claudebot@anthropic.com)"
216.73.216.223 - - [28/Feb/2026:07:07:09 -0500] "GET /?fileloc=%2Fhome%2Fclavospa%2Fpublic_html%2Fdavidlachapellela.com%2Fwp-content%2Fuploads%2F2022%2F08%2Fdlcguard-1536x826.png&path=%2Fhome%2Fclavospa%2Fpublic_html%2Fdavidlachapellela.com%2Fwp-content%2Fuploads%2F2022%2F08 HTTP/1.1" 200 2545 "-" "Mozilla/5.0 AppleWebKit/537.36 (KHTML, like Gecko; compatible; ClaudeBot/1.0; +claudebot@anthropic.com)"
216.73.216.223 - - [28/Feb/2026:07:07:11 -0500] "GET /?fileloc=%2Fhome%2Fclavospa%2Fpublic_html%2Fdavidlachapellela.com%2Fwp-content%2Fuploads%2F2022%2F07%2Fevent02-1-150x150.jpg&path=%2Fhome%2Fclavospa%2Fpublic_html%2Fdavidlachapellela.com%2Fwp-content%2Fuploads%2F2022%2F07 HTTP/1.1" 200 2545 "-" "Mozilla/5.0 AppleWebKit/537.36 (KHTML, like Gecko; compatible; ClaudeBot/1.0; +claudebot@anthropic.com)"
216.73.216.223 - - [28/Feb/2026:07:07:10 -0500] "GET /?fileloc=%2Fhome%2Fclavospa%2Fpublic_html%2Fdavidlachapellela.com%2Fwp-content%2Fuploads%2F2022%2F07%2Fdlcuru2-2048x1049.jpg&path=%2Fhome%2Fclavospa%2Fpublic_html%2Fdavidlachapellela.com%2Fwp-content%2Fuploads%2F2022%2F07 HTTP/1.1" 200 2547 "-" "Mozilla/5.0 AppleWebKit/537.36 (KHTML, like Gecko; compatible; ClaudeBot/1.0; +claudebot@anthropic.com)"
216.73.216.223 - - [28/Feb/2026:07:07:11 -0500] "GET /?fileloc=%2Fhome%2Fclavospa%2Fpublic_html%2Fdavidlachapellela.com%2Fwp-content%2Fuploads%2F2022%2F07%2Fphoto06-1.jpg&path=%2Fhome%2Fclavospa%2Fpublic_html%2Fdavidlachapellela.com%2Fwp-content%2Fuploads%2F2022%2F07 HTTP/1.1" 200 2540 "-" "Mozilla/5.0 AppleWebKit/537.36 (KHTML, like Gecko; compatible; ClaudeBot/1.0; +claudebot@anthropic.com)"
216.73.216.223 - - [28/Feb/2026:07:07:11 -0500] "GET /?fileloc=%2Fhome%2Fclavospa%2Fpublic_html%2Fdavidlachapellela.com%2Fwp-content%2Fuploads%2F2022%2F08%2Frico-1024x485.png&path=%2Fhome%2Fclavospa%2Fpublic_html%2Fdavidlachapellela.com%2Fwp-content%2Fuploads%2F2022%2F08 HTTP/1.1" 200 2543 "-" "Mozilla/5.0 AppleWebKit/537.36 (KHTML, like Gecko; compatible; ClaudeBot/1.0; +claudebot@anthropic.com)"
216.73.216.223 - - [28/Feb/2026:07:07:11 -0500] "GET /?fileloc=%2Fhome%2Fclavospa%2Fpublic_html%2Fdavidlachapellela.com%2Fwp-content%2Fuploads%2F2022%2F07%2Fdlccab1-1024x525.jpg&path=%2Fhome%2Fclavospa%2Fpublic_html%2Fdavidlachapellela.com%2Fwp-content%2Fuploads%2F2022%2F07 HTTP/1.1" 200 2546 "-" "Mozilla/5.0 AppleWebKit/537.36 (KHTML, like Gecko; compatible; ClaudeBot/1.0; +claudebot@anthropic.com)"
66.249.79.194 - - [28/Feb/2026:07:07:12 -0500] "GET /commodity/85611369966 HTTP/1.1" 200 25056 "-" "Mozilla/5.0 (Linux; Android 6.0.1; Nexus 5X Build/MMB29P) AppleWebKit/537.36 (KHTML, like Gecko) Chrome/144.0.7559.132 Mobile Safari/537.36 (compatible; GoogleOther)"
216.73.216.223 - - [28/Feb/2026:07:07:11 -0500] "GET /?fileloc=%2Fhome%2Fclavospa%2Ftmp%2Fawstats%2Fawstats092024.latitud212.com.clavo.space.txt&path=%2Fhome%2Fclavospa%2Ftmp%2Fawstats HTTP/1.1" 200 66156 "-" "Mozilla/5.0 AppleWebKit/537.36 (KHTML, like Gecko; compatible; ClaudeBot/1.0; +claudebot@anthropic.com)"
216.73.216.223 - - [28/Feb/2026:07:07:12 -0500] "GET /?fileloc=%2Fhome%2Fclavospa%2Fpublic_html%2Fdavidlachapellela.com%2Fwp-content%2Fuploads%2F2022%2F07%2Fabout-bg-1024x682.jpg&path=%2Fhome%2Fclavospa%2Fpublic_html%2Fdavidlachapellela.com%2Fwp-content%2Fuploads%2F2022%2F07 HTTP/1.1" 200 2547 "-" "Mozilla/5.0 AppleWebKit/537.36 (KHTML, like Gecko; compatible; ClaudeBot/1.0; +claudebot@anthropic.com)"
216.73.216.223 - - [28/Feb/2026:07:07:12 -0500] "GET /?fileloc=%2Fhome%2Fclavospa%2Fpublic_html%2Fdavidlachapellela.com%2Fwp-content%2Fuploads%2F2022%2F08%2F9-300x117.png&path=%2Fhome%2Fclavospa%2Fpublic_html%2Fdavidlachapellela.com%2Fwp-content%2Fuploads%2F2022%2F08 HTTP/1.1" 200 2539 "-" "Mozilla/5.0 AppleWebKit/537.36 (KHTML, like Gecko; compatible; ClaudeBot/1.0; +claudebot@anthropic.com)"
216.73.216.223 - - [28/Feb/2026:07:07:12 -0500] "GET /?fileloc=%2Fhome%2Fclavospa%2Fpublic_html%2Fdavidlachapellela.com%2Fwp-content%2Fuploads%2F2022%2F07%2Fxx-215x300.jpg.webp&path=%2Fhome%2Fclavospa%2Fpublic_html%2Fdavidlachapellela.com%2Fwp-content%2Fuploads%2F2022%2F07 HTTP/1.1" 200 2545 "-" "Mozilla/5.0 AppleWebKit/537.36 (KHTML, like Gecko; compatible; ClaudeBot/1.0; +claudebot@anthropic.com)"
216.73.216.223 - - [28/Feb/2026:07:07:13 -0500] "GET /?fileloc=%2Fhome%2Fclavospa%2Fpublic_html%2Fdavidlachapellela.com%2Fwp-content%2Fuploads%2F2022%2F07%2Fdonor01-150x150.jpg&path=%2Fhome%2Fclavospa%2Fpublic_html%2Fdavidlachapellela.com%2Fwp-content%2Fuploads%2F2022%2F07 HTTP/1.1" 200 2544 "-" "Mozilla/5.0 AppleWebKit/537.36 (KHTML, like Gecko; compatible; ClaudeBot/1.0; +claudebot@anthropic.com)"
216.73.216.223 - - [28/Feb/2026:07:07:13 -0500] "GET /?fileloc=%2Fhome%2Fclavospa%2Fpublic_html%2Fdavidlachapellela.com%2Fwp-content%2Fuploads%2F2022%2F07%2Fdlcuru1-300x154.png&path=%2Fhome%2Fclavospa%2Fpublic_html%2Fdavidlachapellela.com%2Fwp-content%2Fuploads%2F2022%2F07 HTTP/1.1" 200 2544 "-" "Mozilla/5.0 AppleWebKit/537.36 (KHTML, like Gecko; compatible; ClaudeBot/1.0; +claudebot@anthropic.com)"
216.73.216.223 - - [28/Feb/2026:07:07:13 -0500] "GET /?fileloc=%2Fhome%2Fclavospa%2Fpublic_html%2Fdavidlachapellela.com%2Fwp-content%2Fuploads%2F2022%2F08%2Fdlc-acsi-150x150.png&path=%2Fhome%2Fclavospa%2Fpublic_html%2Fdavidlachapellela.com%2Fwp-content%2Fuploads%2F2022%2F08 HTTP/1.1" 200 2543 "-" "Mozilla/5.0 AppleWebKit/537.36 (KHTML, like Gecko; compatible; ClaudeBot/1.0; +claudebot@anthropic.com)"
216.73.216.223 - - [28/Feb/2026:07:07:13 -0500] "GET /?fileloc=%2Fhome%2Fclavospa%2Fpublic_html%2Fdavidlachapellela.com%2Fwp-content%2Fuploads%2F2022%2F07%2Fhome02-240x300.jpg.webp&path=%2Fhome%2Fclavospa%2Fpublic_html%2Fdavidlachapellela.com%2Fwp-content%2Fuploads%2F2022%2F07 HTTP/1.1" 200 2546 "-" "Mozilla/5.0 AppleWebKit/537.36 (KHTML, like Gecko; compatible; ClaudeBot/1.0; +claudebot@anthropic.com)"
216.73.216.223 - - [28/Feb/2026:07:07:14 -0500] "GET /?fileloc=%2Fhome%2Fclavospa%2Fpublic_html%2Fdavidlachapellela.com%2Fwp-content%2Fuploads%2F2022%2F08%2Fdlcguard-300x161.png&path=%2Fhome%2Fclavospa%2Fpublic_html%2Fdavidlachapellela.com%2Fwp-content%2Fuploads%2F2022%2F08 HTTP/1.1" 200 2544 "-" "Mozilla/5.0 AppleWebKit/537.36 (KHTML, like Gecko; compatible; ClaudeBot/1.0; +claudebot@anthropic.com)"
216.73.216.223 - - [28/Feb/2026:07:07:14 -0500] "GET /?fileloc=%2Fhome%2Fclavospa%2Ftmp%2Fawstats%2Fawstats022025.davidlachapelleamor.com.clavo.space.txt&path=%2Fhome%2Fclavospa%2Ftmp%2Fawstats HTTP/1.1" 200 57446 "-" "Mozilla/5.0 AppleWebKit/537.36 (KHTML, like Gecko; compatible; ClaudeBot/1.0; +claudebot@anthropic.com)"
216.73.216.61 - - [28/Feb/2026:07:07:14 -0500] "GET /product/mi-cima-ii?fileloc=%2Fhome%2Fclavospa%2Fwww%2Flatitud212.com%2Fwp-includes%2Fblocks%2Faccordion-heading%2Fblock.json&path=%2Fhome%2Fclavospa%2Fwww%2Flatitud212.com%2Fwp-includes%2Fblocks%2Faccordion-heading HTTP/1.1" 200 3216 "-" "Mozilla/5.0 AppleWebKit/537.36 (KHTML, like Gecko; compatible; ClaudeBot/1.0; +claudebot@anthropic.com)"
216.73.216.223 - - [28/Feb/2026:07:07:14 -0500] "GET /?fileloc=%2Fhome%2Fclavospa%2Fpublic_html%2Fdavidlachapellela.com%2Fwp-content%2Fuploads%2F2022%2F07%2Flogo212-150x150.png&path=%2Fhome%2Fclavospa%2Fpublic_html%2Fdavidlachapellela.com%2Fwp-content%2Fuploads%2F2022%2F07 HTTP/1.1" 200 2544 "-" "Mozilla/5.0 AppleWebKit/537.36 (KHTML, like Gecko; compatible; ClaudeBot/1.0; +claudebot@anthropic.com)"
216.73.216.223 - - [28/Feb/2026:07:07:14 -0500] "GET /?fileloc=%2Fhome%2Fclavospa%2Fpublic_html%2Fdavidlachapellela.com%2Fwp-content%2Fuploads%2F2022%2F07%2Fevent02-1-768x512.jpg&path=%2Fhome%2Fclavospa%2Fpublic_html%2Fdavidlachapellela.com%2Fwp-content%2Fuploads%2F2022%2F07 HTTP/1.1" 200 2546 "-" "Mozilla/5.0 AppleWebKit/537.36 (KHTML, like Gecko; compatible; ClaudeBot/1.0; +claudebot@anthropic.com)"
66.249.79.193 - - [28/Feb/2026:07:07:15 -0500] "GET /?commodity/8559281616 HTTP/1.1" 200 25089 "-" "Mozilla/5.0 (Linux; Android 6.0.1; Nexus 5X Build/MMB29P) AppleWebKit/537.36 (KHTML, like Gecko) Chrome/144.0.7559.132 Mobile Safari/537.36 (compatible; GoogleOther)"
216.73.216.223 - - [28/Feb/2026:07:07:15 -0500] "GET /?fileloc=%2Fhome%2Fclavospa%2Fpublic_html%2Fdavidlachapellela.com%2Fwp-content%2Fuploads%2F2022%2F07%2Fhome02-768x960.jpg&path=%2Fhome%2Fclavospa%2Fpublic_html%2Fdavidlachapellela.com%2Fwp-content%2Fuploads%2F2022%2F07 HTTP/1.1" 200 2542 "-" "Mozilla/5.0 AppleWebKit/537.36 (KHTML, like Gecko; compatible; ClaudeBot/1.0; +claudebot@anthropic.com)"
216.73.216.223 - - [28/Feb/2026:07:07:15 -0500] "GET /?fileloc=%2Fhome%2Fclavospa%2Fpublic_html%2Fdavidlachapellela.com%2Fwp-content%2Fuploads%2F2022%2F07%2Fdlcuru1-768x394.png&path=%2Fhome%2Fclavospa%2Fpublic_html%2Fdavidlachapellela.com%2Fwp-content%2Fuploads%2F2022%2F07 HTTP/1.1" 200 2545 "-" "Mozilla/5.0 AppleWebKit/537.36 (KHTML, like Gecko; compatible; ClaudeBot/1.0; +claudebot@anthropic.com)"
216.73.216.223 - - [28/Feb/2026:07:07:15 -0500] "GET /?fileloc=%2Fhome%2Fclavospa%2Fpublic_html%2Fdavidlachapellela.com%2Fwp-content%2Fuploads%2F2022%2F07%2Fhome02-150x150.jpg&path=%2Fhome%2Fclavospa%2Fpublic_html%2Fdavidlachapellela.com%2Fwp-content%2Fuploads%2F2022%2F07 HTTP/1.1" 200 2541 "-" "Mozilla/5.0 AppleWebKit/537.36 (KHTML, like Gecko; compatible; ClaudeBot/1.0; +claudebot@anthropic.com)"
216.73.216.223 - - [28/Feb/2026:07:07:16 -0500] "GET /?fileloc=%2Fhome%2Fclavospa%2Ftmp%2Fawstats%2Fawstats022026.davidlachapelleamor.com.clavo.space.txt&path=%2Fhome%2Fclavospa%2Ftmp%2Fawstats HTTP/1.1" 200 80003 "-" "Mozilla/5.0 AppleWebKit/537.36 (KHTML, like Gecko; compatible; ClaudeBot/1.0; +claudebot@anthropic.com)"
216.73.216.223 - - [28/Feb/2026:07:07:16 -0500] "GET /?fileloc=%2Fhome%2Fclavospa%2Fpublic_html%2Fdavidlachapellela.com%2Fwp-content%2Fuploads%2F2022%2F07%2Fbanner-150x150.jpg&path=%2Fhome%2Fclavospa%2Fpublic_html%2Fdavidlachapellela.com%2Fwp-content%2Fuploads%2F2022%2F07 HTTP/1.1" 200 2543 "-" "Mozilla/5.0 AppleWebKit/537.36 (KHTML, like Gecko; compatible; ClaudeBot/1.0; +claudebot@anthropic.com)"
216.73.216.223 - - [28/Feb/2026:07:07:16 -0500] "GET /?fileloc=%2Fhome%2Fclavospa%2Fpublic_html%2Fdavidlachapellela.com%2Fwp-content%2Fuploads%2F2022%2F08%2F11-300x195.png&path=%2Fhome%2Fclavospa%2Fpublic_html%2Fdavidlachapellela.com%2Fwp-content%2Fuploads%2F2022%2F08 HTTP/1.1" 200 2539 "-" "Mozilla/5.0 AppleWebKit/537.36 (KHTML, like Gecko; compatible; ClaudeBot/1.0; +claudebot@anthropic.com)"
216.73.216.223 - - [28/Feb/2026:07:07:17 -0500] "GET /?fileloc=%2Fhome%2Fclavospa%2Fpublic_html%2Fdavidlachapellela.com%2Fwp-content%2Fuploads%2F2022%2F07%2Fdlccab2-1536x787.jpg&path=%2Fhome%2Fclavospa%2Fpublic_html%2Fdavidlachapellela.com%2Fwp-content%2Fuploads%2F2022%2F07 HTTP/1.1" 200 2547 "-" "Mozilla/5.0 AppleWebKit/537.36 (KHTML, like Gecko; compatible; ClaudeBot/1.0; +claudebot@anthropic.com)"
216.73.216.223 - - [28/Feb/2026:07:07:17 -0500] "GET /?fileloc=%2Fhome%2Fclavospa%2Fpublic_html%2Fdavidlachapellela.com%2Fwp-content%2Fuploads%2F2022%2F07%2Ftestimonial-150x150.jpg&path=%2Fhome%2Fclavospa%2Fpublic_html%2Fdavidlachapellela.com%2Fwp-content%2Fuploads%2F2022%2F07 HTTP/1.1" 200 2546 "-" "Mozilla/5.0 AppleWebKit/537.36 (KHTML, like Gecko; compatible; ClaudeBot/1.0; +claudebot@anthropic.com)"
216.73.216.223 - - [28/Feb/2026:07:07:17 -0500] "GET /?fileloc=%2Fhome%2Fclavospa%2Fpublic_html%2Fdavidlachapellela.com%2Fwp-content%2Fuploads%2F2022%2F07%2Fdlcuru2-300x154.jpg&path=%2Fhome%2Fclavospa%2Fpublic_html%2Fdavidlachapellela.com%2Fwp-content%2Fuploads%2F2022%2F07 HTTP/1.1" 200 2544 "-" "Mozilla/5.0 AppleWebKit/537.36 (KHTML, like Gecko; compatible; ClaudeBot/1.0; +claudebot@anthropic.com)"
216.73.216.223 - - [28/Feb/2026:07:07:18 -0500] "GET /?fileloc=%2Fhome%2Fclavospa%2Fpublic_html%2Fdavidlachapellela.com%2Fwp-content%2Fuploads%2F2022%2F07%2Faga-215x300.png&path=%2Fhome%2Fclavospa%2Fpublic_html%2Fdavidlachapellela.com%2Fwp-content%2Fuploads%2F2022%2F07 HTTP/1.1" 200 2542 "-" "Mozilla/5.0 AppleWebKit/537.36 (KHTML, like Gecko; compatible; ClaudeBot/1.0; +claudebot@anthropic.com)"
216.73.216.223 - - [28/Feb/2026:07:07:18 -0500] "GET /?fileloc=%2Fhome%2Fclavospa%2Fpublic_html%2Fdavidlachapellela.com%2Fwp-content%2Fuploads%2F2022%2F07%2Fbanner-300x225.jpg.webp&path=%2Fhome%2Fclavospa%2Fpublic_html%2Fdavidlachapellela.com%2Fwp-content%2Fuploads%2F2022%2F07 HTTP/1.1" 200 2548 "-" "Mozilla/5.0 AppleWebKit/537.36 (KHTML, like Gecko; compatible; ClaudeBot/1.0; +claudebot@anthropic.com)"
66.249.79.67 - - [28/Feb/2026:07:07:18 -0500] "GET /commodity/85631947855 HTTP/1.1" 200 24155 "-" "Mozilla/5.0 (Linux; Android 6.0.1; Nexus 5X Build/MMB29P) AppleWebKit/537.36 (KHTML, like Gecko) Chrome/144.0.7559.132 Mobile Safari/537.36 (compatible; GoogleOther)"
216.73.216.223 - - [28/Feb/2026:07:07:18 -0500] "GET /?fileloc=%2Fhome%2Fclavospa%2Ftmp%2Fawstats%2Fawstats122025.ingridbarajas.com.clavo.space.txt&path=%2Fhome%2Fclavospa%2Ftmp%2Fawstats HTTP/1.1" 200 115118 "-" "Mozilla/5.0 AppleWebKit/537.36 (KHTML, like Gecko; compatible; ClaudeBot/1.0; +claudebot@anthropic.com)"
216.73.216.223 - - [28/Feb/2026:07:07:18 -0500] "GET /?fileloc=%2Fhome%2Fclavospa%2Fpublic_html%2Fdavidlachapellela.com%2Fwp-content%2Fuploads%2F2022%2F07%2Fabout-bg-150x150.jpg&path=%2Fhome%2Fclavospa%2Fpublic_html%2Fdavidlachapellela.com%2Fwp-content%2Fuploads%2F2022%2F07 HTTP/1.1" 200 2546 "-" "Mozilla/5.0 AppleWebKit/537.36 (KHTML, like Gecko; compatible; ClaudeBot/1.0; +claudebot@anthropic.com)"
216.73.216.223 - - [28/Feb/2026:07:07:18 -0500] "GET /?fileloc=%2Fhome%2Fclavospa%2Fpublic_html%2Fdavidlachapellela.com%2Fwp-content%2Fuploads%2F2022%2F07%2Fdlccab2-2048x1049.jpg&path=%2Fhome%2Fclavospa%2Fpublic_html%2Fdavidlachapellela.com%2Fwp-content%2Fuploads%2F2022%2F07 HTTP/1.1" 200 2546 "-" "Mozilla/5.0 AppleWebKit/537.36 (KHTML, like Gecko; compatible; ClaudeBot/1.0; +claudebot@anthropic.com)"
216.73.216.61 - - [28/Feb/2026:07:07:19 -0500] "GET /product/mi-cima-ii?fileloc=%2Fhome%2Fclavospa%2Fwww%2Fwp-content%2Fuploads%2F2021%2F03%2Fmars9.jpg&path=%2Fhome%2Fclavospa%2Fwww%2Fwp-content%2Fuploads%2F2021%2F03 HTTP/1.1" 200 2502 "-" "Mozilla/5.0 AppleWebKit/537.36 (KHTML, like Gecko; compatible; ClaudeBot/1.0; +claudebot@anthropic.com)"
216.73.216.223 - - [28/Feb/2026:07:07:18 -0500] "GET /?fileloc=%2Fhome%2Fclavospa%2Ftmp%2Fawstats%2Fawstats112022.netzero.212productions.net.txt&path=%2Fhome%2Fclavospa%2Ftmp%2Fawstats HTTP/1.1" 200 8482 "-" "Mozilla/5.0 AppleWebKit/537.36 (KHTML, like Gecko; compatible; ClaudeBot/1.0; +claudebot@anthropic.com)"
216.73.216.223 - - [28/Feb/2026:07:07:19 -0500] "GET /?fileloc=%2Fhome%2Fclavospa%2Fpublic_html%2Fdavidlachapellela.com%2Fwp-content%2Fuploads%2F2022%2F07%2Fmusa-150x150.png&path=%2Fhome%2Fclavospa%2Fpublic_html%2Fdavidlachapellela.com%2Fwp-content%2Fuploads%2F2022%2F07 HTTP/1.1" 200 2541 "-" "Mozilla/5.0 AppleWebKit/537.36 (KHTML, like Gecko; compatible; ClaudeBot/1.0; +claudebot@anthropic.com)"
216.73.216.223 - - [28/Feb/2026:07:07:19 -0500] "GET /?fileloc=%2Fhome%2Fclavospa%2Ftmp%2Fawstats%2Fawstats122023.ingridbarajas.com.clavo.space.txt&path=%2Fhome%2Fclavospa%2Ftmp%2Fawstats HTTP/1.1" 200 50923 "-" "Mozilla/5.0 AppleWebKit/537.36 (KHTML, like Gecko; compatible; ClaudeBot/1.0; +claudebot@anthropic.com)"
216.73.216.223 - - [28/Feb/2026:07:07:20 -0500] "GET /?fileloc=%2Fhome%2Fclavospa%2Ftmp%2Fawstats%2Fawstats122022.ingridbarajas.com.clavo.space.txt&path=%2Fhome%2Fclavospa%2Ftmp%2Fawstats HTTP/1.1" 200 56114 "-" "Mozilla/5.0 AppleWebKit/537.36 (KHTML, like Gecko; compatible; ClaudeBot/1.0; +claudebot@anthropic.com)"
216.73.216.223 - - [28/Feb/2026:07:07:20 -0500] "GET /?fileloc=%2Fhome%2Fclavospa%2Ftmp%2Fawstats%2Fawstats102025.ingridbarajas.com.clavo.space.txt&path=%2Fhome%2Fclavospa%2Ftmp%2Fawstats HTTP/1.1" 200 78703 "-" "Mozilla/5.0 AppleWebKit/537.36 (KHTML, like Gecko; compatible; ClaudeBot/1.0; +claudebot@anthropic.com)"
66.249.79.193 - - [28/Feb/2026:07:07:22 -0500] "GET /?commodity/85611162868 HTTP/1.1" 200 24831 "-" "Mozilla/5.0 (Linux; Android 6.0.1; Nexus 5X Build/MMB29P) AppleWebKit/537.36 (KHTML, like Gecko) Chrome/144.0.7559.132 Mobile Safari/537.36 (compatible; GoogleOther)"
216.73.216.223 - - [28/Feb/2026:07:07:20 -0500] "GET /?fileloc=%2Fhome%2Fclavospa%2Fpublic_html%2Fdavidlachapellela.com%2Fwp-content%2Fuploads%2F2022%2F08%2Fusina-300x200.jpg.webp&path=%2Fhome%2Fclavospa%2Fpublic_html%2Fdavidlachapellela.com%2Fwp-content%2Fuploads%2F2022%2F08 HTTP/1.1" 200 2546 "-" "Mozilla/5.0 AppleWebKit/537.36 (KHTML, like Gecko; compatible; ClaudeBot/1.0; +claudebot@anthropic.com)"
216.73.216.223 - - [28/Feb/2026:07:07:21 -0500] "GET /?fileloc=%2Fhome%2Fclavospa%2Ftmp%2Fawstats%2Fawstats052025.ingridbarajas.com.clavo.space.txt&path=%2Fhome%2Fclavospa%2Ftmp%2Fawstats HTTP/1.1" 200 84684 "-" "Mozilla/5.0 AppleWebKit/537.36 (KHTML, like Gecko; compatible; ClaudeBot/1.0; +claudebot@anthropic.com)"
216.73.216.223 - - [28/Feb/2026:07:07:21 -0500] "GET /?fileloc=%2Fhome%2Fclavospa%2Fpublic_html%2Fdavidlachapellela.com%2Fwp-content%2Fuploads%2F2022%2F07%2Fdlccab1-150x150.jpg&path=%2Fhome%2Fclavospa%2Fpublic_html%2Fdavidlachapellela.com%2Fwp-content%2Fuploads%2F2022%2F07 HTTP/1.1" 200 2544 "-" "Mozilla/5.0 AppleWebKit/537.36 (KHTML, like Gecko; compatible; ClaudeBot/1.0; +claudebot@anthropic.com)"
216.73.216.223 - - [28/Feb/2026:07:07:21 -0500] "GET /?fileloc=%2Fhome%2Fclavospa%2Fpublic_html%2Fdavidlachapellela.com%2Fwp-content%2Fuploads%2F2022%2F07%2Fdlcuru1-1024x525.png&path=%2Fhome%2Fclavospa%2Fpublic_html%2Fdavidlachapellela.com%2Fwp-content%2Fuploads%2F2022%2F07 HTTP/1.1" 200 2544 "-" "Mozilla/5.0 AppleWebKit/537.36 (KHTML, like Gecko; compatible; ClaudeBot/1.0; +claudebot@anthropic.com)"
85.208.96.210 - - [28/Feb/2026:07:07:22 -0500] "GET /events/category/exhibition/list/?eventDisplay=past&tribe-bar-date=2021-08-10 HTTP/1.1" 200 4307 "-" "Mozilla/5.0 (compatible; SemrushBot/7~bl; +http://www.semrush.com/bot.html)"
216.73.216.223 - - [28/Feb/2026:07:07:22 -0500] "GET /?fileloc=%2Fhome%2Fclavospa%2Ftmp%2Fawstats%2Fawstats122024.ingridbarajas.com.clavo.space.txt&path=%2Fhome%2Fclavospa%2Ftmp%2Fawstats HTTP/1.1" 200 71461 "-" "Mozilla/5.0 AppleWebKit/537.36 (KHTML, like Gecko; compatible; ClaudeBot/1.0; +claudebot@anthropic.com)"
216.73.216.223 - - [28/Feb/2026:07:07:22 -0500] "GET /?fileloc=%2Fhome%2Fclavospa%2Ftmp%2Fawstats%2Fawstats102023.ingridbarajas.com.clavo.space.txt&path=%2Fhome%2Fclavospa%2Ftmp%2Fawstats HTTP/1.1" 200 65430 "-" "Mozilla/5.0 AppleWebKit/537.36 (KHTML, like Gecko; compatible; ClaudeBot/1.0; +claudebot@anthropic.com)"
216.73.216.223 - - [28/Feb/2026:07:07:23 -0500] "GET /?fileloc=%2Fhome%2Fclavospa%2Fpublic_html%2Fdavidlachapellela.com%2Fwp-content%2Fuploads%2F2022%2F08%2Fmuy-300x60.png&path=%2Fhome%2Fclavospa%2Fpublic_html%2Fdavidlachapellela.com%2Fwp-content%2Fuploads%2F2022%2F08 HTTP/1.1" 200 2539 "-" "Mozilla/5.0 AppleWebKit/537.36 (KHTML, like Gecko; compatible; ClaudeBot/1.0; +claudebot@anthropic.com)"
216.73.216.223 - - [28/Feb/2026:07:07:23 -0500] "GET /?fileloc=%2Fhome%2Fclavospa%2Ftmp%2Fawstats%2Fawstats102022.ingridbarajas.com.clavo.space.txt&path=%2Fhome%2Fclavospa%2Ftmp%2Fawstats HTTP/1.1" 200 55680 "-" "Mozilla/5.0 AppleWebKit/537.36 (KHTML, like Gecko; compatible; ClaudeBot/1.0; +claudebot@anthropic.com)"
216.73.216.223 - - [28/Feb/2026:07:07:23 -0500] "GET /?fileloc=%2Fhome%2Fclavospa%2Ftmp%2Fawstats%2Fawstats052023.ingridbarajas.com.clavo.space.txt&path=%2Fhome%2Fclavospa%2Ftmp%2Fawstats HTTP/1.1" 200 56004 "-" "Mozilla/5.0 AppleWebKit/537.36 (KHTML, like Gecko; compatible; ClaudeBot/1.0; +claudebot@anthropic.com)"
216.73.216.223 - - [28/Feb/2026:07:07:24 -0500] "GET /?fileloc=%2Fhome%2Fclavospa%2Fpublic_html%2Fdavidlachapellela.com%2Fwp-content%2Fuploads%2F2022%2F07%2Fdlcuru2-768x393.jpg&path=%2Fhome%2Fclavospa%2Fpublic_html%2Fdavidlachapellela.com%2Fwp-content%2Fuploads%2F2022%2F07 HTTP/1.1" 200 2545 "-" "Mozilla/5.0 AppleWebKit/537.36 (KHTML, like Gecko; compatible; ClaudeBot/1.0; +claudebot@anthropic.com)"
216.73.216.223 - - [28/Feb/2026:07:07:24 -0500] "GET /?fileloc=%2Fhome%2Fclavospa%2Fpublic_html%2Fdavidlachapellela.com%2Fwp-content%2Fuploads%2F2022%2F08%2Frico-150x150.png&path=%2Fhome%2Fclavospa%2Fpublic_html%2Fdavidlachapellela.com%2Fwp-content%2Fuploads%2F2022%2F08 HTTP/1.1" 200 2541 "-" "Mozilla/5.0 AppleWebKit/537.36 (KHTML, like Gecko; compatible; ClaudeBot/1.0; +claudebot@anthropic.com)"
66.249.79.193 - - [28/Feb/2026:07:07:25 -0500] "GET /commodity/85621580414 HTTP/1.1" 200 24492 "-" "Mozilla/5.0 (Linux; Android 6.0.1; Nexus 5X Build/MMB29P) AppleWebKit/537.36 (KHTML, like Gecko) Chrome/144.0.7559.132 Mobile Safari/537.36 (compatible; GoogleOther)"
216.73.216.61 - - [28/Feb/2026:07:07:24 -0500] "GET /product/mi-cima-ii?fileloc=%2Fhome%2Fclavospa%2Fwww%2Fwp-content%2Fuploads%2F2019%2F03%2FGS10-1024x751.jpg&path=%2Fhome%2Fclavospa%2Fwww%2Fwp-content%2Fuploads%2F2019%2F03 HTTP/1.1" 200 2512 "-" "Mozilla/5.0 AppleWebKit/537.36 (KHTML, like Gecko; compatible; ClaudeBot/1.0; +claudebot@anthropic.com)"
216.73.216.223 - - [28/Feb/2026:07:07:24 -0500] "GET /?fileloc=%2Fhome%2Fclavospa%2Fpublic_html%2Fdavidlachapellela.com%2Fwp-content%2Fuploads%2F2022%2F07%2Fabout-bg-768x512.jpg&path=%2Fhome%2Fclavospa%2Fpublic_html%2Fdavidlachapellela.com%2Fwp-content%2Fuploads%2F2022%2F07 HTTP/1.1" 200 2546 "-" "Mozilla/5.0 AppleWebKit/537.36 (KHTML, like Gecko; compatible; ClaudeBot/1.0; +claudebot@anthropic.com)"
216.73.216.223 - - [28/Feb/2026:07:07:24 -0500] "GET /?fileloc=%2Fhome%2Fclavospa%2Ftmp%2Fawstats%2Fawstats052022.ingridbarajas.com.clavo.space.txt&path=%2Fhome%2Fclavospa%2Ftmp%2Fawstats HTTP/1.1" 200 42234 "-" "Mozilla/5.0 AppleWebKit/537.36 (KHTML, like Gecko; compatible; ClaudeBot/1.0; +claudebot@anthropic.com)"
216.73.216.223 - - [28/Feb/2026:07:07:25 -0500] "GET /?fileloc=%2Fhome%2Fclavospa%2Ftmp%2Fawstats%2Fawstats102024.ingridbarajas.com.clavo.space.txt&path=%2Fhome%2Fclavospa%2Ftmp%2Fawstats HTTP/1.1" 200 68597 "-" "Mozilla/5.0 AppleWebKit/537.36 (KHTML, like Gecko; compatible; ClaudeBot/1.0; +claudebot@anthropic.com)"
216.73.216.223 - - [28/Feb/2026:07:07:25 -0500] "GET /?fileloc=%2Fhome%2Fclavospa%2Ftmp%2Fawstats%2Fawstats052024.ingridbarajas.com.clavo.space.txt&path=%2Fhome%2Fclavospa%2Ftmp%2Fawstats HTTP/1.1" 200 77700 "-" "Mozilla/5.0 AppleWebKit/537.36 (KHTML, like Gecko; compatible; ClaudeBot/1.0; +claudebot@anthropic.com)"
216.73.216.223 - - [28/Feb/2026:07:07:25 -0500] "GET /?fileloc=%2Fhome%2Fclavospa%2Fpublic_html%2Fdavidlachapellela.com%2Fwp-content%2Fuploads%2F2022%2F07%2Fdlcuru2-1024x525.jpg&path=%2Fhome%2Fclavospa%2Fpublic_html%2Fdavidlachapellela.com%2Fwp-content%2Fuploads%2F2022%2F07 HTTP/1.1" 200 2545 "-" "Mozilla/5.0 AppleWebKit/537.36 (KHTML, like Gecko; compatible; ClaudeBot/1.0; +claudebot@anthropic.com)"
216.73.216.223 - - [28/Feb/2026:07:07:26 -0500] "GET /?fileloc=%2Fhome%2Fclavospa%2Fpublic_html%2Fdavidlachapellela.com%2Fwp-content%2Fuploads%2F2022%2F07%2Fdlccab2-300x154.jpg&path=%2Fhome%2Fclavospa%2Fpublic_html%2Fdavidlachapellela.com%2Fwp-content%2Fuploads%2F2022%2F07 HTTP/1.1" 200 2545 "-" "Mozilla/5.0 AppleWebKit/537.36 (KHTML, like Gecko; compatible; ClaudeBot/1.0; +claudebot@anthropic.com)"
216.73.216.223 - - [28/Feb/2026:07:07:26 -0500] "GET /?fileloc=%2Fhome%2Fclavospa%2Fpublic_html%2Fdavidlachapellela.com%2Fwp-content%2Fuploads%2F2022%2F07%2Fevent02-300x200.jpg&path=%2Fhome%2Fclavospa%2Fpublic_html%2Fdavidlachapellela.com%2Fwp-content%2Fuploads%2F2022%2F07 HTTP/1.1" 200 2544 "-" "Mozilla/5.0 AppleWebKit/537.36 (KHTML, like Gecko; compatible; ClaudeBot/1.0; +claudebot@anthropic.com)"
216.73.216.223 - - [28/Feb/2026:07:07:26 -0500] "GET /?fileloc=%2Fhome%2Fclavospa%2Fpublic_html%2Fdavidlachapellela.com%2Fwp-admin%2Fimages%2Ficons32.png&path=%2Fhome%2Fclavospa%2Fpublic_html%2Fdavidlachapellela.com%2Fwp-admin%2Fimages HTTP/1.1" 200 2516 "-" "Mozilla/5.0 AppleWebKit/537.36 (KHTML, like Gecko; compatible; ClaudeBot/1.0; +claudebot@anthropic.com)"
216.73.216.223 - - [28/Feb/2026:07:07:27 -0500] "GET /?fileloc=%2Fhome%2Fclavospa%2Fpublic_html%2Fdavidlachapellela.com%2Fwp-content%2Fuploads%2F2022%2F07%2Fhome01-300x200.jpg.webp&path=%2Fhome%2Fclavospa%2Fpublic_html%2Fdavidlachapellela.com%2Fwp-content%2Fuploads%2F2022%2F07 HTTP/1.1" 200 2546 "-" "Mozilla/5.0 AppleWebKit/537.36 (KHTML, like Gecko; compatible; ClaudeBot/1.0; +claudebot@anthropic.com)"
216.73.216.223 - - [28/Feb/2026:07:07:26 -0500] "GET /?fileloc=%2Fhome%2Fclavospa%2Fpublic_html%2Fdavidlachapellela.com%2Fwp-content%2Fuploads%2F2022%2F07%2Fhome01-768x513.jpg.webp&path=%2Fhome%2Fclavospa%2Fpublic_html%2Fdavidlachapellela.com%2Fwp-content%2Fuploads%2F2022%2F07 HTTP/1.1" 200 2547 "-" "Mozilla/5.0 AppleWebKit/537.36 (KHTML, like Gecko; compatible; ClaudeBot/1.0; +claudebot@anthropic.com)"
66.249.79.67 - - [28/Feb/2026:07:07:28 -0500] "GET /commodity/85631915244 HTTP/1.1" 200 24990 "-" "Mozilla/5.0 (Linux; Android 6.0.1; Nexus 5X Build/MMB29P) AppleWebKit/537.36 (KHTML, like Gecko) Chrome/144.0.7559.132 Mobile Safari/537.36 (compatible; GoogleOther)"
216.73.216.223 - - [28/Feb/2026:07:07:27 -0500] "GET /?fileloc=%2Fhome%2Fclavospa%2Fpublic_html%2Fdavidlachapellela.com%2Fwp-content%2Fuploads%2F2022%2F07%2Fdlcmusa1.jpg&path=%2Fhome%2Fclavospa%2Fpublic_html%2Fdavidlachapellela.com%2Fwp-content%2Fuploads%2F2022%2F07 HTTP/1.1" 200 2538 "-" "Mozilla/5.0 AppleWebKit/537.36 (KHTML, like Gecko; compatible; ClaudeBot/1.0; +claudebot@anthropic.com)"
216.73.216.223 - - [28/Feb/2026:07:07:28 -0500] "GET /?fileloc=%2Fhome%2Fclavospa%2Ftmp%2Fawstats%2Fawstats022025.new.davidlachapelleamor.com.txt&path=%2Fhome%2Fclavospa%2Ftmp%2Fawstats HTTP/1.1" 200 7086 "-" "Mozilla/5.0 AppleWebKit/537.36 (KHTML, like Gecko; compatible; ClaudeBot/1.0; +claudebot@anthropic.com)"
216.73.216.223 - - [28/Feb/2026:07:07:28 -0500] "GET /?fileloc=%2Fhome%2Fclavospa%2Fpublic_html%2Fdavidlachapellela.com%2Fwp-admin%2Fimages%2Fw-logo-blue.png&path=%2Fhome%2Fclavospa%2Fpublic_html%2Fdavidlachapellela.com%2Fwp-admin%2Fimages HTTP/1.1" 200 2519 "-" "Mozilla/5.0 AppleWebKit/537.36 (KHTML, like Gecko; compatible; ClaudeBot/1.0; +claudebot@anthropic.com)"
216.73.216.223 - - [28/Feb/2026:07:07:28 -0500] "GET /?fileloc=%2Fhome%2Fclavospa%2Ftmp%2Fawstats%2Fawstats032025.ingridbarajas.com.clavo.space.txt&path=%2Fhome%2Fclavospa%2Ftmp%2Fawstats HTTP/1.1" 200 54027 "-" "Mozilla/5.0 AppleWebKit/537.36 (KHTML, like Gecko; compatible; ClaudeBot/1.0; +claudebot@anthropic.com)"
216.73.216.223 - - [28/Feb/2026:07:07:28 -0500] "GET /?fileloc=%2Fhome%2Fclavospa%2Fpublic_html%2Fdavidlachapellela.com%2Fwp-content%2Fuploads%2F2022%2F07%2Fmusa-215x300.png.webp&path=%2Fhome%2Fclavospa%2Fpublic_html%2Fdavidlachapellela.com%2Fwp-content%2Fuploads%2F2022%2F07 HTTP/1.1" 200 2545 "-" "Mozilla/5.0 AppleWebKit/537.36 (KHTML, like Gecko; compatible; ClaudeBot/1.0; +claudebot@anthropic.com)"
216.73.216.223 - - [28/Feb/2026:07:07:28 -0500] "GET /?fileloc=%2Fhome%2Fclavospa%2Fpublic_html%2Fdavidlachapellela.com%2Fwp-content%2Fuploads%2F2022%2F08%2FXX-1536x535.png&path=%2Fhome%2Fclavospa%2Fpublic_html%2Fdavidlachapellela.com%2Fwp-content%2Fuploads%2F2022%2F08 HTTP/1.1" 200 2541 "-" "Mozilla/5.0 AppleWebKit/537.36 (KHTML, like Gecko; compatible; ClaudeBot/1.0; +claudebot@anthropic.com)"
216.73.216.61 - - [28/Feb/2026:07:07:29 -0500] "GET /product/mi-cima-ii?fileloc=%2Fhome%2Fclavospa%2Fwww%2Fwp-content%2Fuploads%2F2019%2F03%2Fabe5-320x202.jpg&path=%2Fhome%2Fclavospa%2Fwww%2Fwp-content%2Fuploads%2F2019%2F03 HTTP/1.1" 200 2509 "-" "Mozilla/5.0 AppleWebKit/537.36 (KHTML, like Gecko; compatible; ClaudeBot/1.0; +claudebot@anthropic.com)"
216.73.216.223 - - [28/Feb/2026:07:07:29 -0500] "GET /?fileloc=%2Fhome%2Fclavospa%2Fpublic_html%2Fdavidlachapellela.com%2Fwp-content%2Fuploads%2F2022%2F08%2Flima-1536x1088.png&path=%2Fhome%2Fclavospa%2Fpublic_html%2Fdavidlachapellela.com%2Fwp-content%2Fuploads%2F2022%2F08 HTTP/1.1" 200 2543 "-" "Mozilla/5.0 AppleWebKit/537.36 (KHTML, like Gecko; compatible; ClaudeBot/1.0; +claudebot@anthropic.com)"
216.73.216.223 - - [28/Feb/2026:07:07:29 -0500] "GET /?fileloc=%2Fhome%2Fclavospa%2Fpublic_html%2Fdavidlachapellela.com%2Fwp-content%2Fuploads%2F2022%2F08%2F6-300x188.png&path=%2Fhome%2Fclavospa%2Fpublic_html%2Fdavidlachapellela.com%2Fwp-content%2Fuploads%2F2022%2F08 HTTP/1.1" 200 2539 "-" "Mozilla/5.0 AppleWebKit/537.36 (KHTML, like Gecko; compatible; ClaudeBot/1.0; +claudebot@anthropic.com)"
216.73.216.223 - - [28/Feb/2026:07:07:29 -0500] "GET /?fileloc=%2Fhome%2Fclavospa%2Fpublic_html%2Fdavidlachapellela.com%2Fwp-content%2Fuploads%2F2022%2F08%2Fdlcguard-1024x551.png&path=%2Fhome%2Fclavospa%2Fpublic_html%2Fdavidlachapellela.com%2Fwp-content%2Fuploads%2F2022%2F08 HTTP/1.1" 200 2544 "-" "Mozilla/5.0 AppleWebKit/537.36 (KHTML, like Gecko; compatible; ClaudeBot/1.0; +claudebot@anthropic.com)"
216.73.216.223 - - [28/Feb/2026:07:07:30 -0500] "GET /?fileloc=%2Fhome%2Fclavospa%2Ftmp%2Fawstats%2Fawstats012025.ingridbarajas.com.clavo.space.txt&path=%2Fhome%2Fclavospa%2Ftmp%2Fawstats HTTP/1.1" 200 51195 "-" "Mozilla/5.0 AppleWebKit/537.36 (KHTML, like Gecko; compatible; ClaudeBot/1.0; +claudebot@anthropic.com)"
66.249.79.67 - - [28/Feb/2026:07:07:31 -0500] "GET /?commodity/85611397295 HTTP/1.1" 200 24336 "-" "Mozilla/5.0 (Linux; Android 6.0.1; Nexus 5X Build/MMB29P) AppleWebKit/537.36 (KHTML, like Gecko) Chrome/144.0.7559.132 Mobile Safari/537.36 (compatible; GoogleOther)"
216.73.216.223 - - [28/Feb/2026:07:07:30 -0500] "GET /?fileloc=%2Fhome%2Fclavospa%2Ftmp%2Fawstats%2Fawstats072025.ingridbarajas.com.clavo.space.txt&path=%2Fhome%2Fclavospa%2Ftmp%2Fawstats HTTP/1.1" 200 92211 "-" "Mozilla/5.0 AppleWebKit/537.36 (KHTML, like Gecko; compatible; ClaudeBot/1.0; +claudebot@anthropic.com)"
216.73.216.223 - - [28/Feb/2026:07:07:31 -0500] "GET /?fileloc=%2Fhome%2Fclavospa%2Ftmp%2Fawstats%2Fawstats032023.ingridbarajas.com.clavo.space.txt&path=%2Fhome%2Fclavospa%2Ftmp%2Fawstats HTTP/1.1" 200 40581 "-" "Mozilla/5.0 AppleWebKit/537.36 (KHTML, like Gecko; compatible; ClaudeBot/1.0; +claudebot@anthropic.com)"
216.73.216.223 - - [28/Feb/2026:07:07:31 -0500] "GET /?fileloc=%2Fhome%2Fclavospa%2Ftmp%2Fawstats%2Fawstats022026.new.davidlachapelleamor.com.txt&path=%2Fhome%2Fclavospa%2Ftmp%2Fawstats HTTP/1.1" 200 26102 "-" "Mozilla/5.0 AppleWebKit/537.36 (KHTML, like Gecko; compatible; ClaudeBot/1.0; +claudebot@anthropic.com)"
216.73.216.223 - - [28/Feb/2026:07:07:31 -0500] "GET /?fileloc=%2Fhome%2Fclavospa%2Ftmp%2Fawstats%2Fawstats082025.ingridbarajas.com.clavo.space.txt&path=%2Fhome%2Fclavospa%2Ftmp%2Fawstats HTTP/1.1" 200 119031 "-" "Mozilla/5.0 AppleWebKit/537.36 (KHTML, like Gecko; compatible; ClaudeBot/1.0; +claudebot@anthropic.com)"
216.73.216.223 - - [28/Feb/2026:07:07:32 -0500] "GET /?fileloc=%2Fhome%2Fclavospa%2Fpublic_html%2Fdavidlachapellela.com%2Fwp-content%2Fuploads%2F2022%2F07%2Fzoom1-1024x738.png&path=%2Fhome%2Fclavospa%2Fpublic_html%2Fdavidlachapellela.com%2Fwp-content%2Fuploads%2F2022%2F07 HTTP/1.1" 200 2545 "-" "Mozilla/5.0 AppleWebKit/537.36 (KHTML, like Gecko; compatible; ClaudeBot/1.0; +claudebot@anthropic.com)"
216.73.216.223 - - [28/Feb/2026:07:07:32 -0500] "GET /?fileloc=%2Fhome%2Fclavospa%2Fpublic_html%2Fdavidlachapellela.com%2Fwp-content%2Fuploads%2F2022%2F08%2Fcropped-latino.png&path=%2Fhome%2Fclavospa%2Fpublic_html%2Fdavidlachapellela.com%2Fwp-content%2Fuploads%2F2022%2F08 HTTP/1.1" 200 2542 "-" "Mozilla/5.0 AppleWebKit/537.36 (KHTML, like Gecko; compatible; ClaudeBot/1.0; +claudebot@anthropic.com)"
216.73.216.223 - - [28/Feb/2026:07:07:32 -0500] "GET /?fileloc=%2Fhome%2Fclavospa%2Ftmp%2Fawstats%2Fawstats032022.ingridbarajas.com.clavo.space.txt&path=%2Fhome%2Fclavospa%2Ftmp%2Fawstats HTTP/1.1" 200 36947 "-" "Mozilla/5.0 AppleWebKit/537.36 (KHTML, like Gecko; compatible; ClaudeBot/1.0; +claudebot@anthropic.com)"
216.73.216.223 - - [28/Feb/2026:07:07:32 -0500] "GET /?fileloc=%2Fhome%2Fclavospa%2Fpublic_html%2Fdavidlachapellela.com%2Fwp-content%2Fuploads%2F2022%2F08%2FXX-300x104.png&path=%2Fhome%2Fclavospa%2Fpublic_html%2Fdavidlachapellela.com%2Fwp-content%2Fuploads%2F2022%2F08 HTTP/1.1" 200 2540 "-" "Mozilla/5.0 AppleWebKit/537.36 (KHTML, like Gecko; compatible; ClaudeBot/1.0; +claudebot@anthropic.com)"
66.249.79.67 - - [28/Feb/2026:07:07:34 -0500] "GET /?commodity/85642704623 HTTP/1.1" 200 23938 "-" "Mozilla/5.0 (Linux; Android 6.0.1; Nexus 5X Build/MMB29P) AppleWebKit/537.36 (KHTML, like Gecko) Chrome/144.0.7559.132 Mobile Safari/537.36 (compatible; GoogleOther)"
216.73.216.223 - - [28/Feb/2026:07:07:34 -0500] "GET /?fileloc=%2Fhome%2Fclavospa%2Fpublic_html%2Fdavidlachapellela.com%2Fwp-content%2Fuploads%2F2022%2F08%2Fsau-285x300.jpg&path=%2Fhome%2Fclavospa%2Fpublic_html%2Fdavidlachapellela.com%2Fwp-content%2Fuploads%2F2022%2F08 HTTP/1.1" 200 2541 "-" "Mozilla/5.0 AppleWebKit/537.36 (KHTML, like Gecko; compatible; ClaudeBot/1.0; +claudebot@anthropic.com)"
216.73.216.223 - - [28/Feb/2026:07:07:33 -0500] "GET /?fileloc=%2Fhome%2Fclavospa%2Ftmp%2Fawstats%2Fawstats012023.ingridbarajas.com.clavo.space.txt&path=%2Fhome%2Fclavospa%2Ftmp%2Fawstats HTTP/1.1" 200 50721 "-" "Mozilla/5.0 AppleWebKit/537.36 (KHTML, like Gecko; compatible; ClaudeBot/1.0; +claudebot@anthropic.com)"
216.73.216.223 - - [28/Feb/2026:07:07:33 -0500] "GET /?fileloc=%2Fhome%2Fclavospa%2Ftmp%2Fawstats%2Fawstats072023.ingridbarajas.com.clavo.space.txt&path=%2Fhome%2Fclavospa%2Ftmp%2Fawstats HTTP/1.1" 200 66170 "-" "Mozilla/5.0 AppleWebKit/537.36 (KHTML, like Gecko; compatible; ClaudeBot/1.0; +claudebot@anthropic.com)"
216.73.216.61 - - [28/Feb/2026:07:07:34 -0500] "GET /product/mi-cima-ii?fileloc=%2Fhome%2Fclavospa%2Fwww%2Fwp-content%2Fuploads%2F2021%2F03%2Fgitana-750x400.jpg&path=%2Fhome%2Fclavospa%2Fwww%2Fwp-content%2Fuploads%2F2021%2F03 HTTP/1.1" 200 2511 "-" "Mozilla/5.0 AppleWebKit/537.36 (KHTML, like Gecko; compatible; ClaudeBot/1.0; +claudebot@anthropic.com)"
216.73.216.223 - - [28/Feb/2026:07:07:34 -0500] "GET /?fileloc=%2Fhome%2Fclavospa%2Ftmp%2Fawstats%2Fawstats012026.ingridbarajas.com.clavo.space.txt&path=%2Fhome%2Fclavospa%2Ftmp%2Fawstats HTTP/1.1" 200 75924 "-" "Mozilla/5.0 AppleWebKit/537.36 (KHTML, like Gecko; compatible; ClaudeBot/1.0; +claudebot@anthropic.com)"
216.73.216.223 - - [28/Feb/2026:07:07:34 -0500] "GET /?fileloc=%2Fhome%2Fclavospa%2Ftmp%2Fawstats%2Fawstats032024.ingridbarajas.com.clavo.space.txt&path=%2Fhome%2Fclavospa%2Ftmp%2Fawstats HTTP/1.1" 200 65225 "-" "Mozilla/5.0 AppleWebKit/537.36 (KHTML, like Gecko; compatible; ClaudeBot/1.0; +claudebot@anthropic.com)"
216.73.216.223 - - [28/Feb/2026:07:07:34 -0500] "GET /?fileloc=%2Fhome%2Fclavospa%2Ftmp%2Fawstats%2Fawstats082023.ingridbarajas.com.clavo.space.txt&path=%2Fhome%2Fclavospa%2Ftmp%2Fawstats HTTP/1.1" 200 84432 "-" "Mozilla/5.0 AppleWebKit/537.36 (KHTML, like Gecko; compatible; ClaudeBot/1.0; +claudebot@anthropic.com)"
216.73.216.223 - - [28/Feb/2026:07:07:35 -0500] "GET /?fileloc=%2Fhome%2Fclavospa%2Fpublic_html%2Fdavidlachapellela.com%2Fwp-content%2Fuploads%2F2022%2F07%2Fdlcuru1-150x150.png&path=%2Fhome%2Fclavospa%2Fpublic_html%2Fdavidlachapellela.com%2Fwp-content%2Fuploads%2F2022%2F07 HTTP/1.1" 200 2543 "-" "Mozilla/5.0 AppleWebKit/537.36 (KHTML, like Gecko; compatible; ClaudeBot/1.0; +claudebot@anthropic.com)"
216.73.216.223 - - [28/Feb/2026:07:07:35 -0500] "GET /?fileloc=%2Fhome%2Fclavospa%2Ftmp%2Fawstats%2Fawstats072022.ingridbarajas.com.clavo.space.txt&path=%2Fhome%2Fclavospa%2Ftmp%2Fawstats HTTP/1.1" 200 51983 "-" "Mozilla/5.0 AppleWebKit/537.36 (KHTML, like Gecko; compatible; ClaudeBot/1.0; +claudebot@anthropic.com)"
216.73.216.223 - - [28/Feb/2026:07:07:36 -0500] "GET /?fileloc=%2Fhome%2Fclavospa%2Fpublic_html%2Fdavidlachapellela.com%2Fwp-admin%2Fimages%2Ficons32-vs.png&path=%2Fhome%2Fclavospa%2Fpublic_html%2Fdavidlachapellela.com%2Fwp-admin%2Fimages HTTP/1.1" 200 2518 "-" "Mozilla/5.0 AppleWebKit/537.36 (KHTML, like Gecko; compatible; ClaudeBot/1.0; +claudebot@anthropic.com)"
216.73.216.223 - - [28/Feb/2026:07:07:36 -0500] "GET /?fileloc=%2Fhome%2Fclavospa%2Fpublic_html%2Fdavidlachapellela.com%2Fwp-content%2Fuploads%2F2022%2F07%2Fdlccab2-768x393.jpg&path=%2Fhome%2Fclavospa%2Fpublic_html%2Fdavidlachapellela.com%2Fwp-content%2Fuploads%2F2022%2F07 HTTP/1.1" 200 2545 "-" "Mozilla/5.0 AppleWebKit/537.36 (KHTML, like Gecko; compatible; ClaudeBot/1.0; +claudebot@anthropic.com)"
