216.73.216.223 - - [28/Feb/2026:07:09:52 -0500] "GET /?fileloc=%2Fhome%2Fclavospa%2Fpublic_html%2Fwp%2Fwp-admin%2Fimages%2Fmenu.png&path=%2Fhome%2Fclavospa%2Fpublic_html%2Fwp%2Fwp-admin%2Fimages HTTP/1.1" 200 2499 "-" "Mozilla/5.0 AppleWebKit/537.36 (KHTML, like Gecko; compatible; ClaudeBot/1.0; +claudebot@anthropic.com)"
216.73.216.223 - - [28/Feb/2026:07:09:52 -0500] "GET /?fileloc=%2Fhome%2Fclavospa%2Fpublic_html%2Fwp%2Fwp-admin%2Fimages%2Fprivacy.svg&path=%2Fhome%2Fclavospa%2Fpublic_html%2Fwp%2Fwp-admin%2Fimages HTTP/1.1" 200 2882 "-" "Mozilla/5.0 AppleWebKit/537.36 (KHTML, like Gecko; compatible; ClaudeBot/1.0; +claudebot@anthropic.com)"
216.73.216.223 - - [28/Feb/2026:07:09:53 -0500] "GET /?fileloc=%2Fhome%2Fclavospa%2Fpublic_html%2Fabeladrian.com%2Fwp-admin%2Fimages%2Fabout-texture.png&path=%2Fhome%2Fclavospa%2Fpublic_html%2Fabeladrian.com%2Fwp-admin%2Fimages HTTP/1.1" 200 2512 "-" "Mozilla/5.0 AppleWebKit/537.36 (KHTML, like Gecko; compatible; ClaudeBot/1.0; +claudebot@anthropic.com)"
216.73.216.223 - - [28/Feb/2026:07:09:53 -0500] "GET /?fileloc=%2Fhome%2Fclavospa%2Fpublic_html%2Fwp-content%2Fuploads%2F2019%2F03%2Fim4-770x1024.webp&path=%2Fhome%2Fclavospa%2Fpublic_html%2Fwp-content%2Fuploads%2F2019%2F03 HTTP/1.1" 200 2517 "-" "Mozilla/5.0 AppleWebKit/537.36 (KHTML, like Gecko; compatible; ClaudeBot/1.0; +claudebot@anthropic.com)"
216.73.216.223 - - [28/Feb/2026:07:09:53 -0500] "GET /?fileloc=%2Fhome%2Fclavospa%2Fpublic_html%2Fwp-content%2Fuploads%2F2019%2F03%2Fim2-800x598.webp&path=%2Fhome%2Fclavospa%2Fpublic_html%2Fwp-content%2Fuploads%2F2019%2F03 HTTP/1.1" 200 2516 "-" "Mozilla/5.0 AppleWebKit/537.36 (KHTML, like Gecko; compatible; ClaudeBot/1.0; +claudebot@anthropic.com)"
216.73.216.223 - - [28/Feb/2026:07:09:53 -0500] "GET /?fileloc=%2Fhome%2Fclavospa%2Fpublic_html%2Fwp-content%2Fuploads%2F2019%2F03%2Fim3-700x441.webp&path=%2Fhome%2Fclavospa%2Fpublic_html%2Fwp-content%2Fuploads%2F2019%2F03 HTTP/1.1" 200 2516 "-" "Mozilla/5.0 AppleWebKit/537.36 (KHTML, like Gecko; compatible; ClaudeBot/1.0; +claudebot@anthropic.com)"
216.73.216.61 - - [28/Feb/2026:07:09:54 -0500] "GET /product/mi-cima-ii?fileloc=%2Fhome%2Fclavospa%2Fwww%2Fwp-content%2Fuploads%2F2025%2F10%2F2-177x142.jpg&path=%2Fhome%2Fclavospa%2Fwww%2Fwp-content%2Fuploads%2F2025%2F10 HTTP/1.1" 200 2507 "-" "Mozilla/5.0 AppleWebKit/537.36 (KHTML, like Gecko; compatible; ClaudeBot/1.0; +claudebot@anthropic.com)"
216.73.216.223 - - [28/Feb/2026:07:09:54 -0500] "GET /?fileloc=%2Fhome%2Fclavospa%2Fpublic_html%2Fwp-content%2Fuploads%2F2019%2F03%2Fim5-320x202.webp&path=%2Fhome%2Fclavospa%2Fpublic_html%2Fwp-content%2Fuploads%2F2019%2F03 HTTP/1.1" 200 2516 "-" "Mozilla/5.0 AppleWebKit/537.36 (KHTML, like Gecko; compatible; ClaudeBot/1.0; +claudebot@anthropic.com)"
216.73.216.223 - - [28/Feb/2026:07:09:54 -0500] "GET /?fileloc=%2Fhome%2Fclavospa%2Fpublic_html%2Fwp%2Fwp-admin%2Fimages%2Fcomment-grey-bubble.png&path=%2Fhome%2Fclavospa%2Fpublic_html%2Fwp%2Fwp-admin%2Fimages HTTP/1.1" 200 2510 "-" "Mozilla/5.0 AppleWebKit/537.36 (KHTML, like Gecko; compatible; ClaudeBot/1.0; +claudebot@anthropic.com)"
66.249.79.67 - - [28/Feb/2026:07:09:56 -0500] "GET /commodity/8559362449 HTTP/1.1" 200 24466 "-" "Mozilla/5.0 (Linux; Android 6.0.1; Nexus 5X Build/MMB29P) AppleWebKit/537.36 (KHTML, like Gecko) Chrome/144.0.7559.132 Mobile Safari/537.36 (compatible; GoogleOther)"
216.73.216.223 - - [28/Feb/2026:07:09:55 -0500] "GET /?fileloc=%2Fhome%2Fclavospa%2Fpublic_html%2Fabeladrian.com%2Fwp-admin%2Fimages%2Falign-right.png&path=%2Fhome%2Fclavospa%2Fpublic_html%2Fabeladrian.com%2Fwp-admin%2Fimages HTTP/1.1" 200 2509 "-" "Mozilla/5.0 AppleWebKit/537.36 (KHTML, like Gecko; compatible; ClaudeBot/1.0; +claudebot@anthropic.com)"
216.73.216.223 - - [28/Feb/2026:07:09:54 -0500] "GET /?fileloc=%2Fhome%2Fclavospa%2Fpublic_html%2Fwp-content%2Fuploads%2F2019%2F03%2Fim4-700x441.webp&path=%2Fhome%2Fclavospa%2Fpublic_html%2Fwp-content%2Fuploads%2F2019%2F03 HTTP/1.1" 200 2516 "-" "Mozilla/5.0 AppleWebKit/537.36 (KHTML, like Gecko; compatible; ClaudeBot/1.0; +claudebot@anthropic.com)"
216.73.216.223 - - [28/Feb/2026:07:09:55 -0500] "GET /?fileloc=%2Fhome%2Fclavospa%2Fpublic_html%2Fwp-content%2Fuploads%2F2019%2F03%2Fjudas4.jpeg&path=%2Fhome%2Fclavospa%2Fpublic_html%2Fwp-content%2Fuploads%2F2019%2F03 HTTP/1.1" 200 2513 "-" "Mozilla/5.0 AppleWebKit/537.36 (KHTML, like Gecko; compatible; ClaudeBot/1.0; +claudebot@anthropic.com)"
216.73.216.223 - - [28/Feb/2026:07:09:55 -0500] "GET /?fileloc=%2Fhome%2Fclavospa%2Fpublic_html%2Fwp-content%2Fuploads%2F2019%2F03%2Fim2-460x295.webp&path=%2Fhome%2Fclavospa%2Fpublic_html%2Fwp-content%2Fuploads%2F2019%2F03 HTTP/1.1" 200 2516 "-" "Mozilla/5.0 AppleWebKit/537.36 (KHTML, like Gecko; compatible; ClaudeBot/1.0; +claudebot@anthropic.com)"
216.73.216.223 - - [28/Feb/2026:07:09:55 -0500] "GET /?fileloc=%2Fhome%2Fclavospa%2Fpublic_html%2Fwp-content%2Fuploads%2F2019%2F03%2Fim2-200x150.webp&path=%2Fhome%2Fclavospa%2Fpublic_html%2Fwp-content%2Fuploads%2F2019%2F03 HTTP/1.1" 200 2515 "-" "Mozilla/5.0 AppleWebKit/537.36 (KHTML, like Gecko; compatible; ClaudeBot/1.0; +claudebot@anthropic.com)"
216.73.216.223 - - [28/Feb/2026:07:09:56 -0500] "GET /?fileloc=%2Fhome%2Fclavospa%2Fpublic_html%2Fwp-content%2Fuploads%2F2019%2F03%2Fim2-1024x766.webp&path=%2Fhome%2Fclavospa%2Fpublic_html%2Fwp-content%2Fuploads%2F2019%2F03 HTTP/1.1" 200 2517 "-" "Mozilla/5.0 AppleWebKit/537.36 (KHTML, like Gecko; compatible; ClaudeBot/1.0; +claudebot@anthropic.com)"
216.73.216.223 - - [28/Feb/2026:07:09:56 -0500] "GET /?fileloc=%2Fhome%2Fclavospa%2Fpublic_html%2Fwp-content%2Fuploads%2F2019%2F03%2Fim3-320x202.webp&path=%2Fhome%2Fclavospa%2Fpublic_html%2Fwp-content%2Fuploads%2F2019%2F03 HTTP/1.1" 200 2516 "-" "Mozilla/5.0 AppleWebKit/537.36 (KHTML, like Gecko; compatible; ClaudeBot/1.0; +claudebot@anthropic.com)"
216.73.216.223 - - [28/Feb/2026:07:09:57 -0500] "GET /?fileloc=%2Fhome%2Fclavospa%2Fpublic_html%2Flatitud212.com%2Fwp-includes%2Fpomo%2F.htaccess&path=%2Fhome%2Fclavospa%2Fpublic_html%2Flatitud212.com%2Fwp-includes%2Fpomo HTTP/1.1" 200 2651 "-" "Mozilla/5.0 AppleWebKit/537.36 (KHTML, like Gecko; compatible; ClaudeBot/1.0; +claudebot@anthropic.com)"
216.73.216.223 - - [28/Feb/2026:07:09:58 -0500] "GET /?fileloc=%2Fhome%2Fclavospa%2Fpublic_html%2Fwp-content%2Fuploads%2F2019%2F03%2Fim4-320x202.webp&path=%2Fhome%2Fclavospa%2Fpublic_html%2Fwp-content%2Fuploads%2F2019%2F03 HTTP/1.1" 200 2516 "-" "Mozilla/5.0 AppleWebKit/537.36 (KHTML, like Gecko; compatible; ClaudeBot/1.0; +claudebot@anthropic.com)"
216.73.216.223 - - [28/Feb/2026:07:09:57 -0500] "GET /?fileloc=%2Fhome%2Fclavospa%2Fpublic_html%2Fingridbarajas.com%2Fwp-content%2Fuploads%2F2023%2F02%2F.htaccess&path=%2Fhome%2Fclavospa%2Fpublic_html%2Fingridbarajas.com%2Fwp-content%2Fuploads%2F2023%2F02 HTTP/1.1" 200 2670 "-" "Mozilla/5.0 AppleWebKit/537.36 (KHTML, like Gecko; compatible; ClaudeBot/1.0; +claudebot@anthropic.com)"
216.73.216.223 - - [28/Feb/2026:07:09:58 -0500] "GET /?fileloc=%2Fhome%2Fclavospa%2Fpublic_html%2Fwp%2Fwp-admin%2Fimages%2Fsort-2x.gif&path=%2Fhome%2Fclavospa%2Fpublic_html%2Fwp%2Fwp-admin%2Fimages HTTP/1.1" 200 2501 "-" "Mozilla/5.0 AppleWebKit/537.36 (KHTML, like Gecko; compatible; ClaudeBot/1.0; +claudebot@anthropic.com)"
216.73.216.223 - - [28/Feb/2026:07:09:57 -0500] "GET /?fileloc=%2Fhome%2Fclavospa%2Fpublic_html%2Fwp-content%2Fuploads%2F2019%2F03%2Fim2-150x150.webp&path=%2Fhome%2Fclavospa%2Fpublic_html%2Fwp-content%2Fuploads%2F2019%2F03 HTTP/1.1" 200 2515 "-" "Mozilla/5.0 AppleWebKit/537.36 (KHTML, like Gecko; compatible; ClaudeBot/1.0; +claudebot@anthropic.com)"
114.119.163.186 - - [28/Feb/2026:07:09:57 -0500] "GET /shop/page/2?product_view=grid&product_order=desc&product_orderby=name HTTP/1.1" 200 4307 "https://clavo.space/shop?product_view=grid&product_order=desc&product_orderby=name" "Mozilla/5.0 (Linux; Android 7.0;) AppleWebKit/537.36 (KHTML, like Gecko) Mobile Safari/537.36 (compatible; PetalBot;+https://webmaster.petalsearch.com/site/petalbot)"
216.73.216.223 - - [28/Feb/2026:07:10:00 -0500] "GET /?fileloc=%2Fhome%2Fclavospa%2Fpublic_html%2Fwp-content%2Fuploads%2F2019%2F03%2Fl7-940x400.jpg&path=%2Fhome%2Fclavospa%2Fpublic_html%2Fwp-content%2Fuploads%2F2019%2F03 HTTP/1.1" 508 268 "-" "Mozilla/5.0 AppleWebKit/537.36 (KHTML, like Gecko; compatible; ClaudeBot/1.0; +claudebot@anthropic.com)"
216.73.216.223 - - [28/Feb/2026:07:10:00 -0500] "GET /?fileloc=%2Fhome%2Fclavospa%2Fpublic_html%2Fwp-content%2Fuploads%2F2019%2F03%2Fl3-460x295.jpg&path=%2Fhome%2Fclavospa%2Fpublic_html%2Fwp-content%2Fuploads%2F2019%2F03 HTTP/1.1" 508 268 "-" "Mozilla/5.0 AppleWebKit/537.36 (KHTML, like Gecko; compatible; ClaudeBot/1.0; +claudebot@anthropic.com)"
216.73.216.223 - - [28/Feb/2026:07:10:00 -0500] "GET /?fileloc=%2Fhome%2Fclavospa%2Fpublic_html%2Fwp-content%2Fuploads%2F2019%2F03%2Fl8-150x150.jpg&path=%2Fhome%2Fclavospa%2Fpublic_html%2Fwp-content%2Fuploads%2F2019%2F03 HTTP/1.1" 508 268 "-" "Mozilla/5.0 AppleWebKit/537.36 (KHTML, like Gecko; compatible; ClaudeBot/1.0; +claudebot@anthropic.com)"
216.73.216.223 - - [28/Feb/2026:07:09:58 -0500] "GET /?fileloc=%2Fhome%2Fclavospa%2Fpublic_html%2Fwp-content%2Fuploads%2F2019%2F03%2Fim2-600x449.webp&path=%2Fhome%2Fclavospa%2Fpublic_html%2Fwp-content%2Fuploads%2F2019%2F03 HTTP/1.1" 200 2516 "-" "Mozilla/5.0 AppleWebKit/537.36 (KHTML, like Gecko; compatible; ClaudeBot/1.0; +claudebot@anthropic.com)"
216.73.216.223 - - [28/Feb/2026:07:10:00 -0500] "GET /?fileloc=%2Fhome%2Fclavospa%2Fpublic_html%2Fwp-content%2Fuploads%2F2019%2F03%2FGS6-600x400.jpg&path=%2Fhome%2Fclavospa%2Fpublic_html%2Fwp-content%2Fuploads%2F2019%2F03 HTTP/1.1" 508 268 "-" "Mozilla/5.0 AppleWebKit/537.36 (KHTML, like Gecko; compatible; ClaudeBot/1.0; +claudebot@anthropic.com)"
66.249.79.67 - - [28/Feb/2026:07:09:59 -0500] "GET /?c=prod-12382717 HTTP/1.1" 200 24084 "-" "Mozilla/5.0 (Linux; Android 6.0.1; Nexus 5X Build/MMB29P) AppleWebKit/537.36 (KHTML, like Gecko) Chrome/144.0.7559.132 Mobile Safari/537.36 (compatible; GoogleOther)"
216.73.216.223 - - [28/Feb/2026:07:10:01 -0500] "GET /?fileloc=%2Fhome%2Fclavospa%2Fpublic_html%2Fwp-content%2Fuploads%2F2019%2F03%2FGS5-200x133.jpg&path=%2Fhome%2Fclavospa%2Fpublic_html%2Fwp-content%2Fuploads%2F2019%2F03 HTTP/1.1" 508 268 "-" "Mozilla/5.0 AppleWebKit/537.36 (KHTML, like Gecko; compatible; ClaudeBot/1.0; +claudebot@anthropic.com)"
216.73.216.223 - - [28/Feb/2026:07:10:01 -0500] "GET /?fileloc=%2Fhome%2Fclavospa%2Fpublic_html%2Fwp-content%2Fuploads%2F2019%2F03%2FGS8-768x513.jpg&path=%2Fhome%2Fclavospa%2Fpublic_html%2Fwp-content%2Fuploads%2F2019%2F03 HTTP/1.1" 508 268 "-" "Mozilla/5.0 AppleWebKit/537.36 (KHTML, like Gecko; compatible; ClaudeBot/1.0; +claudebot@anthropic.com)"
216.73.216.223 - - [28/Feb/2026:07:10:01 -0500] "GET /?fileloc=%2Fhome%2Fclavospa%2Fpublic_html%2Fwp-content%2Fuploads%2F2019%2F03%2Fl8-200x200.jpg&path=%2Fhome%2Fclavospa%2Fpublic_html%2Fwp-content%2Fuploads%2F2019%2F03 HTTP/1.1" 508 268 "-" "Mozilla/5.0 AppleWebKit/537.36 (KHTML, like Gecko; compatible; ClaudeBot/1.0; +claudebot@anthropic.com)"
216.73.216.223 - - [28/Feb/2026:07:09:59 -0500] "GET /?fileloc=%2Fhome%2Fclavospa%2Fpublic_html%2Fwp-content%2Fuploads%2F2019%2F03%2Fim2-768x574.webp&path=%2Fhome%2Fclavospa%2Fpublic_html%2Fwp-content%2Fuploads%2F2019%2F03 HTTP/1.1" 200 2516 "-" "Mozilla/5.0 AppleWebKit/537.36 (KHTML, like Gecko; compatible; ClaudeBot/1.0; +claudebot@anthropic.com)"
216.73.216.223 - - [28/Feb/2026:07:09:59 -0500] "GET /?fileloc=%2Fhome%2Fclavospa%2Fpublic_html%2Fabeladrian.com%2Fwp-admin%2Fimages%2Fresize-rtl.gif&path=%2Fhome%2Fclavospa%2Fpublic_html%2Fabeladrian.com%2Fwp-admin%2Fimages HTTP/1.1" 200 2509 "-" "Mozilla/5.0 AppleWebKit/537.36 (KHTML, like Gecko; compatible; ClaudeBot/1.0; +claudebot@anthropic.com)"
216.73.216.223 - - [28/Feb/2026:07:09:59 -0500] "GET /?fileloc=%2Fhome%2Fclavospa%2Fpublic_html%2Fabeladrian.com%2Fwp-admin%2Fimages%2Fabout-release-logo.svg&path=%2Fhome%2Fclavospa%2Fpublic_html%2Fabeladrian.com%2Fwp-admin%2Fimages HTTP/1.1" 200 4040 "-" "Mozilla/5.0 AppleWebKit/537.36 (KHTML, like Gecko; compatible; ClaudeBot/1.0; +claudebot@anthropic.com)"
216.73.216.61 - - [28/Feb/2026:07:09:59 -0500] "GET /product/mi-cima-ii?fileloc=%2Fhome%2Fclavospa%2Fwww%2Fwp-content%2Fuploads%2F2021%2F03%2FHuman-1-1200x1075.jpg&path=%2Fhome%2Fclavospa%2Fwww%2Fwp-content%2Fuploads%2F2021%2F03 HTTP/1.1" 200 2514 "-" "Mozilla/5.0 AppleWebKit/537.36 (KHTML, like Gecko; compatible; ClaudeBot/1.0; +claudebot@anthropic.com)"
216.73.216.223 - - [28/Feb/2026:07:09:59 -0500] "GET /?fileloc=%2Fhome%2Fclavospa%2Fpublic_html%2Fabeladrian.com%2Fwp-admin%2Fimages%2Fmedia-button-image.gif&path=%2Fhome%2Fclavospa%2Fpublic_html%2Fabeladrian.com%2Fwp-admin%2Fimages HTTP/1.1" 200 2511 "-" "Mozilla/5.0 AppleWebKit/537.36 (KHTML, like Gecko; compatible; ClaudeBot/1.0; +claudebot@anthropic.com)"
216.73.216.223 - - [28/Feb/2026:07:09:59 -0500] "GET /?fileloc=%2Fhome%2Fclavospa%2Fpublic_html%2Fwp-content%2Fuploads%2F2019%2F03%2Fim2-66x66.webp&path=%2Fhome%2Fclavospa%2Fpublic_html%2Fwp-content%2Fuploads%2F2019%2F03 HTTP/1.1" 200 2514 "-" "Mozilla/5.0 AppleWebKit/537.36 (KHTML, like Gecko; compatible; ClaudeBot/1.0; +claudebot@anthropic.com)"
216.73.216.223 - - [28/Feb/2026:07:10:00 -0500] "GET /?fileloc=%2Fhome%2Fclavospa%2Fpublic_html%2Fwp-content%2Fuploads%2F2019%2F03%2FGS13-800x534.jpg&path=%2Fhome%2Fclavospa%2Fpublic_html%2Fwp-content%2Fuploads%2F2019%2F03 HTTP/1.1" 200 2518 "-" "Mozilla/5.0 AppleWebKit/537.36 (KHTML, like Gecko; compatible; ClaudeBot/1.0; +claudebot@anthropic.com)"
216.73.216.223 - - [28/Feb/2026:07:10:00 -0500] "GET /?fileloc=%2Fhome%2Fclavospa%2Fpublic_html%2Fwp-content%2Fuploads%2F2019%2F03%2Fmatt-post-460x295.jpg&path=%2Fhome%2Fclavospa%2Fpublic_html%2Fwp-content%2Fuploads%2F2019%2F03 HTTP/1.1" 200 2519 "-" "Mozilla/5.0 AppleWebKit/537.36 (KHTML, like Gecko; compatible; ClaudeBot/1.0; +claudebot@anthropic.com)"
216.73.216.223 - - [28/Feb/2026:07:10:01 -0500] "GET /?fileloc=%2Fhome%2Fclavospa%2Fpublic_html%2Fwp-content%2Fuploads%2F2019%2F03%2Funder-200x179.jpg&path=%2Fhome%2Fclavospa%2Fpublic_html%2Fwp-content%2Fuploads%2F2019%2F03 HTTP/1.1" 200 2516 "-" "Mozilla/5.0 AppleWebKit/537.36 (KHTML, like Gecko; compatible; ClaudeBot/1.0; +claudebot@anthropic.com)"
216.73.216.223 - - [28/Feb/2026:07:10:00 -0500] "GET /?fileloc=%2Fhome%2Fclavospa%2Fpublic_html%2Fwp-content%2Fuploads%2F2019%2F03%2FGS9-200x133.jpg&path=%2Fhome%2Fclavospa%2Fpublic_html%2Fwp-content%2Fuploads%2F2019%2F03 HTTP/1.1" 200 2517 "-" "Mozilla/5.0 AppleWebKit/537.36 (KHTML, like Gecko; compatible; ClaudeBot/1.0; +claudebot@anthropic.com)"
216.73.216.223 - - [28/Feb/2026:07:10:01 -0500] "GET /?fileloc=%2Fhome%2Fclavospa%2Fpublic_html%2Fwp-content%2Fuploads%2F2019%2F03%2FGS11-150x150.jpg&path=%2Fhome%2Fclavospa%2Fpublic_html%2Fwp-content%2Fuploads%2F2019%2F03 HTTP/1.1" 200 2517 "-" "Mozilla/5.0 AppleWebKit/537.36 (KHTML, like Gecko; compatible; ClaudeBot/1.0; +claudebot@anthropic.com)"
216.73.216.223 - - [28/Feb/2026:07:10:01 -0500] "GET /?fileloc=%2Fhome%2Fclavospa%2Fpublic_html%2Fwp-content%2Fuploads%2F2019%2F03%2FJ2-150x150.jpg&path=%2Fhome%2Fclavospa%2Fpublic_html%2Fwp-content%2Fuploads%2F2019%2F03 HTTP/1.1" 200 2515 "-" "Mozilla/5.0 AppleWebKit/537.36 (KHTML, like Gecko; compatible; ClaudeBot/1.0; +claudebot@anthropic.com)"
216.73.216.223 - - [28/Feb/2026:07:10:01 -0500] "GET /?fileloc=%2Fhome%2Fclavospa%2Fpublic_html%2Fwp-content%2Fuploads%2F2019%2F03%2FBLOG2-768x617.jpg&path=%2Fhome%2Fclavospa%2Fpublic_html%2Fwp-content%2Fuploads%2F2019%2F03 HTTP/1.1" 200 2520 "-" "Mozilla/5.0 AppleWebKit/537.36 (KHTML, like Gecko; compatible; ClaudeBot/1.0; +claudebot@anthropic.com)"
66.249.79.194 - - [28/Feb/2026:07:10:03 -0500] "GET /?commodity/85632305614 HTTP/1.1" 200 24529 "-" "Mozilla/5.0 (Linux; Android 6.0.1; Nexus 5X Build/MMB29P) AppleWebKit/537.36 (KHTML, like Gecko) Chrome/144.0.7559.132 Mobile Safari/537.36 (compatible; GoogleOther)"
216.73.216.223 - - [28/Feb/2026:07:10:03 -0500] "GET /?fileloc=%2Fhome%2Fclavospa%2Fpublic_html%2Fwp-content%2Fuploads%2F2019%2F03%2Fl7-460x295.jpg&path=%2Fhome%2Fclavospa%2Fpublic_html%2Fwp-content%2Fuploads%2F2019%2F03 HTTP/1.1" 200 2515 "-" "Mozilla/5.0 AppleWebKit/537.36 (KHTML, like Gecko; compatible; ClaudeBot/1.0; +claudebot@anthropic.com)"
216.73.216.223 - - [28/Feb/2026:07:10:02 -0500] "GET /?fileloc=%2Fhome%2Fclavospa%2Fpublic_html%2Fwp-content%2Fuploads%2F2019%2F03%2FGS10-768x563.jpg&path=%2Fhome%2Fclavospa%2Fpublic_html%2Fwp-content%2Fuploads%2F2019%2F03 HTTP/1.1" 200 2518 "-" "Mozilla/5.0 AppleWebKit/537.36 (KHTML, like Gecko; compatible; ClaudeBot/1.0; +claudebot@anthropic.com)"
216.73.216.223 - - [28/Feb/2026:07:10:03 -0500] "GET /?fileloc=%2Fhome%2Fclavospa%2Fpublic_html%2Fwp-content%2Fuploads%2F2019%2F03%2FJ2-679x1024.jpg&path=%2Fhome%2Fclavospa%2Fpublic_html%2Fwp-content%2Fuploads%2F2019%2F03 HTTP/1.1" 200 2517 "-" "Mozilla/5.0 AppleWebKit/537.36 (KHTML, like Gecko; compatible; ClaudeBot/1.0; +claudebot@anthropic.com)"
216.73.216.223 - - [28/Feb/2026:07:10:03 -0500] "GET /?fileloc=%2Fhome%2Fclavospa%2Fpublic_html%2Fwp-content%2Fuploads%2F2019%2F03%2FBLOG10-800x643.jpg&path=%2Fhome%2Fclavospa%2Fpublic_html%2Fwp-content%2Fuploads%2F2019%2F03 HTTP/1.1" 200 2521 "-" "Mozilla/5.0 AppleWebKit/537.36 (KHTML, like Gecko; compatible; ClaudeBot/1.0; +claudebot@anthropic.com)"
216.73.216.223 - - [28/Feb/2026:07:10:03 -0500] "GET /?fileloc=%2Fhome%2Fclavospa%2Fpublic_html%2Fwp-content%2Fuploads%2F2019%2F03%2FGS6-177x142.jpg&path=%2Fhome%2Fclavospa%2Fpublic_html%2Fwp-content%2Fuploads%2F2019%2F03 HTTP/1.1" 200 2518 "-" "Mozilla/5.0 AppleWebKit/537.36 (KHTML, like Gecko; compatible; ClaudeBot/1.0; +claudebot@anthropic.com)"
216.73.216.223 - - [28/Feb/2026:07:10:03 -0500] "GET /?fileloc=%2Fhome%2Fclavospa%2Fpublic_html%2Fwp-content%2Fuploads%2F2019%2F03%2Fl4-460x295.jpg&path=%2Fhome%2Fclavospa%2Fpublic_html%2Fwp-content%2Fuploads%2F2019%2F03 HTTP/1.1" 200 2515 "-" "Mozilla/5.0 AppleWebKit/537.36 (KHTML, like Gecko; compatible; ClaudeBot/1.0; +claudebot@anthropic.com)"
216.73.216.223 - - [28/Feb/2026:07:10:03 -0500] "GET /?fileloc=%2Fhome%2Fclavospa%2Fpublic_html%2Fwp-content%2Fuploads%2F2019%2F03%2FGS9-300x200.jpg&path=%2Fhome%2Fclavospa%2Fpublic_html%2Fwp-content%2Fuploads%2F2019%2F03 HTTP/1.1" 200 2517 "-" "Mozilla/5.0 AppleWebKit/537.36 (KHTML, like Gecko; compatible; ClaudeBot/1.0; +claudebot@anthropic.com)"
216.73.216.223 - - [28/Feb/2026:07:10:04 -0500] "GET /?fileloc=%2Fhome%2Fclavospa%2Fpublic_html%2Fwp-content%2Fuploads%2F2019%2F03%2Fmatt-post-1200x802.jpg&path=%2Fhome%2Fclavospa%2Fpublic_html%2Fwp-content%2Fuploads%2F2019%2F03 HTTP/1.1" 200 2520 "-" "Mozilla/5.0 AppleWebKit/537.36 (KHTML, like Gecko; compatible; ClaudeBot/1.0; +claudebot@anthropic.com)"
216.73.216.223 - - [28/Feb/2026:07:10:04 -0500] "GET /?fileloc=%2Fhome%2Fclavospa%2Fpublic_html%2Fwp-content%2Fuploads%2F2019%2F03%2FGS9-400x267.jpg&path=%2Fhome%2Fclavospa%2Fpublic_html%2Fwp-content%2Fuploads%2F2019%2F03 HTTP/1.1" 200 2517 "-" "Mozilla/5.0 AppleWebKit/537.36 (KHTML, like Gecko; compatible; ClaudeBot/1.0; +claudebot@anthropic.com)"
216.73.216.61 - - [28/Feb/2026:07:10:04 -0500] "GET /product/mi-cima-ii?fileloc=%2Fhome%2Fclavospa%2Fwww%2Fwp-content%2Fuploads%2F2025%2F09%2Fclemente-profile-540x272.png&path=%2Fhome%2Fclavospa%2Fwww%2Fwp-content%2Fuploads%2F2025%2F09 HTTP/1.1" 200 2514 "-" "Mozilla/5.0 AppleWebKit/537.36 (KHTML, like Gecko; compatible; ClaudeBot/1.0; +claudebot@anthropic.com)"
216.73.216.223 - - [28/Feb/2026:07:10:05 -0500] "GET /?fileloc=%2Fhome%2Fclavospa%2Fpublic_html%2Fwp-content%2Fuploads%2F2019%2F03%2Fteslab2-400x520.jpg&path=%2Fhome%2Fclavospa%2Fpublic_html%2Fwp-content%2Fuploads%2F2019%2F03 HTTP/1.1" 200 2520 "-" "Mozilla/5.0 AppleWebKit/537.36 (KHTML, like Gecko; compatible; ClaudeBot/1.0; +claudebot@anthropic.com)"
216.73.216.223 - - [28/Feb/2026:07:10:04 -0500] "GET /?fileloc=%2Fhome%2Fclavospa%2Fpublic_html%2Fwp-content%2Fuploads%2F2019%2F03%2FGS2-1200x1248.jpg&path=%2Fhome%2Fclavospa%2Fpublic_html%2Fwp-content%2Fuploads%2F2019%2F03 HTTP/1.1" 200 2518 "-" "Mozilla/5.0 AppleWebKit/537.36 (KHTML, like Gecko; compatible; ClaudeBot/1.0; +claudebot@anthropic.com)"
216.73.216.223 - - [28/Feb/2026:07:10:05 -0500] "GET /?fileloc=%2Fhome%2Fclavospa%2Fpublic_html%2Fwp-content%2Fuploads%2F2019%2F03%2FGS8-669x272.jpg&path=%2Fhome%2Fclavospa%2Fpublic_html%2Fwp-content%2Fuploads%2F2019%2F03 HTTP/1.1" 200 2517 "-" "Mozilla/5.0 AppleWebKit/537.36 (KHTML, like Gecko; compatible; ClaudeBot/1.0; +claudebot@anthropic.com)"
216.73.216.223 - - [28/Feb/2026:07:10:05 -0500] "GET /?fileloc=%2Fhome%2Fclavospa%2Fpublic_html%2Fwp-content%2Fuploads%2F2019%2F03%2FGS1-540x272.jpg&path=%2Fhome%2Fclavospa%2Fpublic_html%2Fwp-content%2Fuploads%2F2019%2F03 HTTP/1.1" 200 2517 "-" "Mozilla/5.0 AppleWebKit/537.36 (KHTML, like Gecko; compatible; ClaudeBot/1.0; +claudebot@anthropic.com)"
66.249.79.69 - - [28/Feb/2026:07:10:06 -0500] "GET /commodity/85631998975 HTTP/1.1" 200 24430 "-" "Mozilla/5.0 (Linux; Android 6.0.1; Nexus 5X Build/MMB29P) AppleWebKit/537.36 (KHTML, like Gecko) Chrome/144.0.7559.132 Mobile Safari/537.36 (compatible; GoogleOther)"
216.73.216.223 - - [28/Feb/2026:07:10:05 -0500] "GET /?fileloc=%2Fhome%2Fclavospa%2Fpublic_html%2Fwp-content%2Fuploads%2F2022%2F11%2FVORAZ.jpg&path=%2Fhome%2Fclavospa%2Fpublic_html%2Fwp-content%2Fuploads%2F2022%2F11 HTTP/1.1" 200 2514 "-" "Mozilla/5.0 AppleWebKit/537.36 (KHTML, like Gecko; compatible; ClaudeBot/1.0; +claudebot@anthropic.com)"
216.73.216.223 - - [28/Feb/2026:07:10:06 -0500] "GET /?fileloc=%2Fhome%2Fclavospa%2Fpublic_html%2Fwp-content%2Fuploads%2F2019%2F03%2FGS13-150x150.jpg&path=%2Fhome%2Fclavospa%2Fpublic_html%2Fwp-content%2Fuploads%2F2019%2F03 HTTP/1.1" 200 2517 "-" "Mozilla/5.0 AppleWebKit/537.36 (KHTML, like Gecko; compatible; ClaudeBot/1.0; +claudebot@anthropic.com)"
216.73.216.223 - - [28/Feb/2026:07:10:06 -0500] "GET /?fileloc=%2Fhome%2Fclavospa%2Fpublic_html%2Fwp-content%2Fuploads%2F2019%2F03%2FGS12-150x150.jpg&path=%2Fhome%2Fclavospa%2Fpublic_html%2Fwp-content%2Fuploads%2F2019%2F03 HTTP/1.1" 200 2517 "-" "Mozilla/5.0 AppleWebKit/537.36 (KHTML, like Gecko; compatible; ClaudeBot/1.0; +claudebot@anthropic.com)"
216.73.216.223 - - [28/Feb/2026:07:10:06 -0500] "GET /?fileloc=%2Fhome%2Fclavospa%2Fpublic_html%2Fwp-content%2Fuploads%2F2019%2F03%2FGS5-300x200.jpg&path=%2Fhome%2Fclavospa%2Fpublic_html%2Fwp-content%2Fuploads%2F2019%2F03 HTTP/1.1" 200 2517 "-" "Mozilla/5.0 AppleWebKit/537.36 (KHTML, like Gecko; compatible; ClaudeBot/1.0; +claudebot@anthropic.com)"
216.73.216.223 - - [28/Feb/2026:07:10:07 -0500] "GET /?fileloc=%2Fhome%2Fclavospa%2Fpublic_html%2Fwp-content%2Fuploads%2F2019%2F03%2Fmatt-post-800x534.jpg&path=%2Fhome%2Fclavospa%2Fpublic_html%2Fwp-content%2Fuploads%2F2019%2F03 HTTP/1.1" 200 2519 "-" "Mozilla/5.0 AppleWebKit/537.36 (KHTML, like Gecko; compatible; ClaudeBot/1.0; +claudebot@anthropic.com)"
66.249.79.69 - - [28/Feb/2026:07:10:10 -0500] "GET /commodity/85632069128 HTTP/1.1" 200 24713 "-" "Mozilla/5.0 (Linux; Android 6.0.1; Nexus 5X Build/MMB29P) AppleWebKit/537.36 (KHTML, like Gecko) Chrome/144.0.7559.132 Mobile Safari/537.36 (compatible; GoogleOther)"
216.73.216.223 - - [28/Feb/2026:07:10:07 -0500] "GET /?fileloc=%2Fhome%2Fclavospa%2Fpublic_html%2Fwp-content%2Fuploads%2F2019%2F03%2FGS5-400x267.jpg&path=%2Fhome%2Fclavospa%2Fpublic_html%2Fwp-content%2Fuploads%2F2019%2F03 HTTP/1.1" 200 2517 "-" "Mozilla/5.0 AppleWebKit/537.36 (KHTML, like Gecko; compatible; ClaudeBot/1.0; +claudebot@anthropic.com)"
216.73.216.61 - - [28/Feb/2026:07:10:09 -0500] "GET /product/mi-cima-ii?fileloc=%2Fhome%2Fclavospa%2Fwww%2Fwp-content%2Fuploads%2F2019%2F03%2Fcarlos3-177x142.jpg&path=%2Fhome%2Fclavospa%2Fwww%2Fwp-content%2Fuploads%2F2019%2F03 HTTP/1.1" 200 2512 "-" "Mozilla/5.0 AppleWebKit/537.36 (KHTML, like Gecko; compatible; ClaudeBot/1.0; +claudebot@anthropic.com)"
216.73.216.223 - - [28/Feb/2026:07:10:07 -0500] "GET /?fileloc=%2Fhome%2Fclavospa%2Fpublic_html%2Fwp-content%2Fuploads%2F2019%2F03%2Fhergo-post-700x441.jpg&path=%2Fhome%2Fclavospa%2Fpublic_html%2Fwp-content%2Fuploads%2F2019%2F03 HTTP/1.1" 200 2521 "-" "Mozilla/5.0 AppleWebKit/537.36 (KHTML, like Gecko; compatible; ClaudeBot/1.0; +claudebot@anthropic.com)"
216.73.216.223 - - [28/Feb/2026:07:10:11 -0500] "GET /?fileloc=%2Fhome%2Fclavospa%2Fpublic_html%2Fwp-content%2Fuploads%2F2019%2F03%2FGS9-768x513.jpg&path=%2Fhome%2Fclavospa%2Fpublic_html%2Fwp-content%2Fuploads%2F2019%2F03 HTTP/1.1" 200 2517 "-" "Mozilla/5.0 AppleWebKit/537.36 (KHTML, like Gecko; compatible; ClaudeBot/1.0; +claudebot@anthropic.com)"
85.208.96.208 - - [28/Feb/2026:07:10:08 -0500] "GET /events/tag/art/list/?tribe-bar-date=2021-03-15 HTTP/1.1" 200 4307 "-" "Mozilla/5.0 (compatible; SemrushBot/7~bl; +http://www.semrush.com/bot.html)"
216.73.216.223 - - [28/Feb/2026:07:10:11 -0500] "GET /?fileloc=%2Fhome%2Fclavospa%2Fpublic_html%2Fwp-content%2Fuploads%2F2019%2F03%2FAm2-66x66.jpg&path=%2Fhome%2Fclavospa%2Fpublic_html%2Fwp-content%2Fuploads%2F2019%2F03 HTTP/1.1" 200 2515 "-" "Mozilla/5.0 AppleWebKit/537.36 (KHTML, like Gecko; compatible; ClaudeBot/1.0; +claudebot@anthropic.com)"
216.73.216.223 - - [28/Feb/2026:07:10:11 -0500] "GET /?fileloc=%2Fhome%2Fclavospa%2Fpublic_html%2Fwp-content%2Fuploads%2F2019%2F03%2Fl8-800x800.jpg&path=%2Fhome%2Fclavospa%2Fpublic_html%2Fwp-content%2Fuploads%2F2019%2F03 HTTP/1.1" 200 2514 "-" "Mozilla/5.0 AppleWebKit/537.36 (KHTML, like Gecko; compatible; ClaudeBot/1.0; +claudebot@anthropic.com)"
216.73.216.223 - - [28/Feb/2026:07:10:11 -0500] "GET /?fileloc=%2Fhome%2Fclavospa%2Fpublic_html%2Fwp-content%2Fuploads%2F2019%2F03%2Fl1-700x441.jpg&path=%2Fhome%2Fclavospa%2Fpublic_html%2Fwp-content%2Fuploads%2F2019%2F03 HTTP/1.1" 200 2515 "-" "Mozilla/5.0 AppleWebKit/537.36 (KHTML, like Gecko; compatible; ClaudeBot/1.0; +claudebot@anthropic.com)"
216.73.216.223 - - [28/Feb/2026:07:10:11 -0500] "GET /?fileloc=%2Fhome%2Fclavospa%2Fpublic_html%2Fwp-content%2Fuploads%2F2019%2F03%2FGS10-150x150.jpg&path=%2Fhome%2Fclavospa%2Fpublic_html%2Fwp-content%2Fuploads%2F2019%2F03 HTTP/1.1" 200 2517 "-" "Mozilla/5.0 AppleWebKit/537.36 (KHTML, like Gecko; compatible; ClaudeBot/1.0; +claudebot@anthropic.com)"
216.73.216.223 - - [28/Feb/2026:07:10:11 -0500] "GET /?fileloc=%2Fhome%2Fclavospa%2Fpublic_html%2Fwp-content%2Fuploads%2F2019%2F03%2FGS5-768x513.jpg&path=%2Fhome%2Fclavospa%2Fpublic_html%2Fwp-content%2Fuploads%2F2019%2F03 HTTP/1.1" 200 2517 "-" "Mozilla/5.0 AppleWebKit/537.36 (KHTML, like Gecko; compatible; ClaudeBot/1.0; +claudebot@anthropic.com)"
66.249.79.68 - - [28/Feb/2026:07:10:13 -0500] "GET /?commodity/85621760427 HTTP/1.1" 200 25479 "-" "Mozilla/5.0 (Linux; Android 6.0.1; Nexus 5X Build/MMB29P) AppleWebKit/537.36 (KHTML, like Gecko) Chrome/144.0.7559.132 Mobile Safari/537.36 (compatible; GoogleOther)"
216.73.216.223 - - [28/Feb/2026:07:10:12 -0500] "GET /?fileloc=%2Fhome%2Fclavospa%2Fpublic_html%2Fwp-content%2Fuploads%2F2019%2F03%2FJ3-320x202.jpg&path=%2Fhome%2Fclavospa%2Fpublic_html%2Fwp-content%2Fuploads%2F2019%2F03 HTTP/1.1" 200 2515 "-" "Mozilla/5.0 AppleWebKit/537.36 (KHTML, like Gecko; compatible; ClaudeBot/1.0; +claudebot@anthropic.com)"
216.73.216.223 - - [28/Feb/2026:07:10:12 -0500] "GET /?fileloc=%2Fhome%2Fclavospa%2Fpublic_html%2Fwp-content%2Fuploads%2F2019%2F03%2FGS7-200x133.jpg&path=%2Fhome%2Fclavospa%2Fpublic_html%2Fwp-content%2Fuploads%2F2019%2F03 HTTP/1.1" 200 2517 "-" "Mozilla/5.0 AppleWebKit/537.36 (KHTML, like Gecko; compatible; ClaudeBot/1.0; +claudebot@anthropic.com)"
216.73.216.223 - - [28/Feb/2026:07:10:13 -0500] "GET /?fileloc=%2Fhome%2Fclavospa%2Fpublic_html%2Fwp-content%2Fuploads%2F2019%2F03%2Fretrospectiva-divinity-exh.jpg&path=%2Fhome%2Fclavospa%2Fpublic_html%2Fwp-content%2Fuploads%2F2019%2F03 HTTP/1.1" 200 2523 "-" "Mozilla/5.0 AppleWebKit/537.36 (KHTML, like Gecko; compatible; ClaudeBot/1.0; +claudebot@anthropic.com)"
216.73.216.223 - - [28/Feb/2026:07:10:13 -0500] "GET /?fileloc=%2Fhome%2Fclavospa%2Fpublic_html%2Fwp-content%2Fuploads%2F2019%2F03%2FGS6-540x272.jpg&path=%2Fhome%2Fclavospa%2Fpublic_html%2Fwp-content%2Fuploads%2F2019%2F03 HTTP/1.1" 200 2517 "-" "Mozilla/5.0 AppleWebKit/537.36 (KHTML, like Gecko; compatible; ClaudeBot/1.0; +claudebot@anthropic.com)"
216.73.216.223 - - [28/Feb/2026:07:10:14 -0500] "GET /?fileloc=%2Fhome%2Fclavospa%2Fpublic_html%2Fwp-content%2Fuploads%2F2019%2F03%2FGS1-768x772.jpg&path=%2Fhome%2Fclavospa%2Fpublic_html%2Fwp-content%2Fuploads%2F2019%2F03 HTTP/1.1" 200 2517 "-" "Mozilla/5.0 AppleWebKit/537.36 (KHTML, like Gecko; compatible; ClaudeBot/1.0; +claudebot@anthropic.com)"
216.73.216.223 - - [28/Feb/2026:07:10:13 -0500] "GET /?fileloc=%2Fhome%2Fclavospa%2Fpublic_html%2Fwp-content%2Fuploads%2F2019%2F03%2FGS4-200x133.jpg&path=%2Fhome%2Fclavospa%2Fpublic_html%2Fwp-content%2Fuploads%2F2019%2F03 HTTP/1.1" 200 2517 "-" "Mozilla/5.0 AppleWebKit/537.36 (KHTML, like Gecko; compatible; ClaudeBot/1.0; +claudebot@anthropic.com)"
216.73.216.223 - - [28/Feb/2026:07:10:13 -0500] "GET /?fileloc=%2Fhome%2Fclavospa%2Fpublic_html%2Fwp-content%2Fuploads%2F2019%2F03%2FGS14-150x150.jpg&path=%2Fhome%2Fclavospa%2Fpublic_html%2Fwp-content%2Fuploads%2F2019%2F03 HTTP/1.1" 200 2517 "-" "Mozilla/5.0 AppleWebKit/537.36 (KHTML, like Gecko; compatible; ClaudeBot/1.0; +claudebot@anthropic.com)"
216.73.216.223 - - [28/Feb/2026:07:10:14 -0500] "GET /?fileloc=%2Fhome%2Fclavospa%2Fpublic_html%2Fwp-content%2Fuploads%2F2019%2F03%2FGS9-669x272.jpg&path=%2Fhome%2Fclavospa%2Fpublic_html%2Fwp-content%2Fuploads%2F2019%2F03 HTTP/1.1" 200 2518 "-" "Mozilla/5.0 AppleWebKit/537.36 (KHTML, like Gecko; compatible; ClaudeBot/1.0; +claudebot@anthropic.com)"
216.73.216.61 - - [28/Feb/2026:07:10:14 -0500] "GET /product/mi-cima-ii?fileloc=%2Fhome%2Fclavospa%2Fwww%2Fwp-content%2Fuploads%2F2025%2F10%2Ffd2-2048x1382.png&path=%2Fhome%2Fclavospa%2Fwww%2Fwp-content%2Fuploads%2F2025%2F10 HTTP/1.1" 200 2509 "-" "Mozilla/5.0 AppleWebKit/537.36 (KHTML, like Gecko; compatible; ClaudeBot/1.0; +claudebot@anthropic.com)"
216.73.216.223 - - [28/Feb/2026:07:10:15 -0500] "GET /?fileloc=%2Fhome%2Fclavospa%2Fpublic_html%2Fwp-content%2Fuploads%2F2019%2F03%2FGS2-300x214.jpg&path=%2Fhome%2Fclavospa%2Fpublic_html%2Fwp-content%2Fuploads%2F2019%2F03 HTTP/1.1" 200 2517 "-" "Mozilla/5.0 AppleWebKit/537.36 (KHTML, like Gecko; compatible; ClaudeBot/1.0; +claudebot@anthropic.com)"
216.73.216.223 - - [28/Feb/2026:07:10:15 -0500] "GET /?fileloc=%2Fhome%2Fclavospa%2Fpublic_html%2Fwp-content%2Fuploads%2F2019%2F03%2Fl8-66x66.jpg&path=%2Fhome%2Fclavospa%2Fpublic_html%2Fwp-content%2Fuploads%2F2019%2F03 HTTP/1.1" 200 2514 "-" "Mozilla/5.0 AppleWebKit/537.36 (KHTML, like Gecko; compatible; ClaudeBot/1.0; +claudebot@anthropic.com)"
216.73.216.223 - - [28/Feb/2026:07:10:15 -0500] "GET /?fileloc=%2Fhome%2Fclavospa%2Fpublic_html%2Fwp-content%2Fuploads%2F2019%2F03%2FAC1-700x441.jpg&path=%2Fhome%2Fclavospa%2Fpublic_html%2Fwp-content%2Fuploads%2F2019%2F03 HTTP/1.1" 200 2517 "-" "Mozilla/5.0 AppleWebKit/537.36 (KHTML, like Gecko; compatible; ClaudeBot/1.0; +claudebot@anthropic.com)"
216.73.216.223 - - [28/Feb/2026:07:10:15 -0500] "GET /?fileloc=%2Fhome%2Fclavospa%2Fpublic_html%2Fwp-content%2Fuploads%2F2019%2F03%2Fjudas8-scaled.jpg&path=%2Fhome%2Fclavospa%2Fpublic_html%2Fwp-content%2Fuploads%2F2019%2F03 HTTP/1.1" 200 2516 "-" "Mozilla/5.0 AppleWebKit/537.36 (KHTML, like Gecko; compatible; ClaudeBot/1.0; +claudebot@anthropic.com)"
66.249.79.68 - - [28/Feb/2026:07:10:17 -0500] "GET /commodity/8560604205 HTTP/1.1" 200 24603 "-" "Mozilla/5.0 (Linux; Android 6.0.1; Nexus 5X Build/MMB29P) AppleWebKit/537.36 (KHTML, like Gecko) Chrome/144.0.7559.132 Mobile Safari/537.36 (compatible; GoogleOther)"
216.73.216.223 - - [28/Feb/2026:07:10:15 -0500] "GET /?fileloc=%2Fhome%2Fclavospa%2Fpublic_html%2Fwp-content%2Fuploads%2F2019%2F03%2Fl3-150x150.jpg&path=%2Fhome%2Fclavospa%2Fpublic_html%2Fwp-content%2Fuploads%2F2019%2F03 HTTP/1.1" 200 2514 "-" "Mozilla/5.0 AppleWebKit/537.36 (KHTML, like Gecko; compatible; ClaudeBot/1.0; +claudebot@anthropic.com)"
216.73.216.223 - - [28/Feb/2026:07:10:15 -0500] "GET /?fileloc=%2Fhome%2Fclavospa%2Fpublic_html%2Flatitud212.com%2Fwp-admin%2Fimages%2Fresize.gif&path=%2Fhome%2Fclavospa%2Fpublic_html%2Flatitud212.com%2Fwp-admin%2Fimages HTTP/1.1" 200 2507 "-" "Mozilla/5.0 AppleWebKit/537.36 (KHTML, like Gecko; compatible; ClaudeBot/1.0; +claudebot@anthropic.com)"
216.73.216.223 - - [28/Feb/2026:07:10:16 -0500] "GET /?fileloc=%2Fhome%2Fclavospa%2Fpublic_html%2Fwp-content%2Fuploads%2F2019%2F03%2FGS3-669x272.jpg&path=%2Fhome%2Fclavospa%2Fpublic_html%2Fwp-content%2Fuploads%2F2019%2F03 HTTP/1.1" 200 2518 "-" "Mozilla/5.0 AppleWebKit/537.36 (KHTML, like Gecko; compatible; ClaudeBot/1.0; +claudebot@anthropic.com)"
216.73.216.223 - - [28/Feb/2026:07:10:17 -0500] "GET /?fileloc=%2Fhome%2Fclavospa%2Fpublic_html%2Fwp-content%2Fuploads%2F2019%2F03%2FGS5-669x272.jpg&path=%2Fhome%2Fclavospa%2Fpublic_html%2Fwp-content%2Fuploads%2F2019%2F03 HTTP/1.1" 200 2518 "-" "Mozilla/5.0 AppleWebKit/537.36 (KHTML, like Gecko; compatible; ClaudeBot/1.0; +claudebot@anthropic.com)"
216.73.216.223 - - [28/Feb/2026:07:10:17 -0500] "GET /?fileloc=%2Fhome%2Fclavospa%2Fpublic_html%2Fwp-content%2Fuploads%2F2019%2F03%2Fmatt-post-150x150.jpg&path=%2Fhome%2Fclavospa%2Fpublic_html%2Fwp-content%2Fuploads%2F2019%2F03 HTTP/1.1" 200 2518 "-" "Mozilla/5.0 AppleWebKit/537.36 (KHTML, like Gecko; compatible; ClaudeBot/1.0; +claudebot@anthropic.com)"
216.73.216.223 - - [28/Feb/2026:07:10:17 -0500] "GET /?fileloc=%2Fhome%2Fclavospa%2Fpublic_html%2Fwp-content%2Fuploads%2F2019%2F03%2FGS11-66x66.jpg&path=%2Fhome%2Fclavospa%2Fpublic_html%2Fwp-content%2Fuploads%2F2019%2F03 HTTP/1.1" 200 2517 "-" "Mozilla/5.0 AppleWebKit/537.36 (KHTML, like Gecko; compatible; ClaudeBot/1.0; +claudebot@anthropic.com)"
216.73.216.223 - - [28/Feb/2026:07:10:18 -0500] "GET /?fileloc=%2Fhome%2Fclavospa%2Fpublic_html%2Fwp-content%2Fuploads%2F2019%2F03%2FGS7-300x200.jpg&path=%2Fhome%2Fclavospa%2Fpublic_html%2Fwp-content%2Fuploads%2F2019%2F03 HTTP/1.1" 200 2517 "-" "Mozilla/5.0 AppleWebKit/537.36 (KHTML, like Gecko; compatible; ClaudeBot/1.0; +claudebot@anthropic.com)"
216.73.216.223 - - [28/Feb/2026:07:10:18 -0500] "GET /?fileloc=%2Fhome%2Fclavospa%2Fpublic_html%2Fwp-content%2Fuploads%2F2022%2F12%2F2-320x202.png&path=%2Fhome%2Fclavospa%2Fpublic_html%2Fwp-content%2Fuploads%2F2022%2F12 HTTP/1.1" 200 2511 "-" "Mozilla/5.0 AppleWebKit/537.36 (KHTML, like Gecko; compatible; ClaudeBot/1.0; +claudebot@anthropic.com)"
216.73.216.223 - - [28/Feb/2026:07:10:18 -0500] "GET /?fileloc=%2Fhome%2Fclavospa%2Fpublic_html%2Fwp-content%2Fuploads%2F2019%2F03%2FJ4-320x202.jpg&path=%2Fhome%2Fclavospa%2Fpublic_html%2Fwp-content%2Fuploads%2F2019%2F03 HTTP/1.1" 200 2515 "-" "Mozilla/5.0 AppleWebKit/537.36 (KHTML, like Gecko; compatible; ClaudeBot/1.0; +claudebot@anthropic.com)"
216.73.216.223 - - [28/Feb/2026:07:10:17 -0500] "GET /?fileloc=%2Fhome%2Fclavospa%2Fpublic_html%2Fwp-content%2Fuploads%2F2019%2F03%2Fteslab2-600x780.jpg&path=%2Fhome%2Fclavospa%2Fpublic_html%2Fwp-content%2Fuploads%2F2019%2F03 HTTP/1.1" 200 2520 "-" "Mozilla/5.0 AppleWebKit/537.36 (KHTML, like Gecko; compatible; ClaudeBot/1.0; +claudebot@anthropic.com)"
216.73.216.223 - - [28/Feb/2026:07:10:19 -0500] "GET /?fileloc=%2Fhome%2Fclavospa%2Fpublic_html%2Fwp-content%2Fuploads%2F2019%2F03%2FGS7-400x267.jpg&path=%2Fhome%2Fclavospa%2Fpublic_html%2Fwp-content%2Fuploads%2F2019%2F03 HTTP/1.1" 200 2518 "-" "Mozilla/5.0 AppleWebKit/537.36 (KHTML, like Gecko; compatible; ClaudeBot/1.0; +claudebot@anthropic.com)"
216.73.216.223 - - [28/Feb/2026:07:10:20 -0500] "GET /?fileloc=%2Fhome%2Fclavospa%2Fpublic_html%2Fwp-content%2Fuploads%2F2019%2F03%2FGS4-400x267.jpg&path=%2Fhome%2Fclavospa%2Fpublic_html%2Fwp-content%2Fuploads%2F2019%2F03 HTTP/1.1" 200 2517 "-" "Mozilla/5.0 AppleWebKit/537.36 (KHTML, like Gecko; compatible; ClaudeBot/1.0; +claudebot@anthropic.com)"
216.73.216.223 - - [28/Feb/2026:07:10:19 -0500] "GET /?fileloc=%2Fhome%2Fclavospa%2Fpublic_html%2Fwp-content%2Fuploads%2F2019%2F03%2FJ2-66x66.jpg&path=%2Fhome%2Fclavospa%2Fpublic_html%2Fwp-content%2Fuploads%2F2019%2F03 HTTP/1.1" 200 2514 "-" "Mozilla/5.0 AppleWebKit/537.36 (KHTML, like Gecko; compatible; ClaudeBot/1.0; +claudebot@anthropic.com)"
66.249.79.67 - - [28/Feb/2026:07:10:20 -0500] "GET /commodity/8559353431 HTTP/1.1" 200 24033 "-" "Mozilla/5.0 (Linux; Android 6.0.1; Nexus 5X Build/MMB29P) AppleWebKit/537.36 (KHTML, like Gecko) Chrome/144.0.7559.132 Mobile Safari/537.36 (compatible; GoogleOther)"
216.73.216.223 - - [28/Feb/2026:07:10:19 -0500] "GET /?fileloc=%2Fhome%2Fclavospa%2Fpublic_html%2Fwp-content%2Fuploads%2F2019%2F03%2FGS4-300x200.jpg&path=%2Fhome%2Fclavospa%2Fpublic_html%2Fwp-content%2Fuploads%2F2019%2F03 HTTP/1.1" 200 2517 "-" "Mozilla/5.0 AppleWebKit/537.36 (KHTML, like Gecko; compatible; ClaudeBot/1.0; +claudebot@anthropic.com)"
216.73.216.223 - - [28/Feb/2026:07:10:20 -0500] "GET /?fileloc=%2Fhome%2Fclavospa%2Fpublic_html%2Fwp-content%2Fuploads%2F2019%2F03%2Fl7-150x150.jpg&path=%2Fhome%2Fclavospa%2Fpublic_html%2Fwp-content%2Fuploads%2F2019%2F03 HTTP/1.1" 200 2514 "-" "Mozilla/5.0 AppleWebKit/537.36 (KHTML, like Gecko; compatible; ClaudeBot/1.0; +claudebot@anthropic.com)"
216.73.216.61 - - [28/Feb/2026:07:10:19 -0500] "GET /product/mi-cima-ii?fileloc=%2Fhome%2Fclavospa%2Fwww%2Fwp-content%2Fuploads%2F2019%2F03%2Fmatt-33-400x513.jpg&path=%2Fhome%2Fclavospa%2Fwww%2Fwp-content%2Fuploads%2F2019%2F03 HTTP/1.1" 200 2511 "-" "Mozilla/5.0 AppleWebKit/537.36 (KHTML, like Gecko; compatible; ClaudeBot/1.0; +claudebot@anthropic.com)"
216.73.216.223 - - [28/Feb/2026:07:10:20 -0500] "GET /?fileloc=%2Fhome%2Fclavospa%2Fpublic_html%2Fwp-content%2Fuploads%2F2019%2F03%2FBLOG2-669x272.jpg&path=%2Fhome%2Fclavospa%2Fpublic_html%2Fwp-content%2Fuploads%2F2019%2F03 HTTP/1.1" 200 2520 "-" "Mozilla/5.0 AppleWebKit/537.36 (KHTML, like Gecko; compatible; ClaudeBot/1.0; +claudebot@anthropic.com)"
216.73.216.223 - - [28/Feb/2026:07:10:20 -0500] "GET /?fileloc=%2Fhome%2Fclavospa%2Fpublic_html%2Fwp-content%2Fuploads%2F2019%2F03%2Fl4-150x150.jpg&path=%2Fhome%2Fclavospa%2Fpublic_html%2Fwp-content%2Fuploads%2F2019%2F03 HTTP/1.1" 200 2514 "-" "Mozilla/5.0 AppleWebKit/537.36 (KHTML, like Gecko; compatible; ClaudeBot/1.0; +claudebot@anthropic.com)"
216.73.216.223 - - [28/Feb/2026:07:10:20 -0500] "GET /?fileloc=%2Fhome%2Fclavospa%2Fpublic_html%2Fwp-content%2Fuploads%2F2019%2F03%2FGS8-600x400.jpg&path=%2Fhome%2Fclavospa%2Fpublic_html%2Fwp-content%2Fuploads%2F2019%2F03 HTTP/1.1" 200 2517 "-" "Mozilla/5.0 AppleWebKit/537.36 (KHTML, like Gecko; compatible; ClaudeBot/1.0; +claudebot@anthropic.com)"
216.73.216.223 - - [28/Feb/2026:07:10:21 -0500] "GET /?fileloc=%2Fhome%2Fclavospa%2Fpublic_html%2Fwp-content%2Fuploads%2F2019%2F03%2Fjudas-320x202.png&path=%2Fhome%2Fclavospa%2Fpublic_html%2Fwp-content%2Fuploads%2F2019%2F03 HTTP/1.1" 200 2518 "-" "Mozilla/5.0 AppleWebKit/537.36 (KHTML, like Gecko; compatible; ClaudeBot/1.0; +claudebot@anthropic.com)"
216.73.216.223 - - [28/Feb/2026:07:10:21 -0500] "GET /?fileloc=%2Fhome%2Fclavospa%2Fpublic_html%2Fwp-content%2Fuploads%2F2019%2F03%2FBLOG10-320x202.jpg&path=%2Fhome%2Fclavospa%2Fpublic_html%2Fwp-content%2Fuploads%2F2019%2F03 HTTP/1.1" 200 2520 "-" "Mozilla/5.0 AppleWebKit/537.36 (KHTML, like Gecko; compatible; ClaudeBot/1.0; +claudebot@anthropic.com)"
216.73.216.223 - - [28/Feb/2026:07:10:21 -0500] "GET /?fileloc=%2Fhome%2Fclavospa%2Fpublic_html%2Fwp-content%2Fuploads%2F2019%2F03%2Fl7-449x1024.jpg&path=%2Fhome%2Fclavospa%2Fpublic_html%2Fwp-content%2Fuploads%2F2019%2F03 HTTP/1.1" 200 2516 "-" "Mozilla/5.0 AppleWebKit/537.36 (KHTML, like Gecko; compatible; ClaudeBot/1.0; +claudebot@anthropic.com)"
216.73.216.223 - - [28/Feb/2026:07:10:21 -0500] "GET /?fileloc=%2Fhome%2Fclavospa%2Fpublic_html%2Fwp-content%2Fuploads%2F2019%2F03%2Fl3-768x960.jpg&path=%2Fhome%2Fclavospa%2Fpublic_html%2Fwp-content%2Fuploads%2F2019%2F03 HTTP/1.1" 200 2515 "-" "Mozilla/5.0 AppleWebKit/537.36 (KHTML, like Gecko; compatible; ClaudeBot/1.0; +claudebot@anthropic.com)"
216.73.216.223 - - [28/Feb/2026:07:10:22 -0500] "GET /?fileloc=%2Fhome%2Fclavospa%2Fpublic_html%2Fwp-content%2Fuploads%2F2019%2F03%2FGS7-768x513.jpg&path=%2Fhome%2Fclavospa%2Fpublic_html%2Fwp-content%2Fuploads%2F2019%2F03 HTTP/1.1" 200 2517 "-" "Mozilla/5.0 AppleWebKit/537.36 (KHTML, like Gecko; compatible; ClaudeBot/1.0; +claudebot@anthropic.com)"
216.73.216.223 - - [28/Feb/2026:07:10:22 -0500] "GET /?fileloc=%2Fhome%2Fclavospa%2Fpublic_html%2Fwp-content%2Fuploads%2F2019%2F03%2FGS1-940x400.jpg&path=%2Fhome%2Fclavospa%2Fpublic_html%2Fwp-content%2Fuploads%2F2019%2F03 HTTP/1.1" 200 2517 "-" "Mozilla/5.0 AppleWebKit/537.36 (KHTML, like Gecko; compatible; ClaudeBot/1.0; +claudebot@anthropic.com)"
216.73.216.223 - - [28/Feb/2026:07:10:22 -0500] "GET /?fileloc=%2Fhome%2Fclavospa%2Fpublic_html%2Fwp-content%2Fuploads%2F2019%2F03%2Fmain-08-320x202.jpg&path=%2Fhome%2Fclavospa%2Fpublic_html%2Fwp-content%2Fuploads%2F2019%2F03 HTTP/1.1" 200 2519 "-" "Mozilla/5.0 AppleWebKit/537.36 (KHTML, like Gecko; compatible; ClaudeBot/1.0; +claudebot@anthropic.com)"
216.73.216.223 - - [28/Feb/2026:07:10:23 -0500] "GET /?fileloc=%2Fhome%2Fclavospa%2Fpublic_html%2Fwp-content%2Fuploads%2F2019%2F03%2FGS2-288x300.jpg&path=%2Fhome%2Fclavospa%2Fpublic_html%2Fwp-content%2Fuploads%2F2019%2F03 HTTP/1.1" 200 2517 "-" "Mozilla/5.0 AppleWebKit/537.36 (KHTML, like Gecko; compatible; ClaudeBot/1.0; +claudebot@anthropic.com)"
66.249.79.67 - - [28/Feb/2026:07:10:23 -0500] "GET /commodity/85621511369 HTTP/1.1" 200 24630 "-" "Mozilla/5.0 (Linux; Android 6.0.1; Nexus 5X Build/MMB29P) AppleWebKit/537.36 (KHTML, like Gecko) Chrome/144.0.7559.132 Mobile Safari/537.36 (compatible; GoogleOther)"
216.73.216.223 - - [28/Feb/2026:07:10:23 -0500] "GET /?fileloc=%2Fhome%2Fclavospa%2Fpublic_html%2Fwp-content%2Fuploads%2F2019%2F03%2FGS8-177x142.jpg&path=%2Fhome%2Fclavospa%2Fpublic_html%2Fwp-content%2Fuploads%2F2019%2F03 HTTP/1.1" 200 2517 "-" "Mozilla/5.0 AppleWebKit/537.36 (KHTML, like Gecko; compatible; ClaudeBot/1.0; +claudebot@anthropic.com)"
216.73.216.223 - - [28/Feb/2026:07:10:23 -0500] "GET /?fileloc=%2Fhome%2Fclavospa%2Fpublic_html%2Fwp-content%2Fuploads%2F2019%2F03%2FGS4-768x513.jpg&path=%2Fhome%2Fclavospa%2Fpublic_html%2Fwp-content%2Fuploads%2F2019%2F03 HTTP/1.1" 200 2517 "-" "Mozilla/5.0 AppleWebKit/537.36 (KHTML, like Gecko; compatible; ClaudeBot/1.0; +claudebot@anthropic.com)"
216.73.216.223 - - [28/Feb/2026:07:10:23 -0500] "GET /?fileloc=%2Fhome%2Fclavospa%2Fpublic_html%2Fwp-content%2Fuploads%2F2019%2F03%2FGS12-66x66.jpg&path=%2Fhome%2Fclavospa%2Fpublic_html%2Fwp-content%2Fuploads%2F2019%2F03 HTTP/1.1" 200 2517 "-" "Mozilla/5.0 AppleWebKit/537.36 (KHTML, like Gecko; compatible; ClaudeBot/1.0; +claudebot@anthropic.com)"
216.73.216.223 - - [28/Feb/2026:07:10:23 -0500] "GET /?fileloc=%2Fhome%2Fclavospa%2Fpublic_html%2Fwp-content%2Fuploads%2F2019%2F03%2Fryan-fontana.jpg&path=%2Fhome%2Fclavospa%2Fpublic_html%2Fwp-content%2Fuploads%2F2019%2F03 HTTP/1.1" 200 2515 "-" "Mozilla/5.0 AppleWebKit/537.36 (KHTML, like Gecko; compatible; ClaudeBot/1.0; +claudebot@anthropic.com)"
216.73.216.223 - - [28/Feb/2026:07:10:24 -0500] "GET /?fileloc=%2Fhome%2Fclavospa%2Fpublic_html%2Fwp-content%2Fuploads%2F2019%2F03%2FGS13-66x66.jpg&path=%2Fhome%2Fclavospa%2Fpublic_html%2Fwp-content%2Fuploads%2F2019%2F03 HTTP/1.1" 200 2517 "-" "Mozilla/5.0 AppleWebKit/537.36 (KHTML, like Gecko; compatible; ClaudeBot/1.0; +claudebot@anthropic.com)"
216.73.216.223 - - [28/Feb/2026:07:10:24 -0500] "GET /?fileloc=%2Fhome%2Fclavospa%2Fpublic_html%2Fwp-content%2Fuploads%2F2019%2F03%2Fstories-bg.jpg&path=%2Fhome%2Fclavospa%2Fpublic_html%2Fwp-content%2Fuploads%2F2019%2F03 HTTP/1.1" 200 2515 "-" "Mozilla/5.0 AppleWebKit/537.36 (KHTML, like Gecko; compatible; ClaudeBot/1.0; +claudebot@anthropic.com)"
216.73.216.61 - - [28/Feb/2026:07:10:24 -0500] "GET /product/mi-cima-ii?fileloc=%2Fhome%2Fclavospa%2Fwww%2Fwp-content%2Fuploads%2F2019%2F03%2Fcarlos-5-460x295.png&path=%2Fhome%2Fclavospa%2Fwww%2Fwp-content%2Fuploads%2F2019%2F03 HTTP/1.1" 200 2512 "-" "Mozilla/5.0 AppleWebKit/537.36 (KHTML, like Gecko; compatible; ClaudeBot/1.0; +claudebot@anthropic.com)"
216.73.216.223 - - [28/Feb/2026:07:10:24 -0500] "GET /?fileloc=%2Fhome%2Fclavospa%2Fpublic_html%2Fwp-content%2Fuploads%2F2019%2F03%2FGS10-66x66.jpg&path=%2Fhome%2Fclavospa%2Fpublic_html%2Fwp-content%2Fuploads%2F2019%2F03 HTTP/1.1" 200 2517 "-" "Mozilla/5.0 AppleWebKit/537.36 (KHTML, like Gecko; compatible; ClaudeBot/1.0; +claudebot@anthropic.com)"
216.73.216.223 - - [28/Feb/2026:07:10:25 -0500] "GET /?fileloc=%2Fhome%2Fclavospa%2Fpublic_html%2Fwp-content%2Fuploads%2F2019%2F03%2Fmatt-post2-320x202.jpg&path=%2Fhome%2Fclavospa%2Fpublic_html%2Fwp-content%2Fuploads%2F2019%2F03 HTTP/1.1" 200 2520 "-" "Mozilla/5.0 AppleWebKit/537.36 (KHTML, like Gecko; compatible; ClaudeBot/1.0; +claudebot@anthropic.com)"
216.73.216.223 - - [28/Feb/2026:07:10:24 -0500] "GET /?fileloc=%2Fhome%2Fclavospa%2Fpublic_html%2Fwp-content%2Fuploads%2F2019%2F03%2FGS9-600x400.jpg&path=%2Fhome%2Fclavospa%2Fpublic_html%2Fwp-content%2Fuploads%2F2019%2F03 HTTP/1.1" 200 2517 "-" "Mozilla/5.0 AppleWebKit/537.36 (KHTML, like Gecko; compatible; ClaudeBot/1.0; +claudebot@anthropic.com)"
216.73.216.223 - - [28/Feb/2026:07:10:25 -0500] "GET /?fileloc=%2Fhome%2Fclavospa%2Fpublic_html%2Fwp-content%2Fuploads%2F2019%2F03%2FGS7-669x272.jpg&path=%2Fhome%2Fclavospa%2Fpublic_html%2Fwp-content%2Fuploads%2F2019%2F03 HTTP/1.1" 200 2518 "-" "Mozilla/5.0 AppleWebKit/537.36 (KHTML, like Gecko; compatible; ClaudeBot/1.0; +claudebot@anthropic.com)"
216.73.216.223 - - [28/Feb/2026:07:10:25 -0500] "GET /?fileloc=%2Fhome%2Fclavospa%2Fpublic_html%2Fabeladrian.com%2Fwp-admin%2Fimages%2Ficons32-vs-2x.png&path=%2Fhome%2Fclavospa%2Fpublic_html%2Fabeladrian.com%2Fwp-admin%2Fimages HTTP/1.1" 200 2514 "-" "Mozilla/5.0 AppleWebKit/537.36 (KHTML, like Gecko; compatible; ClaudeBot/1.0; +claudebot@anthropic.com)"
216.73.216.223 - - [28/Feb/2026:07:10:26 -0500] "GET /?fileloc=%2Fhome%2Fclavospa%2Fpublic_html%2Fwp-content%2Fuploads%2F2019%2F03%2FGS6-940x400.jpg&path=%2Fhome%2Fclavospa%2Fpublic_html%2Fwp-content%2Fuploads%2F2019%2F03 HTTP/1.1" 200 2517 "-" "Mozilla/5.0 AppleWebKit/537.36 (KHTML, like Gecko; compatible; ClaudeBot/1.0; +claudebot@anthropic.com)"
66.249.79.193 - - [28/Feb/2026:07:10:26 -0500] "GET /?commodity/85632325095 HTTP/1.1" 200 24490 "-" "Mozilla/5.0 (Linux; Android 6.0.1; Nexus 5X Build/MMB29P) AppleWebKit/537.36 (KHTML, like Gecko) Chrome/144.0.7559.132 Mobile Safari/537.36 (compatible; GoogleOther)"
216.73.216.223 - - [28/Feb/2026:07:10:25 -0500] "GET /?fileloc=%2Fhome%2Fclavospa%2Fpublic_html%2Fwp-content%2Fuploads%2F2019%2F03%2FGS4-669x272.jpg&path=%2Fhome%2Fclavospa%2Fpublic_html%2Fwp-content%2Fuploads%2F2019%2F03 HTTP/1.1" 200 2518 "-" "Mozilla/5.0 AppleWebKit/537.36 (KHTML, like Gecko; compatible; ClaudeBot/1.0; +claudebot@anthropic.com)"
216.73.216.223 - - [28/Feb/2026:07:10:27 -0500] "GET /?fileloc=%2Fhome%2Fclavospa%2Fpublic_html%2Fwp-content%2Fuploads%2F2019%2F03%2Funder-300x268.jpg&path=%2Fhome%2Fclavospa%2Fpublic_html%2Fwp-content%2Fuploads%2F2019%2F03 HTTP/1.1" 200 2516 "-" "Mozilla/5.0 AppleWebKit/537.36 (KHTML, like Gecko; compatible; ClaudeBot/1.0; +claudebot@anthropic.com)"
216.73.216.223 - - [28/Feb/2026:07:10:26 -0500] "GET /?fileloc=%2Fhome%2Fclavospa%2Fpublic_html%2Fwp-content%2Fuploads%2F2022%2F07%2FMINOW-320x202.png&path=%2Fhome%2Fclavospa%2Fpublic_html%2Fwp-content%2Fuploads%2F2022%2F07 HTTP/1.1" 200 2518 "-" "Mozilla/5.0 AppleWebKit/537.36 (KHTML, like Gecko; compatible; ClaudeBot/1.0; +claudebot@anthropic.com)"
216.73.216.223 - - [28/Feb/2026:07:10:27 -0500] "GET /?fileloc=%2Fhome%2Fclavospa%2Fpublic_html%2Fwp-content%2Fuploads%2F2019%2F03%2Ftania1.jpg&path=%2Fhome%2Fclavospa%2Fpublic_html%2Fwp-content%2Fuploads%2F2019%2F03 HTTP/1.1" 200 2511 "-" "Mozilla/5.0 AppleWebKit/537.36 (KHTML, like Gecko; compatible; ClaudeBot/1.0; +claudebot@anthropic.com)"
216.73.216.223 - - [28/Feb/2026:07:10:27 -0500] "GET /?fileloc=%2Fhome%2Fclavospa%2Fpublic_html%2Fwp-content%2Fuploads%2F2019%2F03%2Fserge-van-mullen.jpg&path=%2Fhome%2Fclavospa%2Fpublic_html%2Fwp-content%2Fuploads%2F2019%2F03 HTTP/1.1" 200 2517 "-" "Mozilla/5.0 AppleWebKit/537.36 (KHTML, like Gecko; compatible; ClaudeBot/1.0; +claudebot@anthropic.com)"
216.73.216.223 - - [28/Feb/2026:07:10:27 -0500] "GET /?fileloc=%2Fhome%2Fclavospa%2Fpublic_html%2Fwp-content%2Fuploads%2F2019%2F03%2FBLOG2-1024x823.jpg&path=%2Fhome%2Fclavospa%2Fpublic_html%2Fwp-content%2Fuploads%2F2019%2F03 HTTP/1.1" 200 2521 "-" "Mozilla/5.0 AppleWebKit/537.36 (KHTML, like Gecko; compatible; ClaudeBot/1.0; +claudebot@anthropic.com)"
216.73.216.223 - - [28/Feb/2026:07:10:28 -0500] "GET /?fileloc=%2Fhome%2Fclavospa%2Fpublic_html%2Fwp-content%2Fuploads%2F2019%2F03%2FGS5-600x400.jpg&path=%2Fhome%2Fclavospa%2Fpublic_html%2Fwp-content%2Fuploads%2F2019%2F03 HTTP/1.1" 200 2517 "-" "Mozilla/5.0 AppleWebKit/537.36 (KHTML, like Gecko; compatible; ClaudeBot/1.0; +claudebot@anthropic.com)"
216.73.216.223 - - [28/Feb/2026:07:10:27 -0500] "GET /?fileloc=%2Fhome%2Fclavospa%2Fpublic_html%2Fwp-content%2Fuploads%2F2019%2F03%2FGS14-66x66.jpg&path=%2Fhome%2Fclavospa%2Fpublic_html%2Fwp-content%2Fuploads%2F2019%2F03 HTTP/1.1" 200 2517 "-" "Mozilla/5.0 AppleWebKit/537.36 (KHTML, like Gecko; compatible; ClaudeBot/1.0; +claudebot@anthropic.com)"
216.73.216.223 - - [28/Feb/2026:07:10:28 -0500] "GET /?fileloc=%2Fhome%2Fclavospa%2Fpublic_html%2Fwp-content%2Fuploads%2F2019%2F03%2FGS1-460x295.jpg&path=%2Fhome%2Fclavospa%2Fpublic_html%2Fwp-content%2Fuploads%2F2019%2F03 HTTP/1.1" 200 2517 "-" "Mozilla/5.0 AppleWebKit/537.36 (KHTML, like Gecko; compatible; ClaudeBot/1.0; +claudebot@anthropic.com)"
