216.73.216.223 - - [28/Feb/2026:07:10:28 -0500] "GET /?fileloc=%2Fhome%2Fclavospa%2Fpublic_html%2Fwp-content%2Fuploads%2F2019%2F03%2FGS9-177x142.jpg&path=%2Fhome%2Fclavospa%2Fpublic_html%2Fwp-content%2Fuploads%2F2019%2F03 HTTP/1.1" 200 2518 "-" "Mozilla/5.0 AppleWebKit/537.36 (KHTML, like Gecko; compatible; ClaudeBot/1.0; +claudebot@anthropic.com)"
216.73.216.223 - - [28/Feb/2026:07:10:29 -0500] "GET /?fileloc=%2Fhome%2Fclavospa%2Fpublic_html%2Fwp-content%2Fuploads%2F2019%2F03%2Funder-600x536.jpg&path=%2Fhome%2Fclavospa%2Fpublic_html%2Fwp-content%2Fuploads%2F2019%2F03 HTTP/1.1" 200 2516 "-" "Mozilla/5.0 AppleWebKit/537.36 (KHTML, like Gecko; compatible; ClaudeBot/1.0; +claudebot@anthropic.com)"
66.249.79.67 - - [28/Feb/2026:07:10:29 -0500] "GET /commodity/85631885825 HTTP/1.1" 200 24138 "-" "Mozilla/5.0 (Linux; Android 6.0.1; Nexus 5X Build/MMB29P) AppleWebKit/537.36 (KHTML, like Gecko) Chrome/144.0.7559.132 Mobile Safari/537.36 (compatible; GoogleOther)"
216.73.216.223 - - [28/Feb/2026:07:10:29 -0500] "GET /?fileloc=%2Fhome%2Fclavospa%2Fpublic_html%2Fwp-content%2Fuploads%2F2019%2F03%2Fteslab2-669x272.jpg&path=%2Fhome%2Fclavospa%2Fpublic_html%2Fwp-content%2Fuploads%2F2019%2F03 HTTP/1.1" 200 2520 "-" "Mozilla/5.0 AppleWebKit/537.36 (KHTML, like Gecko; compatible; ClaudeBot/1.0; +claudebot@anthropic.com)"
216.73.216.223 - - [28/Feb/2026:07:10:29 -0500] "GET /?fileloc=%2Fhome%2Fclavospa%2Fpublic_html%2Fwp-content%2Fuploads%2F2019%2F03%2Fl3-66x66.jpg&path=%2Fhome%2Fclavospa%2Fpublic_html%2Fwp-content%2Fuploads%2F2019%2F03 HTTP/1.1" 200 2514 "-" "Mozilla/5.0 AppleWebKit/537.36 (KHTML, like Gecko; compatible; ClaudeBot/1.0; +claudebot@anthropic.com)"
216.73.216.223 - - [28/Feb/2026:07:10:29 -0500] "GET /?fileloc=%2Fhome%2Fclavospa%2Fpublic_html%2Fwp-content%2Fuploads%2F2019%2F03%2Fteslab2-200x260.jpg&path=%2Fhome%2Fclavospa%2Fpublic_html%2Fwp-content%2Fuploads%2F2019%2F03 HTTP/1.1" 200 2520 "-" "Mozilla/5.0 AppleWebKit/537.36 (KHTML, like Gecko; compatible; ClaudeBot/1.0; +claudebot@anthropic.com)"
216.73.216.61 - - [28/Feb/2026:07:10:29 -0500] "GET /product/mi-cima-ii?fileloc=%2Fhome%2Fclavospa%2Fwww%2Fwp-content%2Fuploads%2F2019%2F03%2Fatmosfera-1-CLAVO-CC-300x214.jpg&path=%2Fhome%2Fclavospa%2Fwww%2Fwp-content%2Fuploads%2F2019%2F03 HTTP/1.1" 200 2526 "-" "Mozilla/5.0 AppleWebKit/537.36 (KHTML, like Gecko; compatible; ClaudeBot/1.0; +claudebot@anthropic.com)"
216.73.216.223 - - [28/Feb/2026:07:10:29 -0500] "GET /?fileloc=%2Fhome%2Fclavospa%2Fpublic_html%2Fwp-content%2Fuploads%2F2019%2F03%2FGS8-540x272.jpg&path=%2Fhome%2Fclavospa%2Fpublic_html%2Fwp-content%2Fuploads%2F2019%2F03 HTTP/1.1" 200 2517 "-" "Mozilla/5.0 AppleWebKit/537.36 (KHTML, like Gecko; compatible; ClaudeBot/1.0; +claudebot@anthropic.com)"
216.73.216.223 - - [28/Feb/2026:07:10:30 -0500] "GET /?fileloc=%2Fhome%2Fclavospa%2Fpublic_html%2Fwp-content%2Fuploads%2F2019%2F03%2Fl7-66x66.jpg&path=%2Fhome%2Fclavospa%2Fpublic_html%2Fwp-content%2Fuploads%2F2019%2F03 HTTP/1.1" 200 2514 "-" "Mozilla/5.0 AppleWebKit/537.36 (KHTML, like Gecko; compatible; ClaudeBot/1.0; +claudebot@anthropic.com)"
216.73.216.223 - - [28/Feb/2026:07:10:30 -0500] "GET /?fileloc=%2Fhome%2Fclavospa%2Fpublic_html%2Fwp-content%2Fuploads%2F2019%2F03%2Fl8-700x441.jpg&path=%2Fhome%2Fclavospa%2Fpublic_html%2Fwp-content%2Fuploads%2F2019%2F03 HTTP/1.1" 200 2515 "-" "Mozilla/5.0 AppleWebKit/537.36 (KHTML, like Gecko; compatible; ClaudeBot/1.0; +claudebot@anthropic.com)"
216.73.216.223 - - [28/Feb/2026:07:10:30 -0500] "GET /?fileloc=%2Fhome%2Fclavospa%2Fpublic_html%2Fwp-content%2Fuploads%2F2019%2F03%2FBLOG2-200x161.jpg&path=%2Fhome%2Fclavospa%2Fpublic_html%2Fwp-content%2Fuploads%2F2019%2F03 HTTP/1.1" 200 2520 "-" "Mozilla/5.0 AppleWebKit/537.36 (KHTML, like Gecko; compatible; ClaudeBot/1.0; +claudebot@anthropic.com)"
216.73.216.223 - - [28/Feb/2026:07:10:31 -0500] "GET /?fileloc=%2Fhome%2Fclavospa%2Fpublic_html%2Fwp-content%2Fuploads%2F2019%2F03%2Fl4-66x66.jpg&path=%2Fhome%2Fclavospa%2Fpublic_html%2Fwp-content%2Fuploads%2F2019%2F03 HTTP/1.1" 200 2514 "-" "Mozilla/5.0 AppleWebKit/537.36 (KHTML, like Gecko; compatible; ClaudeBot/1.0; +claudebot@anthropic.com)"
216.73.216.223 - - [28/Feb/2026:07:10:31 -0500] "GET /?fileloc=%2Fhome%2Fclavospa%2Fpublic_html%2Fwp-content%2Fuploads%2F2019%2F03%2FBLOG2-177x142.jpg&path=%2Fhome%2Fclavospa%2Fpublic_html%2Fwp-content%2Fuploads%2F2019%2F03 HTTP/1.1" 200 2520 "-" "Mozilla/5.0 AppleWebKit/537.36 (KHTML, like Gecko; compatible; ClaudeBot/1.0; +claudebot@anthropic.com)"
216.73.216.223 - - [28/Feb/2026:07:10:31 -0500] "GET /?fileloc=%2Fhome%2Fclavospa%2Fpublic_html%2Fabeladrian.com%2Fwp-admin%2Fimages%2Ficons32-2x.png&path=%2Fhome%2Fclavospa%2Fpublic_html%2Fabeladrian.com%2Fwp-admin%2Fimages HTTP/1.1" 200 2511 "-" "Mozilla/5.0 AppleWebKit/537.36 (KHTML, like Gecko; compatible; ClaudeBot/1.0; +claudebot@anthropic.com)"
216.73.216.223 - - [28/Feb/2026:07:10:31 -0500] "GET /?fileloc=%2Fhome%2Fclavospa%2Fpublic_html%2Fwp-content%2Fuploads%2F2019%2F03%2FGS6-460x295.jpg&path=%2Fhome%2Fclavospa%2Fpublic_html%2Fwp-content%2Fuploads%2F2019%2F03 HTTP/1.1" 200 2517 "-" "Mozilla/5.0 AppleWebKit/537.36 (KHTML, like Gecko; compatible; ClaudeBot/1.0; +claudebot@anthropic.com)"
216.73.216.223 - - [28/Feb/2026:07:10:31 -0500] "GET /?fileloc=%2Fhome%2Fclavospa%2Fpublic_html%2Fwp-content%2Fuploads%2F2019%2F03%2FGS11-700x441.jpg&path=%2Fhome%2Fclavospa%2Fpublic_html%2Fwp-content%2Fuploads%2F2019%2F03 HTTP/1.1" 200 2518 "-" "Mozilla/5.0 AppleWebKit/537.36 (KHTML, like Gecko; compatible; ClaudeBot/1.0; +claudebot@anthropic.com)"
66.249.79.193 - - [28/Feb/2026:07:10:33 -0500] "GET /commodity/85621565382 HTTP/1.1" 200 24448 "-" "Mozilla/5.0 (Linux; Android 6.0.1; Nexus 5X Build/MMB29P) AppleWebKit/537.36 (KHTML, like Gecko) Chrome/144.0.7559.132 Mobile Safari/537.36 (compatible; GoogleOther)"
216.73.216.223 - - [28/Feb/2026:07:10:32 -0500] "GET /?fileloc=%2Fhome%2Fclavospa%2Fpublic_html%2Fwp-content%2Fuploads%2F2019%2F03%2FJ2-700x441.jpg&path=%2Fhome%2Fclavospa%2Fpublic_html%2Fwp-content%2Fuploads%2F2019%2F03 HTTP/1.1" 200 2516 "-" "Mozilla/5.0 AppleWebKit/537.36 (KHTML, like Gecko; compatible; ClaudeBot/1.0; +claudebot@anthropic.com)"
216.73.216.223 - - [28/Feb/2026:07:10:33 -0500] "GET /?fileloc=%2Fhome%2Fclavospa%2Fpublic_html%2Fwp-content%2Fuploads%2F2019%2F03%2FGS9-540x272.jpg&path=%2Fhome%2Fclavospa%2Fpublic_html%2Fwp-content%2Fuploads%2F2019%2F03 HTTP/1.1" 200 2517 "-" "Mozilla/5.0 AppleWebKit/537.36 (KHTML, like Gecko; compatible; ClaudeBot/1.0; +claudebot@anthropic.com)"
216.73.216.223 - - [28/Feb/2026:07:10:33 -0500] "GET /?fileloc=%2Fhome%2Fclavospa%2Fpublic_html%2Fwp-content%2Fuploads%2F2019%2F03%2Fartists-bg.jpg&path=%2Fhome%2Fclavospa%2Fpublic_html%2Fwp-content%2Fuploads%2F2019%2F03 HTTP/1.1" 200 2515 "-" "Mozilla/5.0 AppleWebKit/537.36 (KHTML, like Gecko; compatible; ClaudeBot/1.0; +claudebot@anthropic.com)"
216.73.216.223 - - [28/Feb/2026:07:10:33 -0500] "GET /?fileloc=%2Fhome%2Fclavospa%2Fpublic_html%2Fwp-content%2Fuploads%2F2019%2F03%2Fabe5-320x202.jpg&path=%2Fhome%2Fclavospa%2Fpublic_html%2Fwp-content%2Fuploads%2F2019%2F03 HTTP/1.1" 200 2516 "-" "Mozilla/5.0 AppleWebKit/537.36 (KHTML, like Gecko; compatible; ClaudeBot/1.0; +claudebot@anthropic.com)"
216.73.216.223 - - [28/Feb/2026:07:10:33 -0500] "GET /?fileloc=%2Fhome%2Fclavospa%2Fpublic_html%2Fwp-content%2Fuploads%2F2019%2F03%2FGS7-600x400.jpg&path=%2Fhome%2Fclavospa%2Fpublic_html%2Fwp-content%2Fuploads%2F2019%2F03 HTTP/1.1" 200 2517 "-" "Mozilla/5.0 AppleWebKit/537.36 (KHTML, like Gecko; compatible; ClaudeBot/1.0; +claudebot@anthropic.com)"
216.73.216.223 - - [28/Feb/2026:07:10:33 -0500] "GET /?fileloc=%2Fhome%2Fclavospa%2Fpublic_html%2Fwp-content%2Fuploads%2F2019%2F03%2FGS4-600x400.jpg&path=%2Fhome%2Fclavospa%2Fpublic_html%2Fwp-content%2Fuploads%2F2019%2F03 HTTP/1.1" 200 2517 "-" "Mozilla/5.0 AppleWebKit/537.36 (KHTML, like Gecko; compatible; ClaudeBot/1.0; +claudebot@anthropic.com)"
216.73.216.223 - - [28/Feb/2026:07:10:33 -0500] "GET /?fileloc=%2Fhome%2Fclavospa%2Fpublic_html%2Fwp-content%2Fuploads%2F2019%2F03%2FGS3-540x272.jpg&path=%2Fhome%2Fclavospa%2Fpublic_html%2Fwp-content%2Fuploads%2F2019%2F03 HTTP/1.1" 200 2517 "-" "Mozilla/5.0 AppleWebKit/537.36 (KHTML, like Gecko; compatible; ClaudeBot/1.0; +claudebot@anthropic.com)"
216.73.216.223 - - [28/Feb/2026:07:10:34 -0500] "GET /?fileloc=%2Fhome%2Fclavospa%2Fpublic_html%2Fwp-content%2Fuploads%2F2019%2F03%2FGS5-540x272.jpg&path=%2Fhome%2Fclavospa%2Fpublic_html%2Fwp-content%2Fuploads%2F2019%2F03 HTTP/1.1" 200 2517 "-" "Mozilla/5.0 AppleWebKit/537.36 (KHTML, like Gecko; compatible; ClaudeBot/1.0; +claudebot@anthropic.com)"
216.73.216.61 - - [28/Feb/2026:07:10:34 -0500] "GET /product/mi-cima-ii?fileloc=%2Fhome%2Fclavospa%2Fwww%2Fwp-content%2Fuploads%2F2025%2F09%2Fclemente-profile-768x772.png&path=%2Fhome%2Fclavospa%2Fwww%2Fwp-content%2Fuploads%2F2025%2F09 HTTP/1.1" 200 2513 "-" "Mozilla/5.0 AppleWebKit/537.36 (KHTML, like Gecko; compatible; ClaudeBot/1.0; +claudebot@anthropic.com)"
216.73.216.223 - - [28/Feb/2026:07:10:35 -0500] "GET /?fileloc=%2Fhome%2Fclavospa%2Fpublic_html%2Fwp-content%2Fuploads%2F2019%2F03%2FGS12-700x441.jpg&path=%2Fhome%2Fclavospa%2Fpublic_html%2Fwp-content%2Fuploads%2F2019%2F03 HTTP/1.1" 200 2518 "-" "Mozilla/5.0 AppleWebKit/537.36 (KHTML, like Gecko; compatible; ClaudeBot/1.0; +claudebot@anthropic.com)"
216.73.216.223 - - [28/Feb/2026:07:10:34 -0500] "GET /?fileloc=%2Fhome%2Fclavospa%2Fpublic_html%2Fwp-content%2Fuploads%2F2019%2F03%2Fl6-669x272.png&path=%2Fhome%2Fclavospa%2Fpublic_html%2Fwp-content%2Fuploads%2F2019%2F03 HTTP/1.1" 200 2515 "-" "Mozilla/5.0 AppleWebKit/537.36 (KHTML, like Gecko; compatible; ClaudeBot/1.0; +claudebot@anthropic.com)"
216.73.216.223 - - [28/Feb/2026:07:10:35 -0500] "GET /?fileloc=%2Fhome%2Fclavospa%2Fpublic_html%2Fwp-content%2Fuploads%2F2019%2F03%2FGS13-700x441.jpg&path=%2Fhome%2Fclavospa%2Fpublic_html%2Fwp-content%2Fuploads%2F2019%2F03 HTTP/1.1" 200 2518 "-" "Mozilla/5.0 AppleWebKit/537.36 (KHTML, like Gecko; compatible; ClaudeBot/1.0; +claudebot@anthropic.com)"
66.249.79.74 - - [28/Feb/2026:07:10:36 -0500] "GET /?commodity/8560709752 HTTP/1.1" 200 24517 "-" "Mozilla/5.0 (Linux; Android 6.0.1; Nexus 5X Build/MMB29P) AppleWebKit/537.36 (KHTML, like Gecko) Chrome/144.0.7559.132 Mobile Safari/537.36 (compatible; GoogleOther)"
216.73.216.223 - - [28/Feb/2026:07:10:35 -0500] "GET /?fileloc=%2Fhome%2Fclavospa%2Fpublic_html%2Fwp-content%2Fuploads%2F2019%2F03%2FGS7-177x142.jpg&path=%2Fhome%2Fclavospa%2Fpublic_html%2Fwp-content%2Fuploads%2F2019%2F03 HTTP/1.1" 200 2518 "-" "Mozilla/5.0 AppleWebKit/537.36 (KHTML, like Gecko; compatible; ClaudeBot/1.0; +claudebot@anthropic.com)"
216.73.216.223 - - [28/Feb/2026:07:10:36 -0500] "GET /?fileloc=%2Fhome%2Fclavospa%2Fpublic_html%2Fwp-content%2Fuploads%2F2019%2F03%2FGS4-177x142.jpg&path=%2Fhome%2Fclavospa%2Fpublic_html%2Fwp-content%2Fuploads%2F2019%2F03 HTTP/1.1" 200 2518 "-" "Mozilla/5.0 AppleWebKit/537.36 (KHTML, like Gecko; compatible; ClaudeBot/1.0; +claudebot@anthropic.com)"
216.73.216.223 - - [28/Feb/2026:07:10:35 -0500] "GET /?fileloc=%2Fhome%2Fclavospa%2Fpublic_html%2Fwp-content%2Fuploads%2F2019%2F03%2FGS11-1024x683.jpg&path=%2Fhome%2Fclavospa%2Fpublic_html%2Fwp-content%2Fuploads%2F2019%2F03 HTTP/1.1" 200 2519 "-" "Mozilla/5.0 AppleWebKit/537.36 (KHTML, like Gecko; compatible; ClaudeBot/1.0; +claudebot@anthropic.com)"
216.73.216.223 - - [28/Feb/2026:07:10:35 -0500] "GET /?fileloc=%2Fhome%2Fclavospa%2Fpublic_html%2Fwp-content%2Fuploads%2F2019%2F03%2Fl6-766x400.png&path=%2Fhome%2Fclavospa%2Fpublic_html%2Fwp-content%2Fuploads%2F2019%2F03 HTTP/1.1" 200 2515 "-" "Mozilla/5.0 AppleWebKit/537.36 (KHTML, like Gecko; compatible; ClaudeBot/1.0; +claudebot@anthropic.com)"
216.73.216.223 - - [28/Feb/2026:07:10:36 -0500] "GET /?fileloc=%2Fhome%2Fclavospa%2Fpublic_html%2Fwp-content%2Fuploads%2F2019%2F03%2FBLOG2-540x272.jpg&path=%2Fhome%2Fclavospa%2Fpublic_html%2Fwp-content%2Fuploads%2F2019%2F03 HTTP/1.1" 200 2520 "-" "Mozilla/5.0 AppleWebKit/537.36 (KHTML, like Gecko; compatible; ClaudeBot/1.0; +claudebot@anthropic.com)"
216.73.216.223 - - [28/Feb/2026:07:10:36 -0500] "GET /?fileloc=%2Fhome%2Fclavospa%2Fpublic_html%2Fwp-content%2Fuploads%2F2019%2F03%2FGS3-768x431.jpg&path=%2Fhome%2Fclavospa%2Fpublic_html%2Fwp-content%2Fuploads%2F2019%2F03 HTTP/1.1" 200 2517 "-" "Mozilla/5.0 AppleWebKit/537.36 (KHTML, like Gecko; compatible; ClaudeBot/1.0; +claudebot@anthropic.com)"
216.73.216.223 - - [28/Feb/2026:07:10:37 -0500] "GET /?fileloc=%2Fhome%2Fclavospa%2Fpublic_html%2Fwp-content%2Fuploads%2F2019%2F03%2FGS6-800x534.jpg&path=%2Fhome%2Fclavospa%2Fpublic_html%2Fwp-content%2Fuploads%2F2019%2F03 HTTP/1.1" 200 2517 "-" "Mozilla/5.0 AppleWebKit/537.36 (KHTML, like Gecko; compatible; ClaudeBot/1.0; +claudebot@anthropic.com)"
216.73.216.223 - - [28/Feb/2026:07:10:37 -0500] "GET /?fileloc=%2Fhome%2Fclavospa%2Fpublic_html%2Flatitud212.com%2Fwp-admin%2Fimages%2Fbrowser.png&path=%2Fhome%2Fclavospa%2Fpublic_html%2Flatitud212.com%2Fwp-admin%2Fimages HTTP/1.1" 200 2510 "-" "Mozilla/5.0 AppleWebKit/537.36 (KHTML, like Gecko; compatible; ClaudeBot/1.0; +claudebot@anthropic.com)"
216.73.216.223 - - [28/Feb/2026:07:10:38 -0500] "GET /?fileloc=%2Fhome%2Fclavospa%2Fpublic_html%2Fwp-content%2Fuploads%2F2019%2F03%2FGS1-150x150.jpg&path=%2Fhome%2Fclavospa%2Fpublic_html%2Fwp-content%2Fuploads%2F2019%2F03 HTTP/1.1" 200 2516 "-" "Mozilla/5.0 AppleWebKit/537.36 (KHTML, like Gecko; compatible; ClaudeBot/1.0; +claudebot@anthropic.com)"
216.73.216.223 - - [28/Feb/2026:07:10:38 -0500] "GET /?fileloc=%2Fhome%2Fclavospa%2Fpublic_html%2Fwp-content%2Fuploads%2F2019%2F03%2FGS10-700x441.jpg&path=%2Fhome%2Fclavospa%2Fpublic_html%2Fwp-content%2Fuploads%2F2019%2F03 HTTP/1.1" 200 2518 "-" "Mozilla/5.0 AppleWebKit/537.36 (KHTML, like Gecko; compatible; ClaudeBot/1.0; +claudebot@anthropic.com)"
216.73.216.223 - - [28/Feb/2026:07:10:37 -0500] "GET /?fileloc=%2Fhome%2Fclavospa%2Fpublic_html%2Fwp-content%2Fuploads%2F2019%2F03%2FGS8-940x400.jpg&path=%2Fhome%2Fclavospa%2Fpublic_html%2Fwp-content%2Fuploads%2F2019%2F03 HTTP/1.1" 200 2517 "-" "Mozilla/5.0 AppleWebKit/537.36 (KHTML, like Gecko; compatible; ClaudeBot/1.0; +claudebot@anthropic.com)"
216.73.216.223 - - [28/Feb/2026:07:10:38 -0500] "GET /?fileloc=%2Fhome%2Fclavospa%2Fpublic_html%2Fwp-content%2Fuploads%2F2019%2F03%2Fteslab2-231x300.jpg&path=%2Fhome%2Fclavospa%2Fpublic_html%2Fwp-content%2Fuploads%2F2019%2F03 HTTP/1.1" 200 2520 "-" "Mozilla/5.0 AppleWebKit/537.36 (KHTML, like Gecko; compatible; ClaudeBot/1.0; +claudebot@anthropic.com)"
216.73.216.223 - - [28/Feb/2026:07:10:38 -0500] "GET /?fileloc=%2Fhome%2Fclavospa%2Fpublic_html%2Fwp-content%2Fuploads%2F2022%2F07%2FSTUVI-300x214.png&path=%2Fhome%2Fclavospa%2Fpublic_html%2Fwp-content%2Fuploads%2F2022%2F07 HTTP/1.1" 200 2520 "-" "Mozilla/5.0 AppleWebKit/537.36 (KHTML, like Gecko; compatible; ClaudeBot/1.0; +claudebot@anthropic.com)"
66.249.79.67 - - [28/Feb/2026:07:10:39 -0500] "GET /commodity/85631953369 HTTP/1.1" 200 24748 "-" "Mozilla/5.0 (Linux; Android 6.0.1; Nexus 5X Build/MMB29P) AppleWebKit/537.36 (KHTML, like Gecko) Chrome/144.0.7559.132 Mobile Safari/537.36 (compatible; GoogleOther)"
216.73.216.223 - - [28/Feb/2026:07:10:38 -0500] "GET /?fileloc=%2Fhome%2Fclavospa%2Fpublic_html%2Fwp-content%2Fuploads%2F2019%2F03%2Fteslab2-177x142.jpg&path=%2Fhome%2Fclavospa%2Fpublic_html%2Fwp-content%2Fuploads%2F2019%2F03 HTTP/1.1" 200 2520 "-" "Mozilla/5.0 AppleWebKit/537.36 (KHTML, like Gecko; compatible; ClaudeBot/1.0; +claudebot@anthropic.com)"
216.73.216.223 - - [28/Feb/2026:07:10:39 -0500] "GET /?fileloc=%2Fhome%2Fclavospa%2Fpublic_html%2Fwp-content%2Fuploads%2F2019%2F03%2Funder-669x272.jpg&path=%2Fhome%2Fclavospa%2Fpublic_html%2Fwp-content%2Fuploads%2F2019%2F03 HTTP/1.1" 200 2517 "-" "Mozilla/5.0 AppleWebKit/537.36 (KHTML, like Gecko; compatible; ClaudeBot/1.0; +claudebot@anthropic.com)"
216.73.216.61 - - [28/Feb/2026:07:10:39 -0500] "GET /product/mi-cima-ii?fileloc=%2Fhome%2Fclavospa%2Fwww%2Fwp-content%2Fuploads%2F2021%2F03%2F6-800x422.jpg&path=%2Fhome%2Fclavospa%2Fwww%2Fwp-content%2Fuploads%2F2021%2F03 HTTP/1.1" 200 2507 "-" "Mozilla/5.0 AppleWebKit/537.36 (KHTML, like Gecko; compatible; ClaudeBot/1.0; +claudebot@anthropic.com)"
216.73.216.223 - - [28/Feb/2026:07:10:39 -0500] "GET /?fileloc=%2Fhome%2Fclavospa%2Fpublic_html%2Fwp-content%2Fuploads%2F2019%2F03%2FGS14-700x441.jpg&path=%2Fhome%2Fclavospa%2Fpublic_html%2Fwp-content%2Fuploads%2F2019%2F03 HTTP/1.1" 200 2518 "-" "Mozilla/5.0 AppleWebKit/537.36 (KHTML, like Gecko; compatible; ClaudeBot/1.0; +claudebot@anthropic.com)"
216.73.216.223 - - [28/Feb/2026:07:10:39 -0500] "GET /?fileloc=%2Fhome%2Fclavospa%2Fpublic_html%2Fwp-content%2Fuploads%2F2019%2F03%2Fl3-700x441.jpg&path=%2Fhome%2Fclavospa%2Fpublic_html%2Fwp-content%2Fuploads%2F2019%2F03 HTTP/1.1" 200 2515 "-" "Mozilla/5.0 AppleWebKit/537.36 (KHTML, like Gecko; compatible; ClaudeBot/1.0; +claudebot@anthropic.com)"
216.73.216.223 - - [28/Feb/2026:07:10:39 -0500] "GET /?fileloc=%2Fhome%2Fclavospa%2Fpublic_html%2Fwp-content%2Fuploads%2F2019%2F03%2FGS12-1024x683.jpg&path=%2Fhome%2Fclavospa%2Fpublic_html%2Fwp-content%2Fuploads%2F2019%2F03 HTTP/1.1" 200 2519 "-" "Mozilla/5.0 AppleWebKit/537.36 (KHTML, like Gecko; compatible; ClaudeBot/1.0; +claudebot@anthropic.com)"
216.73.216.223 - - [28/Feb/2026:07:10:40 -0500] "GET /?fileloc=%2Fhome%2Fclavospa%2Fpublic_html%2Fwp-content%2Fuploads%2F2019%2F03%2FGS13-1024x683.jpg&path=%2Fhome%2Fclavospa%2Fpublic_html%2Fwp-content%2Fuploads%2F2019%2F03 HTTP/1.1" 200 2519 "-" "Mozilla/5.0 AppleWebKit/537.36 (KHTML, like Gecko; compatible; ClaudeBot/1.0; +claudebot@anthropic.com)"
216.73.216.223 - - [28/Feb/2026:07:10:40 -0500] "GET /?fileloc=%2Fhome%2Fclavospa%2Fpublic_html%2Fwp-content%2Fuploads%2F2019%2F03%2FGS14-1024x708.jpg&path=%2Fhome%2Fclavospa%2Fpublic_html%2Fwp-content%2Fuploads%2F2019%2F03 HTTP/1.1" 200 2519 "-" "Mozilla/5.0 AppleWebKit/537.36 (KHTML, like Gecko; compatible; ClaudeBot/1.0; +claudebot@anthropic.com)"
216.73.216.223 - - [28/Feb/2026:07:10:40 -0500] "GET /?fileloc=%2Fhome%2Fclavospa%2Fpublic_html%2Fwp-content%2Fuploads%2F2019%2F03%2FGS1-1019x1024.jpg&path=%2Fhome%2Fclavospa%2Fpublic_html%2Fwp-content%2Fuploads%2F2019%2F03 HTTP/1.1" 200 2518 "-" "Mozilla/5.0 AppleWebKit/537.36 (KHTML, like Gecko; compatible; ClaudeBot/1.0; +claudebot@anthropic.com)"
216.73.216.223 - - [28/Feb/2026:07:10:41 -0500] "GET /?fileloc=%2Fhome%2Fclavospa%2Fpublic_html%2Fwp-content%2Fuploads%2F2019%2F03%2FGS7-540x272.jpg&path=%2Fhome%2Fclavospa%2Fpublic_html%2Fwp-content%2Fuploads%2F2019%2F03 HTTP/1.1" 200 2518 "-" "Mozilla/5.0 AppleWebKit/537.36 (KHTML, like Gecko; compatible; ClaudeBot/1.0; +claudebot@anthropic.com)"
216.73.216.223 - - [28/Feb/2026:07:10:41 -0500] "GET /?fileloc=%2Fhome%2Fclavospa%2Fpublic_html%2Fwp-content%2Fuploads%2F2019%2F03%2Fl6-600x867.png&path=%2Fhome%2Fclavospa%2Fpublic_html%2Fwp-content%2Fuploads%2F2019%2F03 HTTP/1.1" 200 2514 "-" "Mozilla/5.0 AppleWebKit/537.36 (KHTML, like Gecko; compatible; ClaudeBot/1.0; +claudebot@anthropic.com)"
66.249.79.193 - - [28/Feb/2026:07:10:42 -0500] "GET /commodity/85611437610 HTTP/1.1" 200 24659 "-" "Mozilla/5.0 (Linux; Android 6.0.1; Nexus 5X Build/MMB29P) AppleWebKit/537.36 (KHTML, like Gecko) Chrome/144.0.7559.132 Mobile Safari/537.36 (compatible; GoogleOther)"
216.73.216.223 - - [28/Feb/2026:07:10:41 -0500] "GET /?fileloc=%2Fhome%2Fclavospa%2Fpublic_html%2Fwp-content%2Fuploads%2F2019%2F03%2Fmatt-post-700x441.jpg&path=%2Fhome%2Fclavospa%2Fpublic_html%2Fwp-content%2Fuploads%2F2019%2F03 HTTP/1.1" 200 2519 "-" "Mozilla/5.0 AppleWebKit/537.36 (KHTML, like Gecko; compatible; ClaudeBot/1.0; +claudebot@anthropic.com)"
216.73.216.223 - - [28/Feb/2026:07:10:41 -0500] "GET /?fileloc=%2Fhome%2Fclavospa%2Fpublic_html%2Fwp-content%2Fuploads%2F2019%2F03%2FGS9-940x400.jpg&path=%2Fhome%2Fclavospa%2Fpublic_html%2Fwp-content%2Fuploads%2F2019%2F03 HTTP/1.1" 200 2517 "-" "Mozilla/5.0 AppleWebKit/537.36 (KHTML, like Gecko; compatible; ClaudeBot/1.0; +claudebot@anthropic.com)"
216.73.216.223 - - [28/Feb/2026:07:10:42 -0500] "GET /?fileloc=%2Fhome%2Fclavospa%2Fpublic_html%2Fwp-content%2Fuploads%2F2019%2F03%2Fexh-cta-list.jpg&path=%2Fhome%2Fclavospa%2Fpublic_html%2Fwp-content%2Fuploads%2F2019%2F03 HTTP/1.1" 200 2516 "-" "Mozilla/5.0 AppleWebKit/537.36 (KHTML, like Gecko; compatible; ClaudeBot/1.0; +claudebot@anthropic.com)"
216.73.216.223 - - [28/Feb/2026:07:10:42 -0500] "GET /?fileloc=%2Fhome%2Fclavospa%2Fpublic_html%2Fwp-content%2Fuploads%2F2019%2F03%2FGS6-150x150.jpg&path=%2Fhome%2Fclavospa%2Fpublic_html%2Fwp-content%2Fuploads%2F2019%2F03 HTTP/1.1" 200 2516 "-" "Mozilla/5.0 AppleWebKit/537.36 (KHTML, like Gecko; compatible; ClaudeBot/1.0; +claudebot@anthropic.com)"
216.73.216.223 - - [28/Feb/2026:07:10:42 -0500] "GET /?fileloc=%2Fhome%2Fclavospa%2Fpublic_html%2Fwp-content%2Fuploads%2F2019%2F03%2FGS4-540x272.jpg&path=%2Fhome%2Fclavospa%2Fpublic_html%2Fwp-content%2Fuploads%2F2019%2F03 HTTP/1.1" 200 2517 "-" "Mozilla/5.0 AppleWebKit/537.36 (KHTML, like Gecko; compatible; ClaudeBot/1.0; +claudebot@anthropic.com)"
216.73.216.223 - - [28/Feb/2026:07:10:42 -0500] "GET /?fileloc=%2Fhome%2Fclavospa%2Fpublic_html%2Fwp-content%2Fuploads%2F2019%2F03%2Fl7-700x441.jpg&path=%2Fhome%2Fclavospa%2Fpublic_html%2Fwp-content%2Fuploads%2F2019%2F03 HTTP/1.1" 200 2515 "-" "Mozilla/5.0 AppleWebKit/537.36 (KHTML, like Gecko; compatible; ClaudeBot/1.0; +claudebot@anthropic.com)"
216.73.216.223 - - [28/Feb/2026:07:10:43 -0500] "GET /?fileloc=%2Fhome%2Fclavospa%2Fpublic_html%2Fwp-content%2Fuploads%2F2019%2F03%2FGS3-1024x575.jpg&path=%2Fhome%2Fclavospa%2Fpublic_html%2Fwp-content%2Fuploads%2F2019%2F03 HTTP/1.1" 200 2518 "-" "Mozilla/5.0 AppleWebKit/537.36 (KHTML, like Gecko; compatible; ClaudeBot/1.0; +claudebot@anthropic.com)"
216.73.216.223 - - [28/Feb/2026:07:10:43 -0500] "GET /?fileloc=%2Fhome%2Fclavospa%2Fpublic_html%2Fwp-content%2Fuploads%2F2019%2F03%2FGS3-940x400.jpg&path=%2Fhome%2Fclavospa%2Fpublic_html%2Fwp-content%2Fuploads%2F2019%2F03 HTTP/1.1" 200 2517 "-" "Mozilla/5.0 AppleWebKit/537.36 (KHTML, like Gecko; compatible; ClaudeBot/1.0; +claudebot@anthropic.com)"
216.73.216.223 - - [28/Feb/2026:07:10:43 -0500] "GET /?fileloc=%2Fhome%2Fclavospa%2Fpublic_html%2Fwp-content%2Fuploads%2F2019%2F03%2FGS8-460x295.jpg&path=%2Fhome%2Fclavospa%2Fpublic_html%2Fwp-content%2Fuploads%2F2019%2F03 HTTP/1.1" 200 2517 "-" "Mozilla/5.0 AppleWebKit/537.36 (KHTML, like Gecko; compatible; ClaudeBot/1.0; +claudebot@anthropic.com)"
216.73.216.223 - - [28/Feb/2026:07:10:44 -0500] "GET /?fileloc=%2Fhome%2Fclavospa%2Fpublic_html%2Fwp-content%2Fuploads%2F2019%2F03%2FGS5-940x400.jpg&path=%2Fhome%2Fclavospa%2Fpublic_html%2Fwp-content%2Fuploads%2F2019%2F03 HTTP/1.1" 200 2517 "-" "Mozilla/5.0 AppleWebKit/537.36 (KHTML, like Gecko; compatible; ClaudeBot/1.0; +claudebot@anthropic.com)"
216.73.216.223 - - [28/Feb/2026:07:10:44 -0500] "GET /?fileloc=%2Fhome%2Fclavospa%2Fpublic_html%2Fwp-content%2Fuploads%2F2019%2F03%2Fhergo-post-320x202.jpg&path=%2Fhome%2Fclavospa%2Fpublic_html%2Fwp-content%2Fuploads%2F2019%2F03 HTTP/1.1" 200 2521 "-" "Mozilla/5.0 AppleWebKit/537.36 (KHTML, like Gecko; compatible; ClaudeBot/1.0; +claudebot@anthropic.com)"
216.73.216.223 - - [28/Feb/2026:07:10:44 -0500] "GET /?fileloc=%2Fhome%2Fclavospa%2Fpublic_html%2Fwp-content%2Fuploads%2F2019%2F03%2Fl6-709x1024.png&path=%2Fhome%2Fclavospa%2Fpublic_html%2Fwp-content%2Fuploads%2F2019%2F03 HTTP/1.1" 200 2515 "-" "Mozilla/5.0 AppleWebKit/537.36 (KHTML, like Gecko; compatible; ClaudeBot/1.0; +claudebot@anthropic.com)"
216.73.216.223 - - [28/Feb/2026:07:10:44 -0500] "GET /?fileloc=%2Fhome%2Fclavospa%2Fpublic_html%2Fwp-content%2Fuploads%2F2019%2F03%2Fteslab2-540x272.jpg&path=%2Fhome%2Fclavospa%2Fpublic_html%2Fwp-content%2Fuploads%2F2019%2F03 HTTP/1.1" 200 2520 "-" "Mozilla/5.0 AppleWebKit/537.36 (KHTML, like Gecko; compatible; ClaudeBot/1.0; +claudebot@anthropic.com)"
216.73.216.61 - - [28/Feb/2026:07:10:44 -0500] "GET /product/mi-cima-ii?fileloc=%2Fhome%2Fclavospa%2Fwww%2Fwp-content%2Fuploads%2F2019%2F03%2Fmccaqul-abel-460x295.jpg&path=%2Fhome%2Fclavospa%2Fwww%2Fwp-content%2Fuploads%2F2019%2F03 HTTP/1.1" 200 2517 "-" "Mozilla/5.0 AppleWebKit/537.36 (KHTML, like Gecko; compatible; ClaudeBot/1.0; +claudebot@anthropic.com)"
66.249.79.73 - - [28/Feb/2026:07:10:45 -0500] "GET /?commodity/8560514612 HTTP/1.1" 200 25399 "-" "Mozilla/5.0 (Linux; Android 6.0.1; Nexus 5X Build/MMB29P) AppleWebKit/537.36 (KHTML, like Gecko) Chrome/144.0.7559.132 Mobile Safari/537.36 (compatible; GoogleOther)"
216.73.216.223 - - [28/Feb/2026:07:10:44 -0500] "GET /?fileloc=%2Fhome%2Fclavospa%2Fpublic_html%2Fwp-content%2Fuploads%2F2019%2F03%2Funder-400x357.jpg&path=%2Fhome%2Fclavospa%2Fpublic_html%2Fwp-content%2Fuploads%2F2019%2F03 HTTP/1.1" 200 2517 "-" "Mozilla/5.0 AppleWebKit/537.36 (KHTML, like Gecko; compatible; ClaudeBot/1.0; +claudebot@anthropic.com)"
216.73.216.223 - - [28/Feb/2026:07:10:45 -0500] "GET /?fileloc=%2Fhome%2Fclavospa%2Fpublic_html%2Fwp-content%2Fuploads%2F2019%2F03%2FBLOG2-940x400.jpg&path=%2Fhome%2Fclavospa%2Fpublic_html%2Fwp-content%2Fuploads%2F2019%2F03 HTTP/1.1" 200 2520 "-" "Mozilla/5.0 AppleWebKit/537.36 (KHTML, like Gecko; compatible; ClaudeBot/1.0; +claudebot@anthropic.com)"
185.191.171.10 - - [28/Feb/2026:07:10:45 -0500] "GET /events/category/exhibition/list/?tribe-bar-date=2023-06-14 HTTP/1.1" 200 4307 "-" "Mozilla/5.0 (compatible; SemrushBot/7~bl; +http://www.semrush.com/bot.html)"
216.73.216.223 - - [28/Feb/2026:07:10:45 -0500] "GET /?fileloc=%2Fhome%2Fclavospa%2Fpublic_html%2Fwp-content%2Fuploads%2F2019%2F03%2Fl1-320x202.jpg&path=%2Fhome%2Fclavospa%2Fpublic_html%2Fwp-content%2Fuploads%2F2019%2F03 HTTP/1.1" 200 2515 "-" "Mozilla/5.0 AppleWebKit/537.36 (KHTML, like Gecko; compatible; ClaudeBot/1.0; +claudebot@anthropic.com)"
216.73.216.223 - - [28/Feb/2026:07:10:46 -0500] "GET /?fileloc=%2Fhome%2Fclavospa%2Fpublic_html%2Fwp-content%2Fuploads%2F2019%2F03%2Fl6-177x142.png&path=%2Fhome%2Fclavospa%2Fpublic_html%2Fwp-content%2Fuploads%2F2019%2F03 HTTP/1.1" 200 2515 "-" "Mozilla/5.0 AppleWebKit/537.36 (KHTML, like Gecko; compatible; ClaudeBot/1.0; +claudebot@anthropic.com)"
216.73.216.223 - - [28/Feb/2026:07:10:46 -0500] "GET /?fileloc=%2Fhome%2Fclavospa%2Fpublic_html%2Fwp-content%2Fuploads%2F2019%2F03%2FGS9-460x295.jpg&path=%2Fhome%2Fclavospa%2Fpublic_html%2Fwp-content%2Fuploads%2F2019%2F03 HTTP/1.1" 200 2517 "-" "Mozilla/5.0 AppleWebKit/537.36 (KHTML, like Gecko; compatible; ClaudeBot/1.0; +claudebot@anthropic.com)"
216.73.216.223 - - [28/Feb/2026:07:10:46 -0500] "GET /?fileloc=%2Fhome%2Fclavospa%2Fpublic_html%2Fwp-content%2Fuploads%2F2019%2F03%2FGS1-66x66.jpg&path=%2Fhome%2Fclavospa%2Fpublic_html%2Fwp-content%2Fuploads%2F2019%2F03 HTTP/1.1" 200 2516 "-" "Mozilla/5.0 AppleWebKit/537.36 (KHTML, like Gecko; compatible; ClaudeBot/1.0; +claudebot@anthropic.com)"
216.73.216.223 - - [28/Feb/2026:07:10:46 -0500] "GET /?fileloc=%2Fhome%2Fclavospa%2Fpublic_html%2Fwp-content%2Fuploads%2F2019%2F03%2FGS8-800x534.jpg&path=%2Fhome%2Fclavospa%2Fpublic_html%2Fwp-content%2Fuploads%2F2019%2F03 HTTP/1.1" 200 2517 "-" "Mozilla/5.0 AppleWebKit/537.36 (KHTML, like Gecko; compatible; ClaudeBot/1.0; +claudebot@anthropic.com)"
216.73.216.223 - - [28/Feb/2026:07:10:46 -0500] "GET /?fileloc=%2Fhome%2Fclavospa%2Fpublic_html%2Fwp-content%2Fuploads%2F2019%2F03%2FAC1-320x202.jpg&path=%2Fhome%2Fclavospa%2Fpublic_html%2Fwp-content%2Fuploads%2F2019%2F03 HTTP/1.1" 200 2517 "-" "Mozilla/5.0 AppleWebKit/537.36 (KHTML, like Gecko; compatible; ClaudeBot/1.0; +claudebot@anthropic.com)"
216.73.216.223 - - [28/Feb/2026:07:10:47 -0500] "GET /?fileloc=%2Fhome%2Fclavospa%2Fpublic_html%2Fwp-content%2Fuploads%2F2019%2F03%2FGS3-460x295.jpg&path=%2Fhome%2Fclavospa%2Fpublic_html%2Fwp-content%2Fuploads%2F2019%2F03 HTTP/1.1" 200 2517 "-" "Mozilla/5.0 AppleWebKit/537.36 (KHTML, like Gecko; compatible; ClaudeBot/1.0; +claudebot@anthropic.com)"
216.73.216.223 - - [28/Feb/2026:07:10:47 -0500] "GET /?fileloc=%2Fhome%2Fclavospa%2Fpublic_html%2Fwp-content%2Fuploads%2F2019%2F03%2FGS5-460x295.jpg&path=%2Fhome%2Fclavospa%2Fpublic_html%2Fwp-content%2Fuploads%2F2019%2F03 HTTP/1.1" 200 2517 "-" "Mozilla/5.0 AppleWebKit/537.36 (KHTML, like Gecko; compatible; ClaudeBot/1.0; +claudebot@anthropic.com)"
216.73.216.223 - - [28/Feb/2026:07:10:48 -0500] "GET /?fileloc=%2Fhome%2Fclavospa%2Fpublic_html%2Fwp-content%2Fuploads%2F2019%2F03%2FBLOG2-400x321.jpg&path=%2Fhome%2Fclavospa%2Fpublic_html%2Fwp-content%2Fuploads%2F2019%2F03 HTTP/1.1" 200 2520 "-" "Mozilla/5.0 AppleWebKit/537.36 (KHTML, like Gecko; compatible; ClaudeBot/1.0; +claudebot@anthropic.com)"
66.249.79.67 - - [28/Feb/2026:07:10:48 -0500] "GET /?commodity/8559174784 HTTP/1.1" 200 24344 "-" "Mozilla/5.0 (Linux; Android 6.0.1; Nexus 5X Build/MMB29P) AppleWebKit/537.36 (KHTML, like Gecko) Chrome/144.0.7559.132 Mobile Safari/537.36 (compatible; GoogleOther)"
216.73.216.223 - - [28/Feb/2026:07:10:48 -0500] "GET /?fileloc=%2Fhome%2Fclavospa%2Fpublic_html%2Fwp-content%2Fuploads%2F2019%2F03%2FGS7-940x400.jpg&path=%2Fhome%2Fclavospa%2Fpublic_html%2Fwp-content%2Fuploads%2F2019%2F03 HTTP/1.1" 200 2517 "-" "Mozilla/5.0 AppleWebKit/537.36 (KHTML, like Gecko; compatible; ClaudeBot/1.0; +claudebot@anthropic.com)"
216.73.216.223 - - [28/Feb/2026:07:10:48 -0500] "GET /?fileloc=%2Fhome%2Fclavospa%2Fpublic_html%2Fwp-content%2Fuploads%2F2019%2F03%2FGS4-940x400.jpg&path=%2Fhome%2Fclavospa%2Fpublic_html%2Fwp-content%2Fuploads%2F2019%2F03 HTTP/1.1" 200 2517 "-" "Mozilla/5.0 AppleWebKit/537.36 (KHTML, like Gecko; compatible; ClaudeBot/1.0; +claudebot@anthropic.com)"
216.73.216.223 - - [28/Feb/2026:07:10:48 -0500] "GET /?fileloc=%2Fhome%2Fclavospa%2Fpublic_html%2Fwp-content%2Fuploads%2F2019%2F03%2FGS3-600x337.jpg&path=%2Fhome%2Fclavospa%2Fpublic_html%2Fwp-content%2Fuploads%2F2019%2F03 HTTP/1.1" 200 2518 "-" "Mozilla/5.0 AppleWebKit/537.36 (KHTML, like Gecko; compatible; ClaudeBot/1.0; +claudebot@anthropic.com)"
216.73.216.223 - - [28/Feb/2026:07:10:48 -0500] "GET /?fileloc=%2Fhome%2Fclavospa%2Fpublic_html%2Fwp-content%2Fuploads%2F2019%2F03%2Funder-177x142.jpg&path=%2Fhome%2Fclavospa%2Fpublic_html%2Fwp-content%2Fuploads%2F2019%2F03 HTTP/1.1" 200 2517 "-" "Mozilla/5.0 AppleWebKit/537.36 (KHTML, like Gecko; compatible; ClaudeBot/1.0; +claudebot@anthropic.com)"
57.141.6.1 - - [28/Feb/2026:07:10:48 -0500] "GET /sitemap_index.xml HTTP/1.1" 200 5874 "-" "meta-externalagent/1.1 (+https://developers.facebook.com/docs/sharing/webmasters/crawler)"
216.73.216.223 - - [28/Feb/2026:07:10:49 -0500] "GET /?fileloc=%2Fhome%2Fclavospa%2Fpublic_html%2Fwp-content%2Fuploads%2F2019%2F03%2FBLOG2-460x295.jpg&path=%2Fhome%2Fclavospa%2Fpublic_html%2Fwp-content%2Fuploads%2F2019%2F03 HTTP/1.1" 200 2520 "-" "Mozilla/5.0 AppleWebKit/537.36 (KHTML, like Gecko; compatible; ClaudeBot/1.0; +claudebot@anthropic.com)"
216.73.216.61 - - [28/Feb/2026:07:10:49 -0500] "GET /product/mi-cima-ii?fileloc=%2Fhome%2Fclavospa%2Fwww%2Fwp-content%2Fuploads%2F2025%2F10%2F3-940x400.jpg&path=%2Fhome%2Fclavospa%2Fwww%2Fwp-content%2Fuploads%2F2025%2F10 HTTP/1.1" 200 2506 "-" "Mozilla/5.0 AppleWebKit/537.36 (KHTML, like Gecko; compatible; ClaudeBot/1.0; +claudebot@anthropic.com)"
216.73.216.223 - - [28/Feb/2026:07:10:49 -0500] "GET /?fileloc=%2Fhome%2Fclavospa%2Fpublic_html%2Fwp-content%2Fuploads%2F2019%2F03%2Fl6-540x272.png&path=%2Fhome%2Fclavospa%2Fpublic_html%2Fwp-content%2Fuploads%2F2019%2F03 HTTP/1.1" 200 2515 "-" "Mozilla/5.0 AppleWebKit/537.36 (KHTML, like Gecko; compatible; ClaudeBot/1.0; +claudebot@anthropic.com)"
216.73.216.223 - - [28/Feb/2026:07:10:49 -0500] "GET /?fileloc=%2Fhome%2Fclavospa%2Fpublic_html%2Fwp-content%2Fuploads%2F2019%2F03%2FGS9-800x534.jpg&path=%2Fhome%2Fclavospa%2Fpublic_html%2Fwp-content%2Fuploads%2F2019%2F03 HTTP/1.1" 200 2517 "-" "Mozilla/5.0 AppleWebKit/537.36 (KHTML, like Gecko; compatible; ClaudeBot/1.0; +claudebot@anthropic.com)"
216.73.216.223 - - [28/Feb/2026:07:10:50 -0500] "GET /?fileloc=%2Fhome%2Fclavospa%2Fpublic_html%2Fwp-content%2Fuploads%2F2019%2F03%2FGS6-66x66.jpg&path=%2Fhome%2Fclavospa%2Fpublic_html%2Fwp-content%2Fuploads%2F2019%2F03 HTTP/1.1" 200 2516 "-" "Mozilla/5.0 AppleWebKit/537.36 (KHTML, like Gecko; compatible; ClaudeBot/1.0; +claudebot@anthropic.com)"
216.73.216.223 - - [28/Feb/2026:07:10:50 -0500] "GET /?fileloc=%2Fhome%2Fclavospa%2Fpublic_html%2Fwp-content%2Fuploads%2F2019%2F03%2FGS8-150x150.jpg&path=%2Fhome%2Fclavospa%2Fpublic_html%2Fwp-content%2Fuploads%2F2019%2F03 HTTP/1.1" 200 2516 "-" "Mozilla/5.0 AppleWebKit/537.36 (KHTML, like Gecko; compatible; ClaudeBot/1.0; +claudebot@anthropic.com)"
216.73.216.223 - - [28/Feb/2026:07:10:50 -0500] "GET /?fileloc=%2Fhome%2Fclavospa%2Fpublic_html%2Fwp-content%2Fuploads%2F2019%2F03%2FBLOG2-600x482.jpg&path=%2Fhome%2Fclavospa%2Fpublic_html%2Fwp-content%2Fuploads%2F2019%2F03 HTTP/1.1" 200 2520 "-" "Mozilla/5.0 AppleWebKit/537.36 (KHTML, like Gecko; compatible; ClaudeBot/1.0; +claudebot@anthropic.com)"
66.249.79.67 - - [28/Feb/2026:07:10:52 -0500] "GET /?c=prod-81562717 HTTP/1.1" 200 24620 "-" "Mozilla/5.0 (Linux; Android 6.0.1; Nexus 5X Build/MMB29P) AppleWebKit/537.36 (KHTML, like Gecko) Chrome/144.0.7559.132 Mobile Safari/537.36 (compatible; GoogleOther)"
216.73.216.223 - - [28/Feb/2026:07:10:50 -0500] "GET /?fileloc=%2Fhome%2Fclavospa%2Fpublic_html%2Fwp-content%2Fuploads%2F2019%2F03%2Ftania5.jpg&path=%2Fhome%2Fclavospa%2Fpublic_html%2Fwp-content%2Fuploads%2F2019%2F03 HTTP/1.1" 200 2511 "-" "Mozilla/5.0 AppleWebKit/537.36 (KHTML, like Gecko; compatible; ClaudeBot/1.0; +claudebot@anthropic.com)"
216.73.216.223 - - [28/Feb/2026:07:10:51 -0500] "GET /?fileloc=%2Fhome%2Fclavospa%2Fpublic_html%2Fwp-content%2Fuploads%2F2019%2F03%2FGS5-800x534.jpg&path=%2Fhome%2Fclavospa%2Fpublic_html%2Fwp-content%2Fuploads%2F2019%2F03 HTTP/1.1" 200 2517 "-" "Mozilla/5.0 AppleWebKit/537.36 (KHTML, like Gecko; compatible; ClaudeBot/1.0; +claudebot@anthropic.com)"
216.73.216.223 - - [28/Feb/2026:07:10:51 -0500] "GET /?fileloc=%2Fhome%2Fclavospa%2Fpublic_html%2Fwp-content%2Fuploads%2F2019%2F03%2Ftania4.jpg&path=%2Fhome%2Fclavospa%2Fpublic_html%2Fwp-content%2Fuploads%2F2019%2F03 HTTP/1.1" 200 2511 "-" "Mozilla/5.0 AppleWebKit/537.36 (KHTML, like Gecko; compatible; ClaudeBot/1.0; +claudebot@anthropic.com)"
216.73.216.223 - - [28/Feb/2026:07:10:52 -0500] "GET /?fileloc=%2Fhome%2Fclavospa%2Fpublic_html%2Fwp-content%2Fuploads%2F2019%2F03%2Funder-540x272.jpg&path=%2Fhome%2Fclavospa%2Fpublic_html%2Fwp-content%2Fuploads%2F2019%2F03 HTTP/1.1" 200 2516 "-" "Mozilla/5.0 AppleWebKit/537.36 (KHTML, like Gecko; compatible; ClaudeBot/1.0; +claudebot@anthropic.com)"
216.73.216.223 - - [28/Feb/2026:07:10:52 -0500] "GET /?fileloc=%2Fhome%2Fclavospa%2Fpublic_html%2Fwp-content%2Fuploads%2F2019%2F03%2FGS7-460x295.jpg&path=%2Fhome%2Fclavospa%2Fpublic_html%2Fwp-content%2Fuploads%2F2019%2F03 HTTP/1.1" 200 2518 "-" "Mozilla/5.0 AppleWebKit/537.36 (KHTML, like Gecko; compatible; ClaudeBot/1.0; +claudebot@anthropic.com)"
216.73.216.223 - - [28/Feb/2026:07:10:52 -0500] "GET /?fileloc=%2Fhome%2Fclavospa%2Fpublic_html%2Fwp-content%2Fuploads%2F2019%2F03%2FGS4-460x295.jpg&path=%2Fhome%2Fclavospa%2Fpublic_html%2Fwp-content%2Fuploads%2F2019%2F03 HTTP/1.1" 200 2517 "-" "Mozilla/5.0 AppleWebKit/537.36 (KHTML, like Gecko; compatible; ClaudeBot/1.0; +claudebot@anthropic.com)"
216.73.216.223 - - [28/Feb/2026:07:10:52 -0500] "GET /?fileloc=%2Fhome%2Fclavospa%2Fpublic_html%2Fwp-content%2Fuploads%2F2019%2F03%2FAm2-320x202.jpg&path=%2Fhome%2Fclavospa%2Fpublic_html%2Fwp-content%2Fuploads%2F2019%2F03 HTTP/1.1" 200 2517 "-" "Mozilla/5.0 AppleWebKit/537.36 (KHTML, like Gecko; compatible; ClaudeBot/1.0; +claudebot@anthropic.com)"
216.73.216.223 - - [28/Feb/2026:07:10:52 -0500] "GET /?fileloc=%2Fhome%2Fclavospa%2Fpublic_html%2Fwp-content%2Fuploads%2F2019%2F03%2Fteslab2-460x295.jpg&path=%2Fhome%2Fclavospa%2Fpublic_html%2Fwp-content%2Fuploads%2F2019%2F03 HTTP/1.1" 200 2520 "-" "Mozilla/5.0 AppleWebKit/537.36 (KHTML, like Gecko; compatible; ClaudeBot/1.0; +claudebot@anthropic.com)"
66.249.79.68 - - [28/Feb/2026:07:10:55 -0500] "GET /commodity/85632048761 HTTP/1.1" 508 260 "-" "Mozilla/5.0 (Linux; Android 6.0.1; Nexus 5X Build/MMB29P) AppleWebKit/537.36 (KHTML, like Gecko) Chrome/144.0.7559.132 Mobile Safari/537.36 (compatible; GoogleOther)"
216.73.216.223 - - [28/Feb/2026:07:10:53 -0500] "GET /?fileloc=%2Fhome%2Fclavospa%2Fpublic_html%2Fwp-content%2Fuploads%2F2019%2F03%2FGS9-150x150.jpg&path=%2Fhome%2Fclavospa%2Fpublic_html%2Fwp-content%2Fuploads%2F2019%2F03 HTTP/1.1" 200 2516 "-" "Mozilla/5.0 AppleWebKit/537.36 (KHTML, like Gecko; compatible; ClaudeBot/1.0; +claudebot@anthropic.com)"
216.73.216.223 - - [28/Feb/2026:07:10:53 -0500] "GET /?fileloc=%2Fhome%2Fclavospa%2Fpublic_html%2Fwp-content%2Fuploads%2F2019%2F03%2FGS2-600x624.jpg&path=%2Fhome%2Fclavospa%2Fpublic_html%2Fwp-content%2Fuploads%2F2019%2F03 HTTP/1.1" 200 2517 "-" "Mozilla/5.0 AppleWebKit/537.36 (KHTML, like Gecko; compatible; ClaudeBot/1.0; +claudebot@anthropic.com)"
43.166.7.113 - - [28/Feb/2026:07:10:53 -0500] "GET /wp/broken-film/?path=/home/clavospa/public_html HTTP/1.1" 200 4307 "-" "Mozilla/5.0 (iPhone; CPU iPhone OS 13_2_3 like Mac OS X) AppleWebKit/605.1.15 (KHTML, like Gecko) Version/13.0.3 Mobile/15E148 Safari/604.1"
149.202.76.92 - - [28/Feb/2026:07:10:53 -0500] "POST /wp-login.php HTTP/1.1" 403 4307 "-" "Mozilla/5.0 (Windows NT 10.0; Win64; x64) AppleWebKit/537.36 (KHTML, like Gecko) Chrome/142.0.0.0 Safari/537.36 Edg/142.0.0.0"
216.73.216.223 - - [28/Feb/2026:07:10:54 -0500] "GET /?fileloc=%2Fhome%2Fclavospa%2Fpublic_html%2Fwp-content%2Fuploads%2F2022%2F07%2FSTUVI-500x684.png&path=%2Fhome%2Fclavospa%2Fpublic_html%2Fwp-content%2Fuploads%2F2022%2F07 HTTP/1.1" 200 2520 "-" "Mozilla/5.0 AppleWebKit/537.36 (KHTML, like Gecko; compatible; ClaudeBot/1.0; +claudebot@anthropic.com)"
216.73.216.223 - - [28/Feb/2026:07:10:54 -0500] "GET /?fileloc=%2Fhome%2Fclavospa%2Fpublic_html%2Fwp-content%2Fuploads%2F2019%2F03%2Fblog-post-6.jpg&path=%2Fhome%2Fclavospa%2Fpublic_html%2Fwp-content%2Fuploads%2F2019%2F03 HTTP/1.1" 200 2515 "-" "Mozilla/5.0 AppleWebKit/537.36 (KHTML, like Gecko; compatible; ClaudeBot/1.0; +claudebot@anthropic.com)"
216.73.216.223 - - [28/Feb/2026:07:10:54 -0500] "GET /?fileloc=%2Fhome%2Fclavospa%2Fpublic_html%2Fwp-content%2Fuploads%2F2022%2F07%2FSTUVI-768x1050.png&path=%2Fhome%2Fclavospa%2Fpublic_html%2Fwp-content%2Fuploads%2F2022%2F07 HTTP/1.1" 200 2520 "-" "Mozilla/5.0 AppleWebKit/537.36 (KHTML, like Gecko; compatible; ClaudeBot/1.0; +claudebot@anthropic.com)"
216.73.216.223 - - [28/Feb/2026:07:10:54 -0500] "GET /?fileloc=%2Fhome%2Fclavospa%2Fpublic_html%2Fabeladrian.com%2Fwp-admin%2Fimages%2Fstars-2x.png&path=%2Fhome%2Fclavospa%2Fpublic_html%2Fabeladrian.com%2Fwp-admin%2Fimages HTTP/1.1" 200 2509 "-" "Mozilla/5.0 AppleWebKit/537.36 (KHTML, like Gecko; compatible; ClaudeBot/1.0; +claudebot@anthropic.com)"
216.73.216.61 - - [28/Feb/2026:07:10:54 -0500] "GET /product/mi-cima-ii?fileloc=%2Fhome%2Fclavospa%2Fwww%2Fwp-content%2Fuploads%2F2021%2F03%2FAA-ARTISTA-DAY-300x214.jpg&path=%2Fhome%2Fclavospa%2Fwww%2Fwp-content%2Fuploads%2F2021%2F03 HTTP/1.1" 200 2522 "-" "Mozilla/5.0 AppleWebKit/537.36 (KHTML, like Gecko; compatible; ClaudeBot/1.0; +claudebot@anthropic.com)"
216.73.216.223 - - [28/Feb/2026:07:10:55 -0500] "GET /?fileloc=%2Fhome%2Fclavospa%2Fpublic_html%2Fwp-content%2Fuploads%2F2019%2F03%2FGS3-150x150.jpg&path=%2Fhome%2Fclavospa%2Fpublic_html%2Fwp-content%2Fuploads%2F2019%2F03 HTTP/1.1" 200 2516 "-" "Mozilla/5.0 AppleWebKit/537.36 (KHTML, like Gecko; compatible; ClaudeBot/1.0; +claudebot@anthropic.com)"
216.73.216.223 - - [28/Feb/2026:07:10:55 -0500] "GET /?fileloc=%2Fhome%2Fclavospa%2Fpublic_html%2Fwp-content%2Fuploads%2F2019%2F03%2Fblog-post-1.jpg&path=%2Fhome%2Fclavospa%2Fpublic_html%2Fwp-content%2Fuploads%2F2019%2F03 HTTP/1.1" 200 2515 "-" "Mozilla/5.0 AppleWebKit/537.36 (KHTML, like Gecko; compatible; ClaudeBot/1.0; +claudebot@anthropic.com)"
216.73.216.223 - - [28/Feb/2026:07:10:55 -0500] "GET /?fileloc=%2Fhome%2Fclavospa%2Fpublic_html%2Fwp-content%2Fuploads%2F2019%2F03%2FGS5-150x150.jpg&path=%2Fhome%2Fclavospa%2Fpublic_html%2Fwp-content%2Fuploads%2F2019%2F03 HTTP/1.1" 200 2516 "-" "Mozilla/5.0 AppleWebKit/537.36 (KHTML, like Gecko; compatible; ClaudeBot/1.0; +claudebot@anthropic.com)"
162.240.22.47 - - [28/Feb/2026:07:10:56 -0500] "GET /wp-login.php HTTP/1.1" 403 4307 "-" "Mozilla/5.0 (Windows NT 6.2; Win64; x64) AppleWebKit/537.36 (KHTML, like Gecko) Chrome/58.0.3029.110 Safari/537.36 Edge/16.16299"
66.249.79.72 - - [28/Feb/2026:07:10:57 -0500] "GET /?commodity/85611025524 HTTP/1.1" 200 24633 "-" "Mozilla/5.0 (Linux; Android 6.0.1; Nexus 5X Build/MMB29P) AppleWebKit/537.36 (KHTML, like Gecko) Chrome/144.0.7559.132 Mobile Safari/537.36 (compatible; GoogleOther)"
216.73.216.223 - - [28/Feb/2026:07:10:57 -0500] "GET /?fileloc=%2Fhome%2Fclavospa%2Fpublic_html%2Fwp-content%2Fuploads%2F2022%2F11%2FINVITACION-CLAVO-SOTOL.png&path=%2Fhome%2Fclavospa%2Fpublic_html%2Fwp-content%2Fuploads%2F2022%2F11 HTTP/1.1" 200 2531 "-" "Mozilla/5.0 AppleWebKit/537.36 (KHTML, like Gecko; compatible; ClaudeBot/1.0; +claudebot@anthropic.com)"
216.73.216.223 - - [28/Feb/2026:07:10:56 -0500] "GET /?fileloc=%2Fhome%2Fclavospa%2Fpublic_html%2Fwp-content%2Fuploads%2F2019%2F03%2Fl8-320x202.jpg&path=%2Fhome%2Fclavospa%2Fpublic_html%2Fwp-content%2Fuploads%2F2019%2F03 HTTP/1.1" 200 2515 "-" "Mozilla/5.0 AppleWebKit/537.36 (KHTML, like Gecko; compatible; ClaudeBot/1.0; +claudebot@anthropic.com)"
216.73.216.223 - - [28/Feb/2026:07:10:56 -0500] "GET /?fileloc=%2Fhome%2Fclavospa%2Fpublic_html%2Fwp-content%2Fuploads%2F2019%2F03%2FGS1-700x441.jpg&path=%2Fhome%2Fclavospa%2Fpublic_html%2Fwp-content%2Fuploads%2F2019%2F03 HTTP/1.1" 200 2517 "-" "Mozilla/5.0 AppleWebKit/537.36 (KHTML, like Gecko; compatible; ClaudeBot/1.0; +claudebot@anthropic.com)"
216.73.216.223 - - [28/Feb/2026:07:10:57 -0500] "GET /?fileloc=%2Fhome%2Fclavospa%2Fpublic_html%2Fwp-content%2Fuploads%2F2019%2F03%2FGS4-800x534.jpg&path=%2Fhome%2Fclavospa%2Fpublic_html%2Fwp-content%2Fuploads%2F2019%2F03 HTTP/1.1" 200 2517 "-" "Mozilla/5.0 AppleWebKit/537.36 (KHTML, like Gecko; compatible; ClaudeBot/1.0; +claudebot@anthropic.com)"
216.73.216.223 - - [28/Feb/2026:07:10:57 -0500] "GET /?fileloc=%2Fhome%2Fclavospa%2Fpublic_html%2Fwp-content%2Fuploads%2F2019%2F03%2FGS7-800x534.jpg&path=%2Fhome%2Fclavospa%2Fpublic_html%2Fwp-content%2Fuploads%2F2019%2F03 HTTP/1.1" 200 2517 "-" "Mozilla/5.0 AppleWebKit/537.36 (KHTML, like Gecko; compatible; ClaudeBot/1.0; +claudebot@anthropic.com)"
216.73.216.223 - - [28/Feb/2026:07:10:57 -0500] "GET /?fileloc=%2Fhome%2Fclavospa%2Fpublic_html%2Fwp-content%2Fuploads%2F2019%2F03%2FGS11-320x202.jpg&path=%2Fhome%2Fclavospa%2Fpublic_html%2Fwp-content%2Fuploads%2F2019%2F03 HTTP/1.1" 200 2518 "-" "Mozilla/5.0 AppleWebKit/537.36 (KHTML, like Gecko; compatible; ClaudeBot/1.0; +claudebot@anthropic.com)"
216.73.216.223 - - [28/Feb/2026:07:10:57 -0500] "GET /?fileloc=%2Fhome%2Fclavospa%2Fpublic_html%2Fwp-content%2Fuploads%2F2019%2F03%2FBLOG2-150x150.jpg&path=%2Fhome%2Fclavospa%2Fpublic_html%2Fwp-content%2Fuploads%2F2019%2F03 HTTP/1.1" 200 2519 "-" "Mozilla/5.0 AppleWebKit/537.36 (KHTML, like Gecko; compatible; ClaudeBot/1.0; +claudebot@anthropic.com)"
162.240.22.47 - - [28/Feb/2026:07:10:58 -0500] "POST /wp-login.php HTTP/1.1" 403 4307 "https://212productions.net/wp-login.php" "Mozilla/5.0 (Windows NT 6.2; Win64; x64) AppleWebKit/537.36 (KHTML, like Gecko) Chrome/58.0.3029.110 Safari/537.36 Edge/16.16299"
216.73.216.61 - - [28/Feb/2026:07:10:59 -0500] "GET /product-category/photography/nature/?fileloc=%2Fhome%2Fclavospa%2Flogs%2F212productions.net.clavo.space-Jul-2021.gz&path=%2Fhome%2Fclavospa%2Flogs HTTP/1.1" 200 2481 "-" "Mozilla/5.0 AppleWebKit/537.36 (KHTML, like Gecko; compatible; ClaudeBot/1.0; +claudebot@anthropic.com)"
216.73.216.223 - - [28/Feb/2026:07:10:59 -0500] "GET /?fileloc=%2Fhome%2Fclavospa%2Fpublic_html%2Fwp-content%2Fuploads%2F2019%2F03%2FJ2-320x202.jpg&path=%2Fhome%2Fclavospa%2Fpublic_html%2Fwp-content%2Fuploads%2F2019%2F03 HTTP/1.1" 200 2515 "-" "Mozilla/5.0 AppleWebKit/537.36 (KHTML, like Gecko; compatible; ClaudeBot/1.0; +claudebot@anthropic.com)"
216.73.216.223 - - [28/Feb/2026:07:10:59 -0500] "GET /?fileloc=%2Fhome%2Fclavospa%2Fpublic_html%2Fwp-content%2Fuploads%2F2019%2F03%2Ftestimonial-bg.jpg&path=%2Fhome%2Fclavospa%2Fpublic_html%2Fwp-content%2Fuploads%2F2019%2F03 HTTP/1.1" 200 2518 "-" "Mozilla/5.0 AppleWebKit/537.36 (KHTML, like Gecko; compatible; ClaudeBot/1.0; +claudebot@anthropic.com)"
216.73.216.223 - - [28/Feb/2026:07:10:59 -0500] "GET /?fileloc=%2Fhome%2Fclavospa%2Fpublic_html%2Fwp-content%2Fuploads%2F2019%2F03%2FGS8-66x66.jpg&path=%2Fhome%2Fclavospa%2Fpublic_html%2Fwp-content%2Fuploads%2F2019%2F03 HTTP/1.1" 200 2516 "-" "Mozilla/5.0 AppleWebKit/537.36 (KHTML, like Gecko; compatible; ClaudeBot/1.0; +claudebot@anthropic.com)"
216.73.216.223 - - [28/Feb/2026:07:10:59 -0500] "GET /?fileloc=%2Fhome%2Fclavospa%2Fpublic_html%2Fwp-content%2Fuploads%2F2019%2F03%2FGS1-200x201.jpg&path=%2Fhome%2Fclavospa%2Fpublic_html%2Fwp-content%2Fuploads%2F2019%2F03 HTTP/1.1" 200 2516 "-" "Mozilla/5.0 AppleWebKit/537.36 (KHTML, like Gecko; compatible; ClaudeBot/1.0; +claudebot@anthropic.com)"
66.249.79.193 - - [28/Feb/2026:07:11:00 -0500] "GET /commodity/85611324870 HTTP/1.1" 200 25813 "-" "Mozilla/5.0 (Linux; Android 6.0.1; Nexus 5X Build/MMB29P) AppleWebKit/537.36 (KHTML, like Gecko) Chrome/144.0.7559.132 Mobile Safari/537.36 (compatible; GoogleOther)"
216.73.216.223 - - [28/Feb/2026:07:10:59 -0500] "GET /?fileloc=%2Fhome%2Fclavospa%2Fpublic_html%2Fwp-content%2Fuploads%2F2019%2F03%2Fjudas4-1498x2048.jpeg&path=%2Fhome%2Fclavospa%2Fpublic_html%2Fwp-content%2Fuploads%2F2019%2F03 HTTP/1.1" 200 2522 "-" "Mozilla/5.0 AppleWebKit/537.36 (KHTML, like Gecko; compatible; ClaudeBot/1.0; +claudebot@anthropic.com)"
216.73.216.223 - - [28/Feb/2026:07:11:00 -0500] "GET /?fileloc=%2Fhome%2Fclavospa%2Fpublic_html%2Fwp-content%2Fuploads%2F2019%2F03%2FGS6-700x441.jpg&path=%2Fhome%2Fclavospa%2Fpublic_html%2Fwp-content%2Fuploads%2F2019%2F03 HTTP/1.1" 200 2517 "-" "Mozilla/5.0 AppleWebKit/537.36 (KHTML, like Gecko; compatible; ClaudeBot/1.0; +claudebot@anthropic.com)"
216.73.216.223 - - [28/Feb/2026:07:11:00 -0500] "GET /?fileloc=%2Fhome%2Fclavospa%2Fpublic_html%2Fwp-content%2Fuploads%2F2019%2F03%2FGS12-320x202.jpg&path=%2Fhome%2Fclavospa%2Fpublic_html%2Fwp-content%2Fuploads%2F2019%2F03 HTTP/1.1" 200 2518 "-" "Mozilla/5.0 AppleWebKit/537.36 (KHTML, like Gecko; compatible; ClaudeBot/1.0; +claudebot@anthropic.com)"
216.73.216.223 - - [28/Feb/2026:07:11:01 -0500] "GET /?fileloc=%2Fhome%2Fclavospa%2Fpublic_html%2Fwp-content%2Fuploads%2F2019%2F03%2FGS4-150x150.jpg&path=%2Fhome%2Fclavospa%2Fpublic_html%2Fwp-content%2Fuploads%2F2019%2F03 HTTP/1.1" 200 2516 "-" "Mozilla/5.0 AppleWebKit/537.36 (KHTML, like Gecko; compatible; ClaudeBot/1.0; +claudebot@anthropic.com)"
216.73.216.223 - - [28/Feb/2026:07:11:01 -0500] "GET /?fileloc=%2Fhome%2Fclavospa%2Fpublic_html%2Fwp-content%2Fuploads%2F2019%2F03%2FGS7-150x150.jpg&path=%2Fhome%2Fclavospa%2Fpublic_html%2Fwp-content%2Fuploads%2F2019%2F03 HTTP/1.1" 200 2516 "-" "Mozilla/5.0 AppleWebKit/537.36 (KHTML, like Gecko; compatible; ClaudeBot/1.0; +claudebot@anthropic.com)"
216.73.216.223 - - [28/Feb/2026:07:11:01 -0500] "GET /?fileloc=%2Fhome%2Fclavospa%2Fpublic_html%2Fwp-content%2Fuploads%2F2019%2F03%2FGS13-320x202.jpg&path=%2Fhome%2Fclavospa%2Fpublic_html%2Fwp-content%2Fuploads%2F2019%2F03 HTTP/1.1" 200 2518 "-" "Mozilla/5.0 AppleWebKit/537.36 (KHTML, like Gecko; compatible; ClaudeBot/1.0; +claudebot@anthropic.com)"
216.73.216.223 - - [28/Feb/2026:07:11:01 -0500] "GET /?fileloc=%2Fhome%2Fclavospa%2Fpublic_html%2Fwp-content%2Fuploads%2F2019%2F03%2Fl6-460x295.png&path=%2Fhome%2Fclavospa%2Fpublic_html%2Fwp-content%2Fuploads%2F2019%2F03 HTTP/1.1" 200 2515 "-" "Mozilla/5.0 AppleWebKit/537.36 (KHTML, like Gecko; compatible; ClaudeBot/1.0; +claudebot@anthropic.com)"
216.73.216.223 - - [28/Feb/2026:07:11:01 -0500] "GET /?fileloc=%2Fhome%2Fclavospa%2Fpublic_html%2Fwp-content%2Fuploads%2F2019%2F03%2Fteslab2-150x150.jpg&path=%2Fhome%2Fclavospa%2Fpublic_html%2Fwp-content%2Fuploads%2F2019%2F03 HTTP/1.1" 200 2519 "-" "Mozilla/5.0 AppleWebKit/537.36 (KHTML, like Gecko; compatible; ClaudeBot/1.0; +claudebot@anthropic.com)"
216.73.216.223 - - [28/Feb/2026:07:11:02 -0500] "GET /?fileloc=%2Fhome%2Fclavospa%2Fpublic_html%2Fwp-content%2Fuploads%2F2019%2F03%2FGS10-320x202.jpg&path=%2Fhome%2Fclavospa%2Fpublic_html%2Fwp-content%2Fuploads%2F2019%2F03 HTTP/1.1" 200 2518 "-" "Mozilla/5.0 AppleWebKit/537.36 (KHTML, like Gecko; compatible; ClaudeBot/1.0; +claudebot@anthropic.com)"
216.73.216.223 - - [28/Feb/2026:07:11:02 -0500] "GET /?fileloc=%2Fhome%2Fclavospa%2Fpublic_html%2Fwp-content%2Fuploads%2F2019%2F03%2FGS3-200x112.jpg&path=%2Fhome%2Fclavospa%2Fpublic_html%2Fwp-content%2Fuploads%2F2019%2F03 HTTP/1.1" 200 2517 "-" "Mozilla/5.0 AppleWebKit/537.36 (KHTML, like Gecko; compatible; ClaudeBot/1.0; +claudebot@anthropic.com)"
216.73.216.223 - - [28/Feb/2026:07:11:03 -0500] "GET /?fileloc=%2Fhome%2Fclavospa%2Fpublic_html%2Fwp-content%2Fuploads%2F2019%2F03%2FGS9-66x66.jpg&path=%2Fhome%2Fclavospa%2Fpublic_html%2Fwp-content%2Fuploads%2F2019%2F03 HTTP/1.1" 200 2516 "-" "Mozilla/5.0 AppleWebKit/537.36 (KHTML, like Gecko; compatible; ClaudeBot/1.0; +claudebot@anthropic.com)"
66.249.79.68 - - [28/Feb/2026:07:11:03 -0500] "GET /commodity/85631912981 HTTP/1.1" 200 24893 "-" "Mozilla/5.0 (Linux; Android 6.0.1; Nexus 5X Build/MMB29P) AppleWebKit/537.36 (KHTML, like Gecko) Chrome/144.0.7559.132 Mobile Safari/537.36 (compatible; GoogleOther)"
216.73.216.223 - - [28/Feb/2026:07:11:03 -0500] "GET /?fileloc=%2Fhome%2Fclavospa%2Fpublic_html%2Fwp-content%2Fuploads%2F2019%2F03%2FGS14-320x202.jpg&path=%2Fhome%2Fclavospa%2Fpublic_html%2Fwp-content%2Fuploads%2F2019%2F03 HTTP/1.1" 200 2518 "-" "Mozilla/5.0 AppleWebKit/537.36 (KHTML, like Gecko; compatible; ClaudeBot/1.0; +claudebot@anthropic.com)"
