216.73.216.223 - - [28/Feb/2026:07:08:08 -0500] "GET /?fileloc=%2Fhome%2Fclavospa%2Fpublic_html%2Fdavidlachapellela.com%2Fwp-content%2Fuploads%2F2022%2F08%2FACO-150x150.png&path=%2Fhome%2Fclavospa%2Fpublic_html%2Fdavidlachapellela.com%2Fwp-content%2Fuploads%2F2022%2F08 HTTP/1.1" 200 2541 "-" "Mozilla/5.0 AppleWebKit/537.36 (KHTML, like Gecko; compatible; ClaudeBot/1.0; +claudebot@anthropic.com)"
216.73.216.223 - - [28/Feb/2026:07:08:09 -0500] "GET /?fileloc=%2Fhome%2Fclavospa%2Fpublic_html%2Fdavidlachapellela.com%2Fwp-content%2Fuploads%2F2022%2F08%2F10-150x150.png&path=%2Fhome%2Fclavospa%2Fpublic_html%2Fdavidlachapellela.com%2Fwp-content%2Fuploads%2F2022%2F08 HTTP/1.1" 200 2539 "-" "Mozilla/5.0 AppleWebKit/537.36 (KHTML, like Gecko; compatible; ClaudeBot/1.0; +claudebot@anthropic.com)"
216.73.216.61 - - [28/Feb/2026:07:08:09 -0500] "GET /product/mi-cima-ii?fileloc=%2Fhome%2Fclavospa%2Fwww%2Fwp-content%2Fuploads%2F2021%2F03%2FMars1-1200x800.jpg&path=%2Fhome%2Fclavospa%2Fwww%2Fwp-content%2Fuploads%2F2021%2F03 HTTP/1.1" 200 2510 "-" "Mozilla/5.0 AppleWebKit/537.36 (KHTML, like Gecko; compatible; ClaudeBot/1.0; +claudebot@anthropic.com)"
216.73.216.223 - - [28/Feb/2026:07:08:09 -0500] "GET /?fileloc=%2Fhome%2Fclavospa%2Fpublic_html%2Fdavidlachapellela.com%2Fwp-content%2Fuploads%2F2022%2F08%2F3-300x192.png&path=%2Fhome%2Fclavospa%2Fpublic_html%2Fdavidlachapellela.com%2Fwp-content%2Fuploads%2F2022%2F08 HTTP/1.1" 200 2539 "-" "Mozilla/5.0 AppleWebKit/537.36 (KHTML, like Gecko; compatible; ClaudeBot/1.0; +claudebot@anthropic.com)"
216.73.216.223 - - [28/Feb/2026:07:08:10 -0500] "GET /?fileloc=%2Fhome%2Fclavospa%2Fpublic_html%2Fdavidlachapellela.com%2Fwp-content%2Fuploads%2F2022%2F08%2F6-300x188.png.webp&path=%2Fhome%2Fclavospa%2Fpublic_html%2Fdavidlachapellela.com%2Fwp-content%2Fuploads%2F2022%2F08 HTTP/1.1" 200 2542 "-" "Mozilla/5.0 AppleWebKit/537.36 (KHTML, like Gecko; compatible; ClaudeBot/1.0; +claudebot@anthropic.com)"
216.73.216.223 - - [28/Feb/2026:07:08:10 -0500] "GET /?fileloc=%2Fhome%2Fclavospa%2Fpublic_html%2Fdavidlachapellela.com%2Fwp-content%2Fuploads%2F2022%2F08%2Flima-1536x1088.png.webp&path=%2Fhome%2Fclavospa%2Fpublic_html%2Fdavidlachapellela.com%2Fwp-content%2Fuploads%2F2022%2F08 HTTP/1.1" 200 2546 "-" "Mozilla/5.0 AppleWebKit/537.36 (KHTML, like Gecko; compatible; ClaudeBot/1.0; +claudebot@anthropic.com)"
66.249.79.193 - - [28/Feb/2026:07:08:11 -0500] "GET /?commodity/8560828951 HTTP/1.1" 200 24794 "-" "Mozilla/5.0 (Linux; Android 6.0.1; Nexus 5X Build/MMB29P) AppleWebKit/537.36 (KHTML, like Gecko) Chrome/144.0.7559.132 Mobile Safari/537.36 (compatible; GoogleOther)"
216.73.216.223 - - [28/Feb/2026:07:08:10 -0500] "GET /?fileloc=%2Fhome%2Fclavospa%2Fpublic_html%2Fdavidlachapellela.com%2Fwp-content%2Fuploads%2F2022%2F08%2Fdlcguard-768x413.png&path=%2Fhome%2Fclavospa%2Fpublic_html%2Fdavidlachapellela.com%2Fwp-content%2Fuploads%2F2022%2F08 HTTP/1.1" 200 2544 "-" "Mozilla/5.0 AppleWebKit/537.36 (KHTML, like Gecko; compatible; ClaudeBot/1.0; +claudebot@anthropic.com)"
216.73.216.223 - - [28/Feb/2026:07:08:10 -0500] "GET /?fileloc=%2Fhome%2Fclavospa%2Fpublic_html%2Fdavidlachapellela.com%2Fwp-content%2Fuploads%2F2022%2F08%2Fsau-285x300.jpg.webp&path=%2Fhome%2Fclavospa%2Fpublic_html%2Fdavidlachapellela.com%2Fwp-content%2Fuploads%2F2022%2F08 HTTP/1.1" 200 2545 "-" "Mozilla/5.0 AppleWebKit/537.36 (KHTML, like Gecko; compatible; ClaudeBot/1.0; +claudebot@anthropic.com)"
216.73.216.223 - - [28/Feb/2026:07:08:10 -0500] "GET /?fileloc=%2Fhome%2Fclavospa%2Ftmp%2Fawstats%2Fawstats022024.latitud212.com.clavo.space.txt&path=%2Fhome%2Fclavospa%2Ftmp%2Fawstats HTTP/1.1" 200 56819 "-" "Mozilla/5.0 AppleWebKit/537.36 (KHTML, like Gecko; compatible; ClaudeBot/1.0; +claudebot@anthropic.com)"
216.73.216.223 - - [28/Feb/2026:07:08:11 -0500] "GET /?fileloc=%2Fhome%2Fclavospa%2Fpublic_html%2Fdavidlachapellela.com%2Fwp-content%2Fuploads%2F2022%2F08%2F3-768x492.png&path=%2Fhome%2Fclavospa%2Fpublic_html%2Fdavidlachapellela.com%2Fwp-content%2Fuploads%2F2022%2F08 HTTP/1.1" 200 2539 "-" "Mozilla/5.0 AppleWebKit/537.36 (KHTML, like Gecko; compatible; ClaudeBot/1.0; +claudebot@anthropic.com)"
216.73.216.223 - - [28/Feb/2026:07:08:11 -0500] "GET /?fileloc=%2Fhome%2Fclavospa%2Ftmp%2Fawstats%2Fawstats032023.netzero.212productions.net.txt&path=%2Fhome%2Fclavospa%2Ftmp%2Fawstats HTTP/1.1" 200 16411 "-" "Mozilla/5.0 AppleWebKit/537.36 (KHTML, like Gecko; compatible; ClaudeBot/1.0; +claudebot@anthropic.com)"
216.73.216.223 - - [28/Feb/2026:07:08:12 -0500] "GET /?fileloc=%2Fhome%2Fclavospa%2Fpublic_html%2Fdavidlachapellela.com%2Fwp-admin%2Fimages%2Farrows-2x.png&path=%2Fhome%2Fclavospa%2Fpublic_html%2Fdavidlachapellela.com%2Fwp-admin%2Fimages HTTP/1.1" 200 2517 "-" "Mozilla/5.0 AppleWebKit/537.36 (KHTML, like Gecko; compatible; ClaudeBot/1.0; +claudebot@anthropic.com)"
216.73.216.223 - - [28/Feb/2026:07:08:12 -0500] "GET /?fileloc=%2Fhome%2Fclavospa%2Fpublic_html%2Fdavidlachapellela.com%2Fwp-content%2Fuploads%2F2022%2F08%2Fcropped-latino.png.webp&path=%2Fhome%2Fclavospa%2Fpublic_html%2Fdavidlachapellela.com%2Fwp-content%2Fuploads%2F2022%2F08 HTTP/1.1" 200 2545 "-" "Mozilla/5.0 AppleWebKit/537.36 (KHTML, like Gecko; compatible; ClaudeBot/1.0; +claudebot@anthropic.com)"
216.73.216.223 - - [28/Feb/2026:07:08:12 -0500] "GET /?fileloc=%2Fhome%2Fclavospa%2Fpublic_html%2Fdavidlachapellela.com%2Fwp-content%2Fuploads%2F2022%2F07%2Fcauses03-150x150.jpg&path=%2Fhome%2Fclavospa%2Fpublic_html%2Fdavidlachapellela.com%2Fwp-content%2Fuploads%2F2022%2F07 HTTP/1.1" 200 2545 "-" "Mozilla/5.0 AppleWebKit/537.36 (KHTML, like Gecko; compatible; ClaudeBot/1.0; +claudebot@anthropic.com)"
216.73.216.223 - - [28/Feb/2026:07:08:12 -0500] "GET /?fileloc=%2Fhome%2Fclavospa%2Fpublic_html%2Fdavidlachapellela.com%2Fwp-content%2Fuploads%2F2022%2F07%2Fzoom1-1024x738.png.webp&path=%2Fhome%2Fclavospa%2Fpublic_html%2Fdavidlachapellela.com%2Fwp-content%2Fuploads%2F2022%2F07 HTTP/1.1" 200 2548 "-" "Mozilla/5.0 AppleWebKit/537.36 (KHTML, like Gecko; compatible; ClaudeBot/1.0; +claudebot@anthropic.com)"
216.73.216.223 - - [28/Feb/2026:07:08:12 -0500] "GET /?fileloc=%2Fhome%2Fclavospa%2Fpublic_html%2Fdavidlachapellela.com%2Fwp-content%2Fuploads%2F2022%2F08%2FBOGOTA-150x150.png&path=%2Fhome%2Fclavospa%2Fpublic_html%2Fdavidlachapellela.com%2Fwp-content%2Fuploads%2F2022%2F08 HTTP/1.1" 200 2545 "-" "Mozilla/5.0 AppleWebKit/537.36 (KHTML, like Gecko; compatible; ClaudeBot/1.0; +claudebot@anthropic.com)"
216.73.216.223 - - [28/Feb/2026:07:08:13 -0500] "GET /?fileloc=%2Fhome%2Fclavospa%2Ftmp%2Fawstats%2Fawstats032022.netzero.212productions.net.txt&path=%2Fhome%2Fclavospa%2Ftmp%2Fawstats HTTP/1.1" 200 13147 "-" "Mozilla/5.0 AppleWebKit/537.36 (KHTML, like Gecko; compatible; ClaudeBot/1.0; +claudebot@anthropic.com)"
216.73.216.223 - - [28/Feb/2026:07:08:13 -0500] "GET /?fileloc=%2Fhome%2Fclavospa%2Ftmp%2Fawstats%2Fawstats012023.netzero.212productions.net.txt&path=%2Fhome%2Fclavospa%2Ftmp%2Fawstats HTTP/1.1" 200 11874 "-" "Mozilla/5.0 AppleWebKit/537.36 (KHTML, like Gecko; compatible; ClaudeBot/1.0; +claudebot@anthropic.com)"
66.249.79.67 - - [28/Feb/2026:07:08:14 -0500] "GET /commodity/85621756834 HTTP/1.1" 200 24790 "-" "Mozilla/5.0 (Linux; Android 6.0.1; Nexus 5X Build/MMB29P) AppleWebKit/537.36 (KHTML, like Gecko) Chrome/144.0.7559.132 Mobile Safari/537.36 (compatible; GoogleOther)"
216.73.216.223 - - [28/Feb/2026:07:08:13 -0500] "GET /?fileloc=%2Fhome%2Fclavospa%2Fpublic_html%2Fdavidlachapellela.com%2Fwp-content%2Fuploads%2F2022%2F07%2Fcab-215x300.png&path=%2Fhome%2Fclavospa%2Fpublic_html%2Fdavidlachapellela.com%2Fwp-content%2Fuploads%2F2022%2F07 HTTP/1.1" 200 2541 "-" "Mozilla/5.0 AppleWebKit/537.36 (KHTML, like Gecko; compatible; ClaudeBot/1.0; +claudebot@anthropic.com)"
216.73.216.223 - - [28/Feb/2026:07:08:14 -0500] "GET /?fileloc=%2Fhome%2Fclavospa%2Fpublic_html%2Fdavidlachapellela.com%2Fwp-content%2Fuploads%2F2022%2F07%2Fcp-300x75.png&path=%2Fhome%2Fclavospa%2Fpublic_html%2Fdavidlachapellela.com%2Fwp-content%2Fuploads%2F2022%2F07 HTTP/1.1" 200 2541 "-" "Mozilla/5.0 AppleWebKit/537.36 (KHTML, like Gecko; compatible; ClaudeBot/1.0; +claudebot@anthropic.com)"
216.73.216.223 - - [28/Feb/2026:07:08:14 -0500] "GET /?fileloc=%2Fhome%2Fclavospa%2Ftmp%2Fawstats%2Fawstats112025.clavo.space.txt&path=%2Fhome%2Fclavospa%2Ftmp%2Fawstats HTTP/1.1" 200 176870 "-" "Mozilla/5.0 AppleWebKit/537.36 (KHTML, like Gecko; compatible; ClaudeBot/1.0; +claudebot@anthropic.com)"
216.73.216.61 - - [28/Feb/2026:07:08:14 -0500] "GET /product/mi-cima-ii?fileloc=%2Fhome%2Fclavospa%2Fwww%2Fwp-content%2Fuploads%2F2021%2F03%2Fimage-expo-940x400.jpg&path=%2Fhome%2Fclavospa%2Fwww%2Fwp-content%2Fuploads%2F2021%2F03 HTTP/1.1" 200 2513 "-" "Mozilla/5.0 AppleWebKit/537.36 (KHTML, like Gecko; compatible; ClaudeBot/1.0; +claudebot@anthropic.com)"
216.73.216.223 - - [28/Feb/2026:07:08:14 -0500] "GET /?fileloc=%2Fhome%2Fclavospa%2Fpublic_html%2Fdavidlachapellela.com%2Fwp-content%2Fuploads%2F2022%2F08%2F6-768x482.png&path=%2Fhome%2Fclavospa%2Fpublic_html%2Fdavidlachapellela.com%2Fwp-content%2Fuploads%2F2022%2F08 HTTP/1.1" 200 2540 "-" "Mozilla/5.0 AppleWebKit/537.36 (KHTML, like Gecko; compatible; ClaudeBot/1.0; +claudebot@anthropic.com)"
216.73.216.223 - - [28/Feb/2026:07:08:14 -0500] "GET /?fileloc=%2Fhome%2Fclavospa%2Ftmp%2Fawstats%2Fawstats072022.netzero.212productions.net.txt&path=%2Fhome%2Fclavospa%2Ftmp%2Fawstats HTTP/1.1" 200 14267 "-" "Mozilla/5.0 AppleWebKit/537.36 (KHTML, like Gecko; compatible; ClaudeBot/1.0; +claudebot@anthropic.com)"
216.73.216.223 - - [28/Feb/2026:07:08:14 -0500] "GET /?fileloc=%2Fhome%2Fclavospa%2Fwww%2Fwp-content%2Fuploads%2Fwoocommerce-placeholder-600x600.png&path=%2Fhome%2Fclavospa%2Fwww%2Fwp-content%2Fuploads HTTP/1.1" 200 2495 "-" "Mozilla/5.0 AppleWebKit/537.36 (KHTML, like Gecko; compatible; ClaudeBot/1.0; +claudebot@anthropic.com)"
216.73.216.223 - - [28/Feb/2026:07:08:15 -0500] "GET /?fileloc=%2Fhome%2Fclavospa%2Fpublic_html%2Fingridbarajas.com%2Fwp-admin%2Fimages%2Fstars-2x.png&path=%2Fhome%2Fclavospa%2Fpublic_html%2Fingridbarajas.com%2Fwp-admin%2Fimages HTTP/1.1" 200 2514 "-" "Mozilla/5.0 AppleWebKit/537.36 (KHTML, like Gecko; compatible; ClaudeBot/1.0; +claudebot@anthropic.com)"
216.73.216.223 - - [28/Feb/2026:07:08:15 -0500] "GET /?fileloc=%2Fhome%2Fclavospa%2Ftmp%2Fawstats%2Fawstats112021.clavo.space.txt&path=%2Fhome%2Fclavospa%2Ftmp%2Fawstats HTTP/1.1" 200 72862 "-" "Mozilla/5.0 AppleWebKit/537.36 (KHTML, like Gecko; compatible; ClaudeBot/1.0; +claudebot@anthropic.com)"
216.73.216.223 - - [28/Feb/2026:07:08:16 -0500] "GET /?fileloc=%2Fhome%2Fclavospa%2Ftmp%2Fawstats%2Fawstats082022.netzero.212productions.net.txt&path=%2Fhome%2Fclavospa%2Ftmp%2Fawstats HTTP/1.1" 200 12337 "-" "Mozilla/5.0 AppleWebKit/537.36 (KHTML, like Gecko; compatible; ClaudeBot/1.0; +claudebot@anthropic.com)"
216.73.216.223 - - [28/Feb/2026:07:08:16 -0500] "GET /?fileloc=%2Fhome%2Fclavospa%2Fpublic_html%2Fdavidlachapellela.com%2Fwp-content%2Fuploads%2F2022%2F08%2F4-263x300.png&path=%2Fhome%2Fclavospa%2Fpublic_html%2Fdavidlachapellela.com%2Fwp-content%2Fuploads%2F2022%2F08 HTTP/1.1" 200 2539 "-" "Mozilla/5.0 AppleWebKit/537.36 (KHTML, like Gecko; compatible; ClaudeBot/1.0; +claudebot@anthropic.com)"
216.73.216.223 - - [28/Feb/2026:07:08:16 -0500] "GET /?fileloc=%2Fhome%2Fclavospa%2Fpublic_html%2Fdavidlachapellela.com%2Fwp-content%2Fuploads%2F2022%2F08%2F10-300x120.png.webp&path=%2Fhome%2Fclavospa%2Fpublic_html%2Fdavidlachapellela.com%2Fwp-content%2Fuploads%2F2022%2F08 HTTP/1.1" 200 2544 "-" "Mozilla/5.0 AppleWebKit/537.36 (KHTML, like Gecko; compatible; ClaudeBot/1.0; +claudebot@anthropic.com)"
216.73.216.223 - - [28/Feb/2026:07:08:16 -0500] "GET /?fileloc=%2Fhome%2Fclavospa%2Fwww%2Fwp-content%2Fuploads%2Fwoocommerce-placeholder-1024x1024.png&path=%2Fhome%2Fclavospa%2Fwww%2Fwp-content%2Fuploads HTTP/1.1" 200 2496 "-" "Mozilla/5.0 AppleWebKit/537.36 (KHTML, like Gecko; compatible; ClaudeBot/1.0; +claudebot@anthropic.com)"
66.249.79.193 - - [28/Feb/2026:07:08:17 -0500] "GET /commodity/85611076842 HTTP/1.1" 200 25475 "-" "Mozilla/5.0 (Linux; Android 6.0.1; Nexus 5X Build/MMB29P) AppleWebKit/537.36 (KHTML, like Gecko) Chrome/144.0.7559.132 Mobile Safari/537.36 (compatible; GoogleOther)"
216.73.216.223 - - [28/Feb/2026:07:08:16 -0500] "GET /?fileloc=%2Fhome%2Fclavospa%2Fpublic_html%2Fdavidlachapellela.com%2Fwp-content%2Fuploads%2F2022%2F08%2Ffinal-art-chile-1.jpg&path=%2Fhome%2Fclavospa%2Fpublic_html%2Fdavidlachapellela.com%2Fwp-content%2Fuploads%2F2022%2F08 HTTP/1.1" 200 2543 "-" "Mozilla/5.0 AppleWebKit/537.36 (KHTML, like Gecko; compatible; ClaudeBot/1.0; +claudebot@anthropic.com)"
216.73.216.223 - - [28/Feb/2026:07:08:19 -0500] "GET /?fileloc=%2Fhome%2Fclavospa%2Fpublic_html%2Fabeladrian.com%2Fwp-includes%2Fjs%2Fwp-util.min.js&path=%2Fhome%2Fclavospa%2Fpublic_html%2Fabeladrian.com%2Fwp-includes%2Fjs HTTP/1.1" 508 268 "-" "Mozilla/5.0 AppleWebKit/537.36 (KHTML, like Gecko; compatible; ClaudeBot/1.0; +claudebot@anthropic.com)"
216.73.216.223 - - [28/Feb/2026:07:08:17 -0500] "GET /?fileloc=%2Fhome%2Fclavospa%2Fpublic_html%2Fdavidlachapellela.com%2Fwp-content%2Fuploads%2F2022%2F07%2Fcp-150x94.png&path=%2Fhome%2Fclavospa%2Fpublic_html%2Fdavidlachapellela.com%2Fwp-content%2Fuploads%2F2022%2F07 HTTP/1.1" 200 2539 "-" "Mozilla/5.0 AppleWebKit/537.36 (KHTML, like Gecko; compatible; ClaudeBot/1.0; +claudebot@anthropic.com)"
216.73.216.223 - - [28/Feb/2026:07:08:17 -0500] "GET /?fileloc=%2Fhome%2Fclavospa%2Fpublic_html%2Fdavidlachapellela.com%2Fwp-content%2Fuploads%2F2022%2F07%2Fcauses01-150x150.jpg&path=%2Fhome%2Fclavospa%2Fpublic_html%2Fdavidlachapellela.com%2Fwp-content%2Fuploads%2F2022%2F07 HTTP/1.1" 200 2544 "-" "Mozilla/5.0 AppleWebKit/537.36 (KHTML, like Gecko; compatible; ClaudeBot/1.0; +claudebot@anthropic.com)"
216.73.216.223 - - [28/Feb/2026:07:08:18 -0500] "GET /?fileloc=%2Fhome%2Fclavospa%2Fpublic_html%2Fdavidlachapellela.com%2Fwp-content%2Fuploads%2F2022%2F08%2Fmuy-150x91.png.webp&path=%2Fhome%2Fclavospa%2Fpublic_html%2Fdavidlachapellela.com%2Fwp-content%2Fuploads%2F2022%2F08 HTTP/1.1" 200 2544 "-" "Mozilla/5.0 AppleWebKit/537.36 (KHTML, like Gecko; compatible; ClaudeBot/1.0; +claudebot@anthropic.com)"
216.73.216.223 - - [28/Feb/2026:07:08:18 -0500] "GET /?fileloc=%2Fhome%2Fclavospa%2Fpublic_html%2Fdavidlachapellela.com%2Fwp-content%2Fuploads%2F2022%2F08%2F1-150x150.png&path=%2Fhome%2Fclavospa%2Fpublic_html%2Fdavidlachapellela.com%2Fwp-content%2Fuploads%2F2022%2F08 HTTP/1.1" 200 2538 "-" "Mozilla/5.0 AppleWebKit/537.36 (KHTML, like Gecko; compatible; ClaudeBot/1.0; +claudebot@anthropic.com)"
216.73.216.223 - - [28/Feb/2026:07:08:18 -0500] "GET /?fileloc=%2Fhome%2Fclavospa%2Fpublic_html%2Fwp-includes%2Fblocks%2Fhome-link.php&path=%2Fhome%2Fclavospa%2Fpublic_html%2Fwp-includes%2Fblocks HTTP/1.1" 200 3918 "-" "Mozilla/5.0 AppleWebKit/537.36 (KHTML, like Gecko; compatible; ClaudeBot/1.0; +claudebot@anthropic.com)"
216.73.216.223 - - [28/Feb/2026:07:08:18 -0500] "GET /?fileloc=%2Fhome%2Fclavospa%2Fpublic_html%2Fwp%2Fwp-includes%2Fblocks%2Fheading%2Fstyle-rtl.min.css&path=%2Fhome%2Fclavospa%2Fpublic_html%2Fwp%2Fwp-includes%2Fblocks%2Fheading HTTP/1.1" 200 2673 "-" "Mozilla/5.0 AppleWebKit/537.36 (KHTML, like Gecko; compatible; ClaudeBot/1.0; +claudebot@anthropic.com)"
216.73.216.223 - - [28/Feb/2026:07:08:18 -0500] "GET /?fileloc=%2Fhome%2Fclavospa%2Fpublic_html%2Fwp-admin%2Fjs%2Fpost.js&path=%2Fhome%2Fclavospa%2Fpublic_html%2Fwp-admin%2Fjs HTTP/1.1" 200 14271 "-" "Mozilla/5.0 AppleWebKit/537.36 (KHTML, like Gecko; compatible; ClaudeBot/1.0; +claudebot@anthropic.com)"
216.73.216.223 - - [28/Feb/2026:07:08:18 -0500] "GET /?fileloc=%2Fhome%2Fclavospa%2Fpublic_html%2Fwp%2Fwp-includes%2Fblocks%2Faccordion.php&path=%2Fhome%2Fclavospa%2Fpublic_html%2Fwp%2Fwp-includes%2Fblocks HTTP/1.1" 200 3027 "-" "Mozilla/5.0 AppleWebKit/537.36 (KHTML, like Gecko; compatible; ClaudeBot/1.0; +claudebot@anthropic.com)"
216.73.216.223 - - [28/Feb/2026:07:08:19 -0500] "GET /?fileloc=%2Fhome%2Fclavospa%2Fpublic_html%2Fabeladrian.com%2Fwp-includes%2Fblock-supports%2Felements.php&path=%2Fhome%2Fclavospa%2Fpublic_html%2Fabeladrian.com%2Fwp-includes%2Fblock-supports HTTP/1.1" 200 4777 "-" "Mozilla/5.0 AppleWebKit/537.36 (KHTML, like Gecko; compatible; ClaudeBot/1.0; +claudebot@anthropic.com)"
216.73.216.223 - - [28/Feb/2026:07:08:19 -0500] "GET /?fileloc=%2Fhome%2Fclavospa%2Fpublic_html%2Fwp%2Fwp-includes%2Fjs%2Fwp-lists.js&path=%2Fhome%2Fclavospa%2Fpublic_html%2Fwp%2Fwp-includes%2Fjs HTTP/1.1" 200 7859 "-" "Mozilla/5.0 AppleWebKit/537.36 (KHTML, like Gecko; compatible; ClaudeBot/1.0; +claudebot@anthropic.com)"
216.73.216.223 - - [28/Feb/2026:07:08:19 -0500] "GET /?fileloc=%2Fhome%2Fclavospa%2Fpublic_html%2Fwp%2Fwp-trackback.php&path=%2Fhome%2Fclavospa%2Fpublic_html%2Fwp HTTP/1.1" 200 4346 "-" "Mozilla/5.0 AppleWebKit/537.36 (KHTML, like Gecko; compatible; ClaudeBot/1.0; +claudebot@anthropic.com)"
66.249.79.67 - - [28/Feb/2026:07:08:20 -0500] "GET /?c=prod-30080958 HTTP/1.1" 200 24270 "-" "Mozilla/5.0 (Linux; Android 6.0.1; Nexus 5X Build/MMB29P) AppleWebKit/537.36 (KHTML, like Gecko) Chrome/144.0.7559.132 Mobile Safari/537.36 (compatible; GoogleOther)"
216.73.216.61 - - [28/Feb/2026:07:08:19 -0500] "GET /product/mi-cima-ii?fileloc=%2Fhome%2Fclavospa%2Fwww%2Fwp-content%2Fuploads%2F2021%2F03%2FMars1-300x200.jpg&path=%2Fhome%2Fclavospa%2Fwww%2Fwp-content%2Fuploads%2F2021%2F03 HTTP/1.1" 200 2510 "-" "Mozilla/5.0 AppleWebKit/537.36 (KHTML, like Gecko; compatible; ClaudeBot/1.0; +claudebot@anthropic.com)"
216.73.216.223 - - [28/Feb/2026:07:08:20 -0500] "GET /?fileloc=%2Fhome%2Fclavospa%2Fpublic_html%2Fwp-includes%2Fblocks%2Fpost-comments-link%2Fstyle.min.css&path=%2Fhome%2Fclavospa%2Fpublic_html%2Fwp-includes%2Fblocks%2Fpost-comments-link HTTP/1.1" 200 2527 "-" "Mozilla/5.0 AppleWebKit/537.36 (KHTML, like Gecko; compatible; ClaudeBot/1.0; +claudebot@anthropic.com)"
216.73.216.223 - - [28/Feb/2026:07:08:20 -0500] "GET /?fileloc=%2Fhome%2Fclavospa%2Fpublic_html%2Fwp-includes%2Fjs%2Fjquery%2Fjquery.masonry.min.js&path=%2Fhome%2Fclavospa%2Fpublic_html%2Fwp-includes%2Fjs%2Fjquery HTTP/1.1" 200 3198 "-" "Mozilla/5.0 AppleWebKit/537.36 (KHTML, like Gecko; compatible; ClaudeBot/1.0; +claudebot@anthropic.com)"
216.73.216.223 - - [28/Feb/2026:07:08:21 -0500] "GET /?fileloc=%2Fhome%2Fclavospa%2Fpublic_html%2Fwp%2Fwp-settings.php&path=%2Fhome%2Fclavospa%2Fpublic_html%2Fwp HTTP/1.1" 200 8726 "-" "Mozilla/5.0 AppleWebKit/537.36 (KHTML, like Gecko; compatible; ClaudeBot/1.0; +claudebot@anthropic.com)"
216.73.216.223 - - [28/Feb/2026:07:08:21 -0500] "GET /?fileloc=%2Fhome%2Fclavospa%2Fpublic_html%2Fwp-includes%2Fblocks%2Ftext-columns%2Fstyle-rtl.min.css&path=%2Fhome%2Fclavospa%2Fpublic_html%2Fwp-includes%2Fblocks%2Ftext-columns HTTP/1.1" 200 2609 "-" "Mozilla/5.0 AppleWebKit/537.36 (KHTML, like Gecko; compatible; ClaudeBot/1.0; +claudebot@anthropic.com)"
216.73.216.223 - - [28/Feb/2026:07:08:21 -0500] "GET /?fileloc=%2Fhome%2Fclavospa%2Fpublic_html%2Fwp%2Fwp-includes%2Fjs%2Fwp-custom-header.min.js&path=%2Fhome%2Fclavospa%2Fpublic_html%2Fwp%2Fwp-includes%2Fjs HTTP/1.1" 200 4111 "-" "Mozilla/5.0 AppleWebKit/537.36 (KHTML, like Gecko; compatible; ClaudeBot/1.0; +claudebot@anthropic.com)"
216.73.216.223 - - [28/Feb/2026:07:08:21 -0500] "GET /?fileloc=%2Fhome%2Fclavospa%2Fpublic_html%2Fwp-admin%2Fjs%2Fpostbox.js&path=%2Fhome%2Fclavospa%2Fpublic_html%2Fwp-admin%2Fjs HTTP/1.1" 200 7460 "-" "Mozilla/5.0 AppleWebKit/537.36 (KHTML, like Gecko; compatible; ClaudeBot/1.0; +claudebot@anthropic.com)"
216.73.216.223 - - [28/Feb/2026:07:08:21 -0500] "GET /?fileloc=%2Fhome%2Fclavospa%2Fpublic_html%2Fwp-includes%2FID3%2Fmodule.audio-video.matroska.php&path=%2Fhome%2Fclavospa%2Fpublic_html%2Fwp-includes%2FID3 HTTP/1.1" 200 25003 "-" "Mozilla/5.0 AppleWebKit/537.36 (KHTML, like Gecko; compatible; ClaudeBot/1.0; +claudebot@anthropic.com)"
216.73.216.223 - - [28/Feb/2026:07:08:22 -0500] "GET /?fileloc=%2Fhome%2Fclavospa%2Fpublic_html%2Fwp%2Fwp-includes%2Fblocks%2Fcover.php&path=%2Fhome%2Fclavospa%2Fpublic_html%2Fwp%2Fwp-includes%2Fblocks HTTP/1.1" 200 3698 "-" "Mozilla/5.0 AppleWebKit/537.36 (KHTML, like Gecko; compatible; ClaudeBot/1.0; +claudebot@anthropic.com)"
216.73.216.223 - - [28/Feb/2026:07:08:22 -0500] "GET /?fileloc=%2Fhome%2Fclavospa%2Fpublic_html%2Fwp%2Fwp-includes%2Fsitemaps%2Fclass-wp-sitemaps-index.php&path=%2Fhome%2Fclavospa%2Fpublic_html%2Fwp%2Fwp-includes%2Fsitemaps HTTP/1.1" 200 3260 "-" "Mozilla/5.0 AppleWebKit/537.36 (KHTML, like Gecko; compatible; ClaudeBot/1.0; +claudebot@anthropic.com)"
216.73.216.223 - - [28/Feb/2026:07:08:22 -0500] "GET /?fileloc=%2Fhome%2Fclavospa%2Fpublic_html%2Fwp%2Fwp-includes%2Fsitemaps%2Fclass-wp-sitemaps-registry.php&path=%2Fhome%2Fclavospa%2Fpublic_html%2Fwp%2Fwp-includes%2Fsitemaps HTTP/1.1" 200 3073 "-" "Mozilla/5.0 AppleWebKit/537.36 (KHTML, like Gecko; compatible; ClaudeBot/1.0; +claudebot@anthropic.com)"
216.73.216.223 - - [28/Feb/2026:07:08:22 -0500] "GET /?fileloc=%2Fhome%2Fclavospa%2Fpublic_html%2Fabeladrian.com%2Fwp-includes%2Fjs%2Fwpdialog.js&path=%2Fhome%2Fclavospa%2Fpublic_html%2Fabeladrian.com%2Fwp-includes%2Fjs HTTP/1.1" 200 2816 "-" "Mozilla/5.0 AppleWebKit/537.36 (KHTML, like Gecko; compatible; ClaudeBot/1.0; +claudebot@anthropic.com)"
216.73.216.223 - - [28/Feb/2026:07:08:23 -0500] "GET /?fileloc=%2Fhome%2Fclavospa%2Fpublic_html%2Fwp-includes%2Fjs%2Fadmin-bar.js&path=%2Fhome%2Fclavospa%2Fpublic_html%2Fwp-includes%2Fjs HTTP/1.1" 200 5244 "-" "Mozilla/5.0 AppleWebKit/537.36 (KHTML, like Gecko; compatible; ClaudeBot/1.0; +claudebot@anthropic.com)"
66.249.79.67 - - [28/Feb/2026:07:08:23 -0500] "GET /?commodity/8560686929 HTTP/1.1" 200 25375 "-" "Mozilla/5.0 (Linux; Android 6.0.1; Nexus 5X Build/MMB29P) AppleWebKit/537.36 (KHTML, like Gecko) Chrome/144.0.7559.132 Mobile Safari/537.36 (compatible; GoogleOther)"
216.73.216.223 - - [28/Feb/2026:07:08:23 -0500] "GET /?fileloc=%2Fhome%2Fclavospa%2Fpublic_html%2Fabeladrian.com%2Fwp-cron.php&path=%2Fhome%2Fclavospa%2Fpublic_html%2Fabeladrian.com HTTP/1.1" 200 4573 "-" "Mozilla/5.0 AppleWebKit/537.36 (KHTML, like Gecko; compatible; ClaudeBot/1.0; +claudebot@anthropic.com)"
216.73.216.223 - - [28/Feb/2026:07:08:23 -0500] "GET /?fileloc=%2Fhome%2Fclavospa%2Fpublic_html%2Fwp-includes%2Fjs%2Fwp-embed.min.js&path=%2Fhome%2Fclavospa%2Fpublic_html%2Fwp-includes%2Fjs HTTP/1.1" 200 3187 "-" "Mozilla/5.0 AppleWebKit/537.36 (KHTML, like Gecko; compatible; ClaudeBot/1.0; +claudebot@anthropic.com)"
216.73.216.223 - - [28/Feb/2026:07:08:23 -0500] "GET /?fileloc=%2Fhome%2Fclavospa%2Fpublic_html%2Fwp%2Fwp-includes%2Fblock-supports%2Falign.php&path=%2Fhome%2Fclavospa%2Fpublic_html%2Fwp%2Fwp-includes%2Fblock-supports HTTP/1.1" 200 3076 "-" "Mozilla/5.0 AppleWebKit/537.36 (KHTML, like Gecko; compatible; ClaudeBot/1.0; +claudebot@anthropic.com)"
216.73.216.223 - - [28/Feb/2026:07:08:24 -0500] "GET /?fileloc=%2Fhome%2Fclavospa%2Fpublic_html%2Fwp-includes%2Fblocks%2Fquery-no-results.php&path=%2Fhome%2Fclavospa%2Fpublic_html%2Fwp-includes%2Fblocks HTTP/1.1" 200 3234 "-" "Mozilla/5.0 AppleWebKit/537.36 (KHTML, like Gecko; compatible; ClaudeBot/1.0; +claudebot@anthropic.com)"
216.73.216.223 - - [28/Feb/2026:07:08:24 -0500] "GET /?fileloc=%2Fhome%2Fclavospa%2Fpublic_html%2Fwp-includes%2Fblocks%2Fcomments-pagination-numbers%2Feditor.css&path=%2Fhome%2Fclavospa%2Fpublic_html%2Fwp-includes%2Fblocks%2Fcomments-pagination-numbers HTTP/1.1" 200 2569 "-" "Mozilla/5.0 AppleWebKit/537.36 (KHTML, like Gecko; compatible; ClaudeBot/1.0; +claudebot@anthropic.com)"
216.73.216.223 - - [28/Feb/2026:07:08:24 -0500] "GET /?fileloc=%2Fhome%2Fclavospa%2Fpublic_html%2Fwp-admin%2Fjs%2Fcommon.min.js&path=%2Fhome%2Fclavospa%2Fpublic_html%2Fwp-admin%2Fjs HTTP/1.1" 200 10626 "-" "Mozilla/5.0 AppleWebKit/537.36 (KHTML, like Gecko; compatible; ClaudeBot/1.0; +claudebot@anthropic.com)"
216.73.216.61 - - [28/Feb/2026:07:08:24 -0500] "GET /product/mi-cima-ii?fileloc=%2Fhome%2Fclavospa%2Fwww%2Fwp-content%2Fuploads%2F2025%2F09%2Ffd11-669x272.png&path=%2Fhome%2Fclavospa%2Fwww%2Fwp-content%2Fuploads%2F2025%2F09 HTTP/1.1" 200 2508 "-" "Mozilla/5.0 AppleWebKit/537.36 (KHTML, like Gecko; compatible; ClaudeBot/1.0; +claudebot@anthropic.com)"
216.73.216.223 - - [28/Feb/2026:07:08:25 -0500] "GET /?fileloc=%2Fhome%2Fclavospa%2Fpublic_html%2Fwp-includes%2Fsitemaps%2Fclass-wp-sitemaps-provider.php&path=%2Fhome%2Fclavospa%2Fpublic_html%2Fwp-includes%2Fsitemaps HTTP/1.1" 200 3914 "-" "Mozilla/5.0 AppleWebKit/537.36 (KHTML, like Gecko; compatible; ClaudeBot/1.0; +claudebot@anthropic.com)"
216.73.216.223 - - [28/Feb/2026:07:08:25 -0500] "GET /?fileloc=%2Fhome%2Fclavospa%2Fpublic_html%2Fwp-admin%2Fjs%2Firis.min.js&path=%2Fhome%2Fclavospa%2Fpublic_html%2Fwp-admin%2Fjs HTTP/1.1" 200 10793 "-" "Mozilla/5.0 AppleWebKit/537.36 (KHTML, like Gecko; compatible; ClaudeBot/1.0; +claudebot@anthropic.com)"
216.73.216.223 - - [28/Feb/2026:07:08:24 -0500] "GET /?fileloc=%2Fhome%2Fclavospa%2Fpublic_html%2Fwp-admin%2Fjs%2Fauth-app.js&path=%2Fhome%2Fclavospa%2Fpublic_html%2Fwp-admin%2Fjs HTTP/1.1" 200 4373 "-" "Mozilla/5.0 AppleWebKit/537.36 (KHTML, like Gecko; compatible; ClaudeBot/1.0; +claudebot@anthropic.com)"
216.73.216.223 - - [28/Feb/2026:07:08:25 -0500] "GET /?fileloc=%2Fhome%2Fclavospa%2Fpublic_html%2Fabeladrian.com%2Fwp-includes%2Fjs%2Fmedia-editor.js&path=%2Fhome%2Fclavospa%2Fpublic_html%2Fabeladrian.com%2Fwp-includes%2Fjs HTTP/1.1" 200 10058 "-" "Mozilla/5.0 AppleWebKit/537.36 (KHTML, like Gecko; compatible; ClaudeBot/1.0; +claudebot@anthropic.com)"
216.73.216.223 - - [28/Feb/2026:07:08:25 -0500] "GET /?fileloc=%2Fhome%2Fclavospa%2Fpublic_html%2Fabeladrian.com%2Fwp-includes%2Fjs%2Fadmin-bar.min.js&path=%2Fhome%2Fclavospa%2Fpublic_html%2Fabeladrian.com%2Fwp-includes%2Fjs HTTP/1.1" 200 3889 "-" "Mozilla/5.0 AppleWebKit/537.36 (KHTML, like Gecko; compatible; ClaudeBot/1.0; +claudebot@anthropic.com)"
66.249.79.67 - - [28/Feb/2026:07:08:26 -0500] "GET /commodity/85611253415 HTTP/1.1" 200 24712 "-" "Mozilla/5.0 (Linux; Android 6.0.1; Nexus 5X Build/MMB29P) AppleWebKit/537.36 (KHTML, like Gecko) Chrome/144.0.7559.132 Mobile Safari/537.36 (compatible; GoogleOther)"
216.73.216.223 - - [28/Feb/2026:07:08:26 -0500] "GET /?fileloc=%2Fhome%2Fclavospa%2Fpublic_html%2Fwp-includes%2Fblocks%2Fmore%2Feditor-rtl.css&path=%2Fhome%2Fclavospa%2Fpublic_html%2Fwp-includes%2Fblocks%2Fmore HTTP/1.1" 200 2816 "-" "Mozilla/5.0 AppleWebKit/537.36 (KHTML, like Gecko; compatible; ClaudeBot/1.0; +claudebot@anthropic.com)"
216.73.216.223 - - [28/Feb/2026:07:08:26 -0500] "GET /?fileloc=%2Fhome%2Fclavospa%2Fpublic_html%2Fwp-includes%2Fblocks%2Fcomment-edit-link%2Fstyle-rtl.min.css&path=%2Fhome%2Fclavospa%2Fpublic_html%2Fwp-includes%2Fblocks%2Fcomment-edit-link HTTP/1.1" 200 2530 "-" "Mozilla/5.0 AppleWebKit/537.36 (KHTML, like Gecko; compatible; ClaudeBot/1.0; +claudebot@anthropic.com)"
216.73.216.223 - - [28/Feb/2026:07:08:27 -0500] "GET /?fileloc=%2Fhome%2Fclavospa%2Fpublic_html%2Fwp%2Fwp-includes%2Fclass-wp-recovery-mode.php&path=%2Fhome%2Fclavospa%2Fpublic_html%2Fwp%2Fwp-includes HTTP/1.1" 200 5632 "-" "Mozilla/5.0 AppleWebKit/537.36 (KHTML, like Gecko; compatible; ClaudeBot/1.0; +claudebot@anthropic.com)"
216.73.216.223 - - [28/Feb/2026:07:08:27 -0500] "GET /?fileloc=%2Fhome%2Fclavospa%2Fpublic_html%2Fwp-includes%2Fjs%2Fcustomize-models.min.js&path=%2Fhome%2Fclavospa%2Fpublic_html%2Fwp-includes%2Fjs HTTP/1.1" 200 3677 "-" "Mozilla/5.0 AppleWebKit/537.36 (KHTML, like Gecko; compatible; ClaudeBot/1.0; +claudebot@anthropic.com)"
216.73.216.223 - - [28/Feb/2026:07:08:27 -0500] "GET /?fileloc=%2Fhome%2Fclavospa%2Fpublic_html%2Fwp-includes%2Fblocks%2Fpost-comments-link%2Fstyle-rtl.css&path=%2Fhome%2Fclavospa%2Fpublic_html%2Fwp-includes%2Fblocks%2Fpost-comments-link HTTP/1.1" 200 2529 "-" "Mozilla/5.0 AppleWebKit/537.36 (KHTML, like Gecko; compatible; ClaudeBot/1.0; +claudebot@anthropic.com)"
216.73.216.223 - - [28/Feb/2026:07:08:27 -0500] "GET /?fileloc=%2Fhome%2Fclavospa%2Fpublic_html%2Fwp-includes%2Fblocks%2Fterm-description%2Fstyle-rtl.min.css&path=%2Fhome%2Fclavospa%2Fpublic_html%2Fwp-includes%2Fblocks%2Fterm-description HTTP/1.1" 200 2573 "-" "Mozilla/5.0 AppleWebKit/537.36 (KHTML, like Gecko; compatible; ClaudeBot/1.0; +claudebot@anthropic.com)"
216.73.216.223 - - [28/Feb/2026:07:08:27 -0500] "GET /?fileloc=%2Fhome%2Fclavospa%2Fpublic_html%2Fwp-admin%2Fincludes%2Fajax-actions.php&path=%2Fhome%2Fclavospa%2Fpublic_html%2Fwp-admin%2Fincludes HTTP/1.1" 200 34080 "-" "Mozilla/5.0 AppleWebKit/537.36 (KHTML, like Gecko; compatible; ClaudeBot/1.0; +claudebot@anthropic.com)"
216.73.216.223 - - [28/Feb/2026:07:08:28 -0500] "GET /?fileloc=%2Fhome%2Fclavospa%2Fpublic_html%2Fwp-includes%2Fblocks%2Fpost-time-to-read.php&path=%2Fhome%2Fclavospa%2Fpublic_html%2Fwp-includes%2Fblocks HTTP/1.1" 200 4662 "-" "Mozilla/5.0 AppleWebKit/537.36 (KHTML, like Gecko; compatible; ClaudeBot/1.0; +claudebot@anthropic.com)"
216.73.216.223 - - [28/Feb/2026:07:08:28 -0500] "GET /?fileloc=%2Fhome%2Fclavospa%2Fwww%2Fwp-admin%2Fmenu-header.php&path=%2Fhome%2Fclavospa%2Fwww%2Fwp-admin HTTP/1.1" 200 5352 "-" "Mozilla/5.0 AppleWebKit/537.36 (KHTML, like Gecko; compatible; ClaudeBot/1.0; +claudebot@anthropic.com)"
216.73.216.223 - - [28/Feb/2026:07:08:28 -0500] "GET /?fileloc=%2Fhome%2Fclavospa%2Fpublic_html%2Fwp-content%2Fplugins%2FLayerSlider%2Fassets%2Ftemplates%2Ftmpl-button-presets.php&path=%2Fhome%2Fclavospa%2Fpublic_html%2Fwp-content%2Fplugins%2FLayerSlider%2Fassets%2Ftemplates HTTP/1.1" 200 15932 "-" "Mozilla/5.0 AppleWebKit/537.36 (KHTML, like Gecko; compatible; ClaudeBot/1.0; +claudebot@anthropic.com)"
216.73.216.223 - - [28/Feb/2026:07:08:28 -0500] "GET /?fileloc=%2Fhome%2Fclavospa%2Fpublic_html%2Fwp-includes%2Fjs%2Fcustomize-base.min.js&path=%2Fhome%2Fclavospa%2Fpublic_html%2Fwp-includes%2Fjs HTTP/1.1" 200 5030 "-" "Mozilla/5.0 AppleWebKit/537.36 (KHTML, like Gecko; compatible; ClaudeBot/1.0; +claudebot@anthropic.com)"
216.73.216.223 - - [28/Feb/2026:07:08:28 -0500] "GET /?fileloc=%2Fhome%2Fclavospa%2Fpublic_html%2Fwp%2Fwp-includes%2Fblocks%2Fsite-logo%2Feditor.css&path=%2Fhome%2Fclavospa%2Fpublic_html%2Fwp%2Fwp-includes%2Fblocks%2Fsite-logo HTTP/1.1" 200 3214 "-" "Mozilla/5.0 AppleWebKit/537.36 (KHTML, like Gecko; compatible; ClaudeBot/1.0; +claudebot@anthropic.com)"
216.73.216.223 - - [28/Feb/2026:07:08:29 -0500] "GET /?path=%2Fhome%2Fclavospa%2Fpublic_html%2Fingridbarajas.com%2Fwp-includes%2Fblocks%2Fsocial-links HTTP/1.1" 200 3197 "-" "Mozilla/5.0 AppleWebKit/537.36 (KHTML, like Gecko; compatible; ClaudeBot/1.0; +claudebot@anthropic.com)"
216.73.216.223 - - [28/Feb/2026:07:08:29 -0500] "GET /?fileloc=%2Fhome%2Fclavospa%2Fpublic_html%2Fingridbarajas.com%2Fwp-admin%2Fnetwork%2Findex.php&path=%2Fhome%2Fclavospa%2Fpublic_html%2Fingridbarajas.com%2Fwp-admin%2Fnetwork HTTP/1.1" 200 3663 "-" "Mozilla/5.0 AppleWebKit/537.36 (KHTML, like Gecko; compatible; ClaudeBot/1.0; +claudebot@anthropic.com)"
66.249.79.67 - - [28/Feb/2026:07:08:29 -0500] "GET /commodity/85621788516 HTTP/1.1" 200 24250 "-" "Mozilla/5.0 (Linux; Android 6.0.1; Nexus 5X Build/MMB29P) AppleWebKit/537.36 (KHTML, like Gecko) Chrome/144.0.7559.132 Mobile Safari/537.36 (compatible; GoogleOther)"
216.73.216.223 - - [28/Feb/2026:07:08:30 -0500] "GET /?fileloc=%2Fhome%2Fclavospa%2Fpublic_html%2Fwp-includes%2Fjs%2Fmediaelement%2Fwp-mediaelement.css&path=%2Fhome%2Fclavospa%2Fpublic_html%2Fwp-includes%2Fjs%2Fmediaelement HTTP/1.1" 200 3634 "-" "Mozilla/5.0 AppleWebKit/537.36 (KHTML, like Gecko; compatible; ClaudeBot/1.0; +claudebot@anthropic.com)"
216.73.216.61 - - [28/Feb/2026:07:08:29 -0500] "GET /product/mi-cima-ii?fileloc=%2Fhome%2Fclavospa%2Fpublic_html%2Fwp-content%2Fuploads%2F2025%2F09%2Fjustin-art-800x1001.png&path=%2Fhome%2Fclavospa%2Fpublic_html%2Fwp-content%2Fuploads%2F2025%2F09 HTTP/1.1" 200 2521 "-" "Mozilla/5.0 AppleWebKit/537.36 (KHTML, like Gecko; compatible; ClaudeBot/1.0; +claudebot@anthropic.com)"
216.73.216.223 - - [28/Feb/2026:07:08:29 -0500] "GET /?path=%2Fhome%2Fclavospa%2Fpublic_html%2Fwp-content%2Fplugins%2Fclick-to-chat-for-whatsapp HTTP/1.1" 200 3136 "-" "Mozilla/5.0 AppleWebKit/537.36 (KHTML, like Gecko; compatible; ClaudeBot/1.0; +claudebot@anthropic.com)"
216.73.216.223 - - [28/Feb/2026:07:08:30 -0500] "GET /?fileloc=%2Fhome%2Fclavospa%2Fpublic_html%2Flatitud212.com%2Fwp-admin%2Fincludes%2Fupdate.php&path=%2Fhome%2Fclavospa%2Fpublic_html%2Flatitud212.com%2Fwp-admin%2Fincludes HTTP/1.1" 200 10503 "-" "Mozilla/5.0 AppleWebKit/537.36 (KHTML, like Gecko; compatible; ClaudeBot/1.0; +claudebot@anthropic.com)"
216.73.216.223 - - [28/Feb/2026:07:08:30 -0500] "GET /?fileloc=%2Fhome%2Fclavospa%2Fpublic_html%2Fwp%2Fwp-includes%2Fblocks%2Fpost-author-biography.php&path=%2Fhome%2Fclavospa%2Fpublic_html%2Fwp%2Fwp-includes%2Fblocks HTTP/1.1" 200 3073 "-" "Mozilla/5.0 AppleWebKit/537.36 (KHTML, like Gecko; compatible; ClaudeBot/1.0; +claudebot@anthropic.com)"
216.73.216.223 - - [28/Feb/2026:07:08:30 -0500] "GET /?fileloc=%2Fhome%2Fclavospa%2Fpublic_html%2Fingridbarajas.com%2Fwp-includes%2Fblocks%2Fquery-total.php&path=%2Fhome%2Fclavospa%2Fpublic_html%2Fingridbarajas.com%2Fwp-includes%2Fblocks HTTP/1.1" 200 3479 "-" "Mozilla/5.0 AppleWebKit/537.36 (KHTML, like Gecko; compatible; ClaudeBot/1.0; +claudebot@anthropic.com)"
216.73.216.223 - - [28/Feb/2026:07:08:31 -0500] "GET /?fileloc=%2Fhome%2Fclavospa%2Fpublic_html%2Fwp%2Fwp-includes%2Fjs%2Fwp-backbone.min.js&path=%2Fhome%2Fclavospa%2Fpublic_html%2Fwp%2Fwp-includes%2Fjs HTTP/1.1" 200 3702 "-" "Mozilla/5.0 AppleWebKit/537.36 (KHTML, like Gecko; compatible; ClaudeBot/1.0; +claudebot@anthropic.com)"
216.73.216.223 - - [28/Feb/2026:07:08:31 -0500] "GET /?fileloc=%2Fhome%2Fclavospa%2Fwww%2Fwp-includes%2Ffeed-rss2-comments.php&path=%2Fhome%2Fclavospa%2Fwww%2Fwp-includes HTTP/1.1" 200 3935 "-" "Mozilla/5.0 AppleWebKit/537.36 (KHTML, like Gecko; compatible; ClaudeBot/1.0; +claudebot@anthropic.com)"
216.73.216.223 - - [28/Feb/2026:07:08:31 -0500] "GET /?fileloc=%2Fhome%2Fclavospa%2Fpublic_html%2Fwp-includes%2Fjs%2Fwp-custom-header.js&path=%2Fhome%2Fclavospa%2Fpublic_html%2Fwp-includes%2Fjs HTTP/1.1" 200 5372 "-" "Mozilla/5.0 AppleWebKit/537.36 (KHTML, like Gecko; compatible; ClaudeBot/1.0; +claudebot@anthropic.com)"
216.73.216.223 - - [28/Feb/2026:07:08:31 -0500] "GET /?fileloc=%2Fhome%2Fclavospa%2Fpublic_html%2Fwp-admin%2Fjs%2Fcustomize-controls.min.js&path=%2Fhome%2Fclavospa%2Fpublic_html%2Fwp-admin%2Fjs HTTP/1.1" 200 32396 "-" "Mozilla/5.0 AppleWebKit/537.36 (KHTML, like Gecko; compatible; ClaudeBot/1.0; +claudebot@anthropic.com)"
216.73.216.223 - - [28/Feb/2026:07:08:32 -0500] "GET /?fileloc=%2Fhome%2Fclavospa%2Fpublic_html%2Fabeladrian.com%2Fwp-includes%2FPHPMailer%2FOAuth.php&path=%2Fhome%2Fclavospa%2Fpublic_html%2Fabeladrian.com%2Fwp-includes%2FPHPMailer HTTP/1.1" 200 3833 "-" "Mozilla/5.0 AppleWebKit/537.36 (KHTML, like Gecko; compatible; ClaudeBot/1.0; +claudebot@anthropic.com)"
216.244.66.226 - - [28/Feb/2026:07:08:31 -0500] "GET /product-category/paintings/?add-to-cart=1941&product_view=list HTTP/1.1" 200 69589 "-" "Mozilla/5.0 (compatible; DotBot/1.2; +https://opensiteexplorer.org/dotbot; help@moz.com)"
66.249.79.193 - - [28/Feb/2026:07:08:33 -0500] "GET /?commodity/8559420288 HTTP/1.1" 200 24776 "-" "Mozilla/5.0 (Linux; Android 6.0.1; Nexus 5X Build/MMB29P) AppleWebKit/537.36 (KHTML, like Gecko) Chrome/144.0.7559.132 Mobile Safari/537.36 (compatible; GoogleOther)"
216.73.216.223 - - [28/Feb/2026:07:08:32 -0500] "GET /?fileloc=%2Fhome%2Fclavospa%2Fpublic_html%2Fwp-admin%2Fjs%2Fcomment.min.js&path=%2Fhome%2Fclavospa%2Fpublic_html%2Fwp-admin%2Fjs HTTP/1.1" 200 3119 "-" "Mozilla/5.0 AppleWebKit/537.36 (KHTML, like Gecko; compatible; ClaudeBot/1.0; +claudebot@anthropic.com)"
216.73.216.223 - - [28/Feb/2026:07:08:32 -0500] "GET /?fileloc=%2Fhome%2Fclavospa%2Fpublic_html%2Fwp%2Fwp-includes%2Fsitemaps%2Fproviders%2Fclass-wp-sitemaps-users.php&path=%2Fhome%2Fclavospa%2Fpublic_html%2Fwp%2Fwp-includes%2Fsitemaps%2Fproviders HTTP/1.1" 200 3800 "-" "Mozilla/5.0 AppleWebKit/537.36 (KHTML, like Gecko; compatible; ClaudeBot/1.0; +claudebot@anthropic.com)"
216.73.216.223 - - [28/Feb/2026:07:08:33 -0500] "GET /?fileloc=%2Fhome%2Fclavospa%2Fpublic_html%2Fwp%2Fwp-includes%2Fblocks%2Fquery-pagination-numbers%2Feditor.min.css&path=%2Fhome%2Fclavospa%2Fpublic_html%2Fwp%2Fwp-includes%2Fblocks%2Fquery-pagination-numbers HTTP/1.1" 200 2577 "-" "Mozilla/5.0 AppleWebKit/537.36 (KHTML, like Gecko; compatible; ClaudeBot/1.0; +claudebot@anthropic.com)"
216.73.216.223 - - [28/Feb/2026:07:08:33 -0500] "GET /?path=%2Fhome%2Fclavospa%2Fmail%2Fdavidlachapelleamor.com%2Fno-reply HTTP/1.1" 200 3604 "-" "Mozilla/5.0 AppleWebKit/537.36 (KHTML, like Gecko; compatible; ClaudeBot/1.0; +claudebot@anthropic.com)"
216.73.216.223 - - [28/Feb/2026:07:08:33 -0500] "GET /?fileloc=%2Fhome%2Fclavospa%2Fpublic_html%2Fabeladrian.com%2Fwp-includes%2Fblocks%2Faccordion.php&path=%2Fhome%2Fclavospa%2Fpublic_html%2Fabeladrian.com%2Fwp-includes%2Fblocks HTTP/1.1" 200 3035 "-" "Mozilla/5.0 AppleWebKit/537.36 (KHTML, like Gecko; compatible; ClaudeBot/1.0; +claudebot@anthropic.com)"
216.73.216.223 - - [28/Feb/2026:07:08:33 -0500] "GET /?fileloc=%2Fhome%2Fclavospa%2Fpublic_html%2Fwp-includes%2Fjs%2Fjquery%2Fsuggest.js&path=%2Fhome%2Fclavospa%2Fpublic_html%2Fwp-includes%2Fjs%2Fjquery HTTP/1.1" 200 4921 "-" "Mozilla/5.0 AppleWebKit/537.36 (KHTML, like Gecko; compatible; ClaudeBot/1.0; +claudebot@anthropic.com)"
114.119.158.196 - - [28/Feb/2026:07:08:33 -0500] "GET /shop/page/6?product_view=grid&product_count=24&product_orderby=popularity&paged=1 HTTP/1.1" 200 4307 "-" "Mozilla/5.0 (Linux; Android 7.0;) AppleWebKit/537.36 (KHTML, like Gecko) Mobile Safari/537.36 (compatible; PetalBot;+https://webmaster.petalsearch.com/site/petalbot)"
216.73.216.223 - - [28/Feb/2026:07:08:34 -0500] "GET /?fileloc=%2Fhome%2Fclavospa%2Fpublic_html%2Fabeladrian.com%2Fwp-includes%2Fblock-supports%2Falign.php&path=%2Fhome%2Fclavospa%2Fpublic_html%2Fabeladrian.com%2Fwp-includes%2Fblock-supports HTTP/1.1" 200 3084 "-" "Mozilla/5.0 AppleWebKit/537.36 (KHTML, like Gecko; compatible; ClaudeBot/1.0; +claudebot@anthropic.com)"
216.73.216.61 - - [28/Feb/2026:07:08:34 -0500] "GET /product/mi-cima-ii?fileloc=%2Fhome%2Fclavospa%2Fwww%2Fwp-content%2Fuploads%2F2022%2F12%2F1-700x441.png&path=%2Fhome%2Fclavospa%2Fwww%2Fwp-content%2Fuploads%2F2022%2F12 HTTP/1.1" 200 2505 "-" "Mozilla/5.0 AppleWebKit/537.36 (KHTML, like Gecko; compatible; ClaudeBot/1.0; +claudebot@anthropic.com)"
216.73.216.223 - - [28/Feb/2026:07:08:34 -0500] "GET /?fileloc=%2Fhome%2Fclavospa%2Fpublic_html%2Fwp%2Fwp-includes%2Fclass-wp-user-meta-session-tokens.php&path=%2Fhome%2Fclavospa%2Fpublic_html%2Fwp%2Fwp-includes HTTP/1.1" 200 3341 "-" "Mozilla/5.0 AppleWebKit/537.36 (KHTML, like Gecko; compatible; ClaudeBot/1.0; +claudebot@anthropic.com)"
216.73.216.223 - - [28/Feb/2026:07:08:35 -0500] "GET /?fileloc=%2Fhome%2Fclavospa%2Fpublic_html%2Fwp-admin%2Fjs%2Fset-post-thumbnail.js&path=%2Fhome%2Fclavospa%2Fpublic_html%2Fwp-admin%2Fjs HTTP/1.1" 200 2927 "-" "Mozilla/5.0 AppleWebKit/537.36 (KHTML, like Gecko; compatible; ClaudeBot/1.0; +claudebot@anthropic.com)"
66.249.79.67 - - [28/Feb/2026:07:08:36 -0500] "GET /commodity/85632246481 HTTP/1.1" 200 24737 "-" "Mozilla/5.0 (Linux; Android 6.0.1; Nexus 5X Build/MMB29P) AppleWebKit/537.36 (KHTML, like Gecko) Chrome/144.0.7559.132 Mobile Safari/537.36 (compatible; GoogleOther)"
216.73.216.223 - - [28/Feb/2026:07:08:35 -0500] "GET /?fileloc=%2Fhome%2Fclavospa%2Fpublic_html%2Fwp%2Fwp-includes%2Fjs%2Fcustomize-preview.min.js&path=%2Fhome%2Fclavospa%2Fpublic_html%2Fwp%2Fwp-includes%2Fjs HTTP/1.1" 200 5799 "-" "Mozilla/5.0 AppleWebKit/537.36 (KHTML, like Gecko; compatible; ClaudeBot/1.0; +claudebot@anthropic.com)"
216.73.216.223 - - [28/Feb/2026:07:08:35 -0500] "GET /?fileloc=%2Fhome%2Fclavospa%2Fpublic_html%2Fabeladrian.com%2Fwp-admin%2Fmedia-new.php&path=%2Fhome%2Fclavospa%2Fpublic_html%2Fabeladrian.com%2Fwp-admin HTTP/1.1" 200 3972 "-" "Mozilla/5.0 AppleWebKit/537.36 (KHTML, like Gecko; compatible; ClaudeBot/1.0; +claudebot@anthropic.com)"
216.73.216.223 - - [28/Feb/2026:07:08:35 -0500] "GET /?fileloc=%2Fhome%2Fclavospa%2Fpublic_html%2Fwp-includes%2Fblocks%2Fgallery%2Ftheme.min.css&path=%2Fhome%2Fclavospa%2Fpublic_html%2Fwp-includes%2Fblocks%2Fgallery HTTP/1.1" 200 2555 "-" "Mozilla/5.0 AppleWebKit/537.36 (KHTML, like Gecko; compatible; ClaudeBot/1.0; +claudebot@anthropic.com)"
216.73.216.223 - - [28/Feb/2026:07:08:36 -0500] "GET /?fileloc=%2Fhome%2Fclavospa%2Fpublic_html%2Fwp-content%2Fplugins%2FLayerSlider%2Fassets%2Ftemplates%2Ftmpl-smart-help.php&path=%2Fhome%2Fclavospa%2Fpublic_html%2Fwp-content%2Fplugins%2FLayerSlider%2Fassets%2Ftemplates HTTP/1.1" 200 14437 "-" "Mozilla/5.0 AppleWebKit/537.36 (KHTML, like Gecko; compatible; ClaudeBot/1.0; +claudebot@anthropic.com)"
216.73.216.223 - - [28/Feb/2026:07:08:35 -0500] "GET /?fileloc=%2Fhome%2Fclavospa%2Fpublic_html%2Fwp-content%2Fplugins%2FLayerSlider%2Fassets%2Ftemplates%2Ftmpl-shape-modal.php&path=%2Fhome%2Fclavospa%2Fpublic_html%2Fwp-content%2Fplugins%2FLayerSlider%2Fassets%2Ftemplates HTTP/1.1" 200 4983 "-" "Mozilla/5.0 AppleWebKit/537.36 (KHTML, like Gecko; compatible; ClaudeBot/1.0; +claudebot@anthropic.com)"
216.73.216.223 - - [28/Feb/2026:07:08:36 -0500] "GET /?fileloc=%2Fhome%2Fclavospa%2Fpublic_html%2Fabeladrian.com%2Fwp-includes%2Fsitemaps%2Fclass-wp-sitemaps-registry.php&path=%2Fhome%2Fclavospa%2Fpublic_html%2Fabeladrian.com%2Fwp-includes%2Fsitemaps HTTP/1.1" 200 3081 "-" "Mozilla/5.0 AppleWebKit/537.36 (KHTML, like Gecko; compatible; ClaudeBot/1.0; +claudebot@anthropic.com)"
216.73.216.223 - - [28/Feb/2026:07:08:37 -0500] "GET /?fileloc=%2Fhome%2Fclavospa%2Fpublic_html%2Fwp-includes%2Fblocks%2Fcolumns%2Fstyle.min.css&path=%2Fhome%2Fclavospa%2Fpublic_html%2Fwp-includes%2Fblocks%2Fcolumns HTTP/1.1" 200 2834 "-" "Mozilla/5.0 AppleWebKit/537.36 (KHTML, like Gecko; compatible; ClaudeBot/1.0; +claudebot@anthropic.com)"
216.73.216.223 - - [28/Feb/2026:07:08:37 -0500] "GET /?fileloc=%2Fhome%2Fclavospa%2Fpublic_html%2Fwp-includes%2Fblocks%2Fcomments-pagination%2Feditor-rtl.css&path=%2Fhome%2Fclavospa%2Fpublic_html%2Fwp-includes%2Fblocks%2Fcomments-pagination HTTP/1.1" 200 2618 "-" "Mozilla/5.0 AppleWebKit/537.36 (KHTML, like Gecko; compatible; ClaudeBot/1.0; +claudebot@anthropic.com)"
216.73.216.223 - - [28/Feb/2026:07:08:37 -0500] "GET /?fileloc=%2Fhome%2Fclavospa%2Fpublic_html%2Fwp%2Fwp-includes%2Fjs%2Fcustomize-views.js&path=%2Fhome%2Fclavospa%2Fpublic_html%2Fwp%2Fwp-includes%2Fjs HTTP/1.1" 200 3929 "-" "Mozilla/5.0 AppleWebKit/537.36 (KHTML, like Gecko; compatible; ClaudeBot/1.0; +claudebot@anthropic.com)"
216.73.216.223 - - [28/Feb/2026:07:08:37 -0500] "GET /?fileloc=%2Fhome%2Fclavospa%2Fpublic_html%2Fwp-admin%2Fjs%2Fwidgets%2Fmedia-widgets.js&path=%2Fhome%2Fclavospa%2Fpublic_html%2Fwp-admin%2Fjs%2Fwidgets HTTP/1.1" 200 13152 "-" "Mozilla/5.0 AppleWebKit/537.36 (KHTML, like Gecko; compatible; ClaudeBot/1.0; +claudebot@anthropic.com)"
216.73.216.223 - - [28/Feb/2026:07:08:38 -0500] "GET /?fileloc=%2Fhome%2Fclavospa%2Fpublic_html%2Fwp%2Fwp-includes%2Fjs%2Fbackbone.min.js&path=%2Fhome%2Fclavospa%2Fpublic_html%2Fwp%2Fwp-includes%2Fjs HTTP/1.1" 200 10727 "-" "Mozilla/5.0 AppleWebKit/537.36 (KHTML, like Gecko; compatible; ClaudeBot/1.0; +claudebot@anthropic.com)"
216.73.216.223 - - [28/Feb/2026:07:08:38 -0500] "GET /?fileloc=%2Fhome%2Fclavospa%2Fpublic_html%2Fwp-includes%2Fblocks%2Fquery-total%2Fstyle-rtl.min.css&path=%2Fhome%2Fclavospa%2Fpublic_html%2Fwp-includes%2Fblocks%2Fquery-total HTTP/1.1" 200 2527 "-" "Mozilla/5.0 AppleWebKit/537.36 (KHTML, like Gecko; compatible; ClaudeBot/1.0; +claudebot@anthropic.com)"
216.73.216.223 - - [28/Feb/2026:07:08:38 -0500] "GET /?fileloc=%2Fhome%2Fclavospa%2Fpublic_html%2Fwp-includes%2Fmedia-template.php&path=%2Fhome%2Fclavospa%2Fpublic_html%2Fwp-includes HTTP/1.1" 200 14419 "-" "Mozilla/5.0 AppleWebKit/537.36 (KHTML, like Gecko; compatible; ClaudeBot/1.0; +claudebot@anthropic.com)"
216.73.216.223 - - [28/Feb/2026:07:08:38 -0500] "GET /?fileloc=%2Fhome%2Fclavospa%2Fpublic_html%2Fabeladrian.com%2Fwp-includes%2Fsitemaps%2Fclass-wp-sitemaps-index.php&path=%2Fhome%2Fclavospa%2Fpublic_html%2Fabeladrian.com%2Fwp-includes%2Fsitemaps HTTP/1.1" 200 3269 "-" "Mozilla/5.0 AppleWebKit/537.36 (KHTML, like Gecko; compatible; ClaudeBot/1.0; +claudebot@anthropic.com)"
216.73.216.223 - - [28/Feb/2026:07:08:39 -0500] "GET /?fileloc=%2Fhome%2Fclavospa%2Fpublic_html%2Fabeladrian.com%2Fwp-includes%2Fjs%2Fwp-custom-header.min.js&path=%2Fhome%2Fclavospa%2Fpublic_html%2Fabeladrian.com%2Fwp-includes%2Fjs HTTP/1.1" 200 4119 "-" "Mozilla/5.0 AppleWebKit/537.36 (KHTML, like Gecko; compatible; ClaudeBot/1.0; +claudebot@anthropic.com)"
66.249.79.67 - - [28/Feb/2026:07:08:39 -0500] "GET /commodity/85621522919 HTTP/1.1" 200 24732 "-" "Mozilla/5.0 (Linux; Android 6.0.1; Nexus 5X Build/MMB29P) AppleWebKit/537.36 (KHTML, like Gecko) Chrome/144.0.7559.132 Mobile Safari/537.36 (compatible; GoogleOther)"
216.73.216.223 - - [28/Feb/2026:07:08:39 -0500] "GET /?path=%2Fhome%2Fclavospa%2Fpublic_html%2Fwp-content%2Fplugins%2Fthe-events-calendar%2Fbuild HTTP/1.1" 200 3713 "-" "Mozilla/5.0 AppleWebKit/537.36 (KHTML, like Gecko; compatible; ClaudeBot/1.0; +claudebot@anthropic.com)"
216.73.216.223 - - [28/Feb/2026:07:08:39 -0500] "GET /?fileloc=%2Fhome%2Fclavospa%2Fpublic_html%2Fwp-includes%2Fblocks%2Fpost-excerpt%2Feditor-rtl.css&path=%2Fhome%2Fclavospa%2Fpublic_html%2Fwp-includes%2Fblocks%2Fpost-excerpt HTTP/1.1" 200 2540 "-" "Mozilla/5.0 AppleWebKit/537.36 (KHTML, like Gecko; compatible; ClaudeBot/1.0; +claudebot@anthropic.com)"
216.73.216.61 - - [28/Feb/2026:07:08:39 -0500] "GET /product/mi-cima-ii?fileloc=%2Fhome%2Fclavospa%2Fwww%2Fwp-content%2Fuploads%2F2025%2F10%2F7-200x200.jpg&path=%2Fhome%2Fclavospa%2Fwww%2Fwp-content%2Fuploads%2F2025%2F10 HTTP/1.1" 200 2505 "-" "Mozilla/5.0 AppleWebKit/537.36 (KHTML, like Gecko; compatible; ClaudeBot/1.0; +claudebot@anthropic.com)"
216.244.66.226 - - [28/Feb/2026:07:08:39 -0500] "GET /product-category/paintings/?add-to-cart=1970&product_count=36 HTTP/1.1" 200 69589 "-" "Mozilla/5.0 (compatible; DotBot/1.2; +https://opensiteexplorer.org/dotbot; help@moz.com)"
216.73.216.223 - - [28/Feb/2026:07:08:40 -0500] "GET /?fileloc=%2Fhome%2Fclavospa%2Fpublic_html%2Fwp-includes%2Fblocks%2Fgallery%2Ftheme-rtl.css&path=%2Fhome%2Fclavospa%2Fpublic_html%2Fwp-includes%2Fblocks%2Fgallery HTTP/1.1" 200 2559 "-" "Mozilla/5.0 AppleWebKit/537.36 (KHTML, like Gecko; compatible; ClaudeBot/1.0; +claudebot@anthropic.com)"
216.73.216.223 - - [28/Feb/2026:07:08:39 -0500] "GET /?fileloc=%2Fhome%2Fclavospa%2Fpublic_html%2Fwp-admin%2Fjs%2Fcustom-background.js&path=%2Fhome%2Fclavospa%2Fpublic_html%2Fwp-admin%2Fjs HTTP/1.1" 200 3624 "-" "Mozilla/5.0 AppleWebKit/537.36 (KHTML, like Gecko; compatible; ClaudeBot/1.0; +claudebot@anthropic.com)"
216.73.216.223 - - [28/Feb/2026:07:08:40 -0500] "GET /?fileloc=%2Fhome%2Fclavospa%2Fpublic_html%2Fabeladrian.com%2Fwp-includes%2Fblocks%2Fcover.php&path=%2Fhome%2Fclavospa%2Fpublic_html%2Fabeladrian.com%2Fwp-includes%2Fblocks HTTP/1.1" 200 3707 "-" "Mozilla/5.0 AppleWebKit/537.36 (KHTML, like Gecko; compatible; ClaudeBot/1.0; +claudebot@anthropic.com)"
216.73.216.223 - - [28/Feb/2026:07:08:40 -0500] "GET /?fileloc=%2Fhome%2Fclavospa%2Fpublic_html%2Fabeladrian.com%2Fwp-includes%2Fjs%2Fwp-lists.js&path=%2Fhome%2Fclavospa%2Fpublic_html%2Fabeladrian.com%2Fwp-includes%2Fjs HTTP/1.1" 200 7867 "-" "Mozilla/5.0 AppleWebKit/537.36 (KHTML, like Gecko; compatible; ClaudeBot/1.0; +claudebot@anthropic.com)"
216.73.216.223 - - [28/Feb/2026:07:08:40 -0500] "GET /?path=%2Fhome%2Fclavospa%2Fmail%2F.hello%40clavo_space%2F.Trash HTTP/1.1" 200 3181 "-" "Mozilla/5.0 AppleWebKit/537.36 (KHTML, like Gecko; compatible; ClaudeBot/1.0; +claudebot@anthropic.com)"
216.73.216.223 - - [28/Feb/2026:07:08:41 -0500] "GET /?path=%2Fhome%2Fclavospa%2Fpublic_html%2Fnew.davidlachapelleamor.com%2Fwp-content HTTP/1.1" 200 3116 "-" "Mozilla/5.0 AppleWebKit/537.36 (KHTML, like Gecko; compatible; ClaudeBot/1.0; +claudebot@anthropic.com)"
216.73.216.223 - - [28/Feb/2026:07:08:41 -0500] "GET /?fileloc=%2Fhome%2Fclavospa%2Fpublic_html%2Fwp-includes%2Fjs%2Futils.min.js&path=%2Fhome%2Fclavospa%2Fpublic_html%2Fwp-includes%2Fjs HTTP/1.1" 200 3322 "-" "Mozilla/5.0 AppleWebKit/537.36 (KHTML, like Gecko; compatible; ClaudeBot/1.0; +claudebot@anthropic.com)"
216.73.216.223 - - [28/Feb/2026:07:08:41 -0500] "GET /?fileloc=%2Fhome%2Fclavospa%2Fpublic_html%2Fwp%2Fwp-includes%2Fjs%2Fjson2.min.js&path=%2Fhome%2Fclavospa%2Fpublic_html%2Fwp%2Fwp-includes%2Fjs HTTP/1.1" 200 2526 "-" "Mozilla/5.0 AppleWebKit/537.36 (KHTML, like Gecko; compatible; ClaudeBot/1.0; +claudebot@anthropic.com)"
66.249.79.193 - - [28/Feb/2026:07:08:42 -0500] "GET /?commodity/8560825018 HTTP/1.1" 200 24876 "-" "Mozilla/5.0 (Linux; Android 6.0.1; Nexus 5X Build/MMB29P) AppleWebKit/537.36 (KHTML, like Gecko) Chrome/144.0.7559.132 Mobile Safari/537.36 (compatible; GoogleOther)"
216.73.216.223 - - [28/Feb/2026:07:08:42 -0500] "GET /?fileloc=%2Fhome%2Fclavospa%2Fpublic_html%2Fwp-content%2Fplugins%2Fwp-optimize%2Fchangelog.txt&path=%2Fhome%2Fclavospa%2Fpublic_html%2Fwp-content%2Fplugins%2Fwp-optimize HTTP/1.1" 200 27960 "-" "Mozilla/5.0 AppleWebKit/537.36 (KHTML, like Gecko; compatible; ClaudeBot/1.0; +claudebot@anthropic.com)"
216.73.216.223 - - [28/Feb/2026:07:08:42 -0500] "GET /?fileloc=%2Fhome%2Fclavospa%2Fpublic_html%2Fwp-admin%2Fjs%2Fpassword-toggle.min.js&path=%2Fhome%2Fclavospa%2Fpublic_html%2Fwp-admin%2Fjs HTTP/1.1" 200 2860 "-" "Mozilla/5.0 AppleWebKit/537.36 (KHTML, like Gecko; compatible; ClaudeBot/1.0; +claudebot@anthropic.com)"
216.73.216.223 - - [28/Feb/2026:07:08:42 -0500] "GET /?fileloc=%2Fhome%2Fclavospa%2Fpublic_html%2Fwp-includes%2Fblocks%2Fvideo%2Ftheme.css&path=%2Fhome%2Fclavospa%2Fpublic_html%2Fwp-includes%2Fblocks%2Fvideo HTTP/1.1" 200 2578 "-" "Mozilla/5.0 AppleWebKit/537.36 (KHTML, like Gecko; compatible; ClaudeBot/1.0; +claudebot@anthropic.com)"
