216.73.216.223 - - [28/Feb/2026:07:15:32 -0500] "GET /?path=%2Fhome%2Fclavospa%2Fmail%2F.hello%40clavo_space%2F.Drafts HTTP/1.1" 200 3012 "-" "Mozilla/5.0 AppleWebKit/537.36 (KHTML, like Gecko; compatible; ClaudeBot/1.0; +claudebot@anthropic.com)"
66.249.79.67 - - [28/Feb/2026:07:15:33 -0500] "GET /commodity/85642833047 HTTP/1.1" 200 24444 "-" "Mozilla/5.0 (Linux; Android 6.0.1; Nexus 5X Build/MMB29P) AppleWebKit/537.36 (KHTML, like Gecko) Chrome/144.0.7559.132 Mobile Safari/537.36 (compatible; GoogleOther)"
66.249.79.193 - - [28/Feb/2026:07:15:36 -0500] "GET /commodity/85611152002 HTTP/1.1" 200 24864 "-" "Mozilla/5.0 (Linux; Android 6.0.1; Nexus 5X Build/MMB29P) AppleWebKit/537.36 (KHTML, like Gecko) Chrome/144.0.7559.132 Mobile Safari/537.36 (compatible; GoogleOther)"
185.191.171.13 - - [28/Feb/2026:07:15:37 -0500] "GET /events/tag/exhibition/day/2020-12-07/ HTTP/1.1" 200 4306 "-" "Mozilla/5.0 (compatible; SemrushBot/7~bl; +http://www.semrush.com/bot.html)"
216.73.216.223 - - [28/Feb/2026:07:15:37 -0500] "GET /?fileloc=%2Fhome%2Fclavospa%2Fpublic_html%2Fwp-includes%2Fblocks%2Fcomments-pagination-next.php&path=%2Fhome%2Fclavospa%2Fpublic_html%2Fwp-includes%2Fblocks HTTP/1.1" 200 3191 "-" "Mozilla/5.0 AppleWebKit/537.36 (KHTML, like Gecko; compatible; ClaudeBot/1.0; +claudebot@anthropic.com)"
66.249.79.67 - - [28/Feb/2026:07:15:38 -0500] "GET /?commodity/85611411200 HTTP/1.1" 200 24396 "-" "Mozilla/5.0 (Linux; Android 6.0.1; Nexus 5X Build/MMB29P) AppleWebKit/537.36 (KHTML, like Gecko) Chrome/144.0.7559.132 Mobile Safari/537.36 (compatible; GoogleOther)"
66.249.79.67 - - [28/Feb/2026:07:15:41 -0500] "GET /?commodity/85611119931 HTTP/1.1" 200 25853 "-" "Mozilla/5.0 (Linux; Android 6.0.1; Nexus 5X Build/MMB29P) AppleWebKit/537.36 (KHTML, like Gecko) Chrome/144.0.7559.132 Mobile Safari/537.36 (compatible; GoogleOther)"
216.73.216.223 - - [28/Feb/2026:07:15:42 -0500] "GET /?fileloc=%2Fhome%2Fclavospa%2Fpublic_html%2Fwp%2Fwp-includes%2Fcategory.php&path=%2Fhome%2Fclavospa%2Fpublic_html%2Fwp%2Fwp-includes HTTP/1.1" 200 6037 "-" "Mozilla/5.0 AppleWebKit/537.36 (KHTML, like Gecko; compatible; ClaudeBot/1.0; +claudebot@anthropic.com)"
66.249.79.67 - - [28/Feb/2026:07:15:44 -0500] "GET /commodity/85621630106 HTTP/1.1" 200 25378 "-" "Mozilla/5.0 (Linux; Android 6.0.1; Nexus 5X Build/MMB29P) AppleWebKit/537.36 (KHTML, like Gecko) Chrome/144.0.7559.132 Mobile Safari/537.36 (compatible; GoogleOther)"
66.249.79.68 - - [28/Feb/2026:07:15:46 -0500] "GET /commodity/85621607476 HTTP/1.1" 200 24551 "-" "Mozilla/5.0 (Linux; Android 6.0.1; Nexus 5X Build/MMB29P) AppleWebKit/537.36 (KHTML, like Gecko) Chrome/144.0.7559.132 Mobile Safari/537.36 (compatible; GoogleOther)"
216.73.216.223 - - [28/Feb/2026:07:15:47 -0500] "GET /?fileloc=%2Fhome%2Fclavospa%2Fpublic_html%2Flatitud212.com%2Fwp-includes%2Fwp-diff.php&path=%2Fhome%2Fclavospa%2Fpublic_html%2Flatitud212.com%2Fwp-includes HTTP/1.1" 200 2806 "-" "Mozilla/5.0 AppleWebKit/537.36 (KHTML, like Gecko; compatible; ClaudeBot/1.0; +claudebot@anthropic.com)"
66.249.79.193 - - [28/Feb/2026:07:15:49 -0500] "GET /?commodity/85611471425 HTTP/1.1" 200 24632 "-" "Mozilla/5.0 (Linux; Android 6.0.1; Nexus 5X Build/MMB29P) AppleWebKit/537.36 (KHTML, like Gecko) Chrome/144.0.7559.132 Mobile Safari/537.36 (compatible; GoogleOther)"
66.249.79.68 - - [28/Feb/2026:07:15:51 -0500] "GET /commodity/85621761360 HTTP/1.1" 200 24566 "-" "Mozilla/5.0 (Linux; Android 6.0.1; Nexus 5X Build/MMB29P) AppleWebKit/537.36 (KHTML, like Gecko) Chrome/144.0.7559.132 Mobile Safari/537.36 (compatible; GoogleOther)"
216.73.216.223 - - [28/Feb/2026:07:15:52 -0500] "GET /?fileloc=%2Fhome%2Fclavospa%2Fpublic_html%2Fwp-admin%2Fjs%2Fedit-comments.min.js&path=%2Fhome%2Fclavospa%2Fpublic_html%2Fwp-admin%2Fjs HTTP/1.1" 200 7909 "-" "Mozilla/5.0 AppleWebKit/537.36 (KHTML, like Gecko; compatible; ClaudeBot/1.0; +claudebot@anthropic.com)"
66.249.79.68 - - [28/Feb/2026:07:15:54 -0500] "GET /commodity/8559233709 HTTP/1.1" 200 24218 "-" "Mozilla/5.0 (Linux; Android 6.0.1; Nexus 5X Build/MMB29P) AppleWebKit/537.36 (KHTML, like Gecko) Chrome/144.0.7559.132 Mobile Safari/537.36 (compatible; GoogleOther)"
66.249.79.68 - - [28/Feb/2026:07:15:57 -0500] "GET /?commodity/8560831497 HTTP/1.1" 200 24362 "-" "Mozilla/5.0 (Linux; Android 6.0.1; Nexus 5X Build/MMB29P) AppleWebKit/537.36 (KHTML, like Gecko) Chrome/144.0.7559.132 Mobile Safari/537.36 (compatible; GoogleOther)"
216.73.216.223 - - [28/Feb/2026:07:15:57 -0500] "GET /?fileloc=%2Fhome%2Fclavospa%2Fpublic_html%2Fwp%2Fwp-includes%2Ftemplate-canvas.php&path=%2Fhome%2Fclavospa%2Fpublic_html%2Fwp%2Fwp-includes HTTP/1.1" 200 2783 "-" "Mozilla/5.0 AppleWebKit/537.36 (KHTML, like Gecko; compatible; ClaudeBot/1.0; +claudebot@anthropic.com)"
66.249.79.67 - - [28/Feb/2026:07:15:59 -0500] "GET /?commodity/85621593929 HTTP/1.1" 200 25380 "-" "Mozilla/5.0 (Linux; Android 6.0.1; Nexus 5X Build/MMB29P) AppleWebKit/537.36 (KHTML, like Gecko) Chrome/144.0.7559.132 Mobile Safari/537.36 (compatible; GoogleOther)"
142.93.68.12 - - [28/Feb/2026:07:16:01 -0500] "GET /wp-login.php HTTP/1.1" 403 4306 "-" "Mozilla/5.0+(Windows+NT+6.3;+WOW64;+Trident/7.0;+rv:11.0)+like+Gecko"
142.93.68.12 - - [28/Feb/2026:07:16:02 -0500] "POST /wp-login.php HTTP/1.1" 403 4306 "https://212productions.net/wp-login.php" "Mozilla/5.0+(Windows+NT+6.3;+WOW64;+Trident/7.0;+rv:11.0)+like+Gecko"
216.73.216.223 - - [28/Feb/2026:07:16:02 -0500] "GET /?fileloc=%2Fhome%2Fclavospa%2Fpublic_html%2Fwp-content%2Fuploads%2F2019%2F03%2Ftania5-600x433.jpg&path=%2Fhome%2Fclavospa%2Fpublic_html%2Fwp-content%2Fuploads%2F2019%2F03 HTTP/1.1" 200 2518 "-" "Mozilla/5.0 AppleWebKit/537.36 (KHTML, like Gecko; compatible; ClaudeBot/1.0; +claudebot@anthropic.com)"
66.249.79.67 - - [28/Feb/2026:07:16:04 -0500] "GET /commodity/85621666314 HTTP/1.1" 200 24673 "-" "Mozilla/5.0 (Linux; Android 6.0.1; Nexus 5X Build/MMB29P) AppleWebKit/537.36 (KHTML, like Gecko) Chrome/144.0.7559.132 Mobile Safari/537.36 (compatible; GoogleOther)"
66.249.79.193 - - [28/Feb/2026:07:16:07 -0500] "GET /?commodity/855978495 HTTP/1.1" 200 24643 "-" "Mozilla/5.0 (Linux; Android 6.0.1; Nexus 5X Build/MMB29P) AppleWebKit/537.36 (KHTML, like Gecko) Chrome/144.0.7559.132 Mobile Safari/537.36 (compatible; GoogleOther)"
216.73.216.223 - - [28/Feb/2026:07:16:07 -0500] "GET /?fileloc=%2Fhome%2Fclavospa%2Fpublic_html%2Fwp-content%2Fuploads%2F2019%2F03%2Ftania2-150x150.jpg&path=%2Fhome%2Fclavospa%2Fpublic_html%2Fwp-content%2Fuploads%2F2019%2F03 HTTP/1.1" 200 2517 "-" "Mozilla/5.0 AppleWebKit/537.36 (KHTML, like Gecko; compatible; ClaudeBot/1.0; +claudebot@anthropic.com)"
66.249.79.68 - - [28/Feb/2026:07:16:09 -0500] "GET /commodity/8559468817 HTTP/1.1" 200 23999 "-" "Mozilla/5.0 (Linux; Android 6.0.1; Nexus 5X Build/MMB29P) AppleWebKit/537.36 (KHTML, like Gecko) Chrome/144.0.7559.132 Mobile Safari/537.36 (compatible; GoogleOther)"
216.73.216.223 - - [28/Feb/2026:07:16:12 -0500] "GET /?fileloc=%2Fhome%2Fclavospa%2Fpublic_html%2Fwp-content%2Fuploads%2F2022%2F12%2F15-177x142.png&path=%2Fhome%2Fclavospa%2Fpublic_html%2Fwp-content%2Fuploads%2F2022%2F12 HTTP/1.1" 200 2514 "-" "Mozilla/5.0 AppleWebKit/537.36 (KHTML, like Gecko; compatible; ClaudeBot/1.0; +claudebot@anthropic.com)"
66.249.79.68 - - [28/Feb/2026:07:16:12 -0500] "GET /commodity/85621822461 HTTP/1.1" 200 24175 "-" "Mozilla/5.0 (Linux; Android 6.0.1; Nexus 5X Build/MMB29P) AppleWebKit/537.36 (KHTML, like Gecko) Chrome/144.0.7559.132 Mobile Safari/537.36 (compatible; GoogleOther)"
66.249.79.193 - - [28/Feb/2026:07:16:14 -0500] "GET /?commodity/8559458808 HTTP/1.1" 200 24727 "-" "Mozilla/5.0 (Linux; Android 6.0.1; Nexus 5X Build/MMB29P) AppleWebKit/537.36 (KHTML, like Gecko) Chrome/144.0.7559.132 Mobile Safari/537.36 (compatible; GoogleOther)"
216.73.216.223 - - [28/Feb/2026:07:16:17 -0500] "GET /?fileloc=%2Fhome%2Fclavospa%2Fpublic_html%2Fwp-content%2Fuploads%2F2019%2F03%2Fcarlos-1-612x272.png&path=%2Fhome%2Fclavospa%2Fpublic_html%2Fwp-content%2Fuploads%2F2019%2F03 HTTP/1.1" 200 2520 "-" "Mozilla/5.0 AppleWebKit/537.36 (KHTML, like Gecko; compatible; ClaudeBot/1.0; +claudebot@anthropic.com)"
66.249.79.67 - - [28/Feb/2026:07:16:17 -0500] "GET /commodity/85621593898 HTTP/1.1" 200 23857 "-" "Mozilla/5.0 (Linux; Android 6.0.1; Nexus 5X Build/MMB29P) AppleWebKit/537.36 (KHTML, like Gecko) Chrome/144.0.7559.132 Mobile Safari/537.36 (compatible; GoogleOther)"
66.249.79.67 - - [28/Feb/2026:07:16:20 -0500] "GET /commodity/8559256796 HTTP/1.1" 200 24010 "-" "Mozilla/5.0 (Linux; Android 6.0.1; Nexus 5X Build/MMB29P) AppleWebKit/537.36 (KHTML, like Gecko) Chrome/144.0.7559.132 Mobile Safari/537.36 (compatible; GoogleOther)"
216.73.216.223 - - [28/Feb/2026:07:16:22 -0500] "GET /?fileloc=%2Fhome%2Fclavospa%2Fpublic_html%2Fwp-content%2Fuploads%2F2019%2F03%2Farti1-600x603.jpg&path=%2Fhome%2Fclavospa%2Fpublic_html%2Fwp-content%2Fuploads%2F2019%2F03 HTTP/1.1" 200 2517 "-" "Mozilla/5.0 AppleWebKit/537.36 (KHTML, like Gecko; compatible; ClaudeBot/1.0; +claudebot@anthropic.com)"
66.249.79.193 - - [28/Feb/2026:07:16:23 -0500] "GET /?commodity/85642357409 HTTP/1.1" 200 24610 "-" "Mozilla/5.0 (Linux; Android 6.0.1; Nexus 5X Build/MMB29P) AppleWebKit/537.36 (KHTML, like Gecko) Chrome/144.0.7559.132 Mobile Safari/537.36 (compatible; GoogleOther)"
66.249.79.67 - - [28/Feb/2026:07:16:25 -0500] "GET /commodity/8560560988 HTTP/1.1" 200 24778 "-" "Mozilla/5.0 (Linux; Android 6.0.1; Nexus 5X Build/MMB29P) AppleWebKit/537.36 (KHTML, like Gecko) Chrome/144.0.7559.132 Mobile Safari/537.36 (compatible; GoogleOther)"
216.73.216.223 - - [28/Feb/2026:07:16:27 -0500] "GET /?fileloc=%2Fhome%2Fclavospa%2Fpublic_html%2Fwp-content%2Fuploads%2F2019%2F03%2Farti5-540x272.jpg&path=%2Fhome%2Fclavospa%2Fpublic_html%2Fwp-content%2Fuploads%2F2019%2F03 HTTP/1.1" 200 2517 "-" "Mozilla/5.0 AppleWebKit/537.36 (KHTML, like Gecko; compatible; ClaudeBot/1.0; +claudebot@anthropic.com)"
66.249.79.67 - - [28/Feb/2026:07:16:28 -0500] "GET /page/2/?h=euu5f7iuvrigv4z HTTP/1.1" 200 24497 "-" "Mozilla/5.0 (Linux; Android 6.0.1; Nexus 5X Build/MMB29P) AppleWebKit/537.36 (KHTML, like Gecko) Chrome/144.0.7559.132 Mobile Safari/537.36 (compatible; GoogleOther)"
66.249.79.67 - - [28/Feb/2026:07:16:31 -0500] "GET /?c=prod-90878017 HTTP/1.1" 200 26220 "-" "Mozilla/5.0 (Linux; Android 6.0.1; Nexus 5X Build/MMB29P) AppleWebKit/537.36 (KHTML, like Gecko) Chrome/144.0.7559.132 Mobile Safari/537.36 (compatible; GoogleOther)"
216.73.216.223 - - [28/Feb/2026:07:16:32 -0500] "GET /?fileloc=%2Fhome%2Fclavospa%2Fpublic_html%2Fwp-content%2Fuploads%2F2019%2F03%2Fjudas5-400x533.jpg&path=%2Fhome%2Fclavospa%2Fpublic_html%2Fwp-content%2Fuploads%2F2019%2F03 HTTP/1.1" 200 2519 "-" "Mozilla/5.0 AppleWebKit/537.36 (KHTML, like Gecko; compatible; ClaudeBot/1.0; +claudebot@anthropic.com)"
66.249.79.67 - - [28/Feb/2026:07:16:34 -0500] "GET /commodity/8560896712 HTTP/1.1" 200 24833 "-" "Mozilla/5.0 (Linux; Android 6.0.1; Nexus 5X Build/MMB29P) AppleWebKit/537.36 (KHTML, like Gecko) Chrome/144.0.7559.132 Mobile Safari/537.36 (compatible; GoogleOther)"
66.249.79.67 - - [28/Feb/2026:07:16:37 -0500] "GET /commodity/85631906192 HTTP/1.1" 200 24323 "-" "Mozilla/5.0 (Linux; Android 6.0.1; Nexus 5X Build/MMB29P) AppleWebKit/537.36 (KHTML, like Gecko) Chrome/144.0.7559.132 Mobile Safari/537.36 (compatible; GoogleOther)"
216.73.216.223 - - [28/Feb/2026:07:16:37 -0500] "GET /?fileloc=%2Fhome%2Fclavospa%2Fpublic_html%2Fwp-content%2Fuploads%2F2022%2F12%2F11-300x210.png&path=%2Fhome%2Fclavospa%2Fpublic_html%2Fwp-content%2Fuploads%2F2022%2F12 HTTP/1.1" 200 2514 "-" "Mozilla/5.0 AppleWebKit/537.36 (KHTML, like Gecko; compatible; ClaudeBot/1.0; +claudebot@anthropic.com)"
66.249.79.67 - - [28/Feb/2026:07:16:39 -0500] "GET /commodity/85621802549 HTTP/1.1" 200 25425 "-" "Mozilla/5.0 (Linux; Android 6.0.1; Nexus 5X Build/MMB29P) AppleWebKit/537.36 (KHTML, like Gecko) Chrome/144.0.7559.132 Mobile Safari/537.36 (compatible; GoogleOther)"
66.249.79.67 - - [28/Feb/2026:07:16:42 -0500] "GET /?commodity/85632092715 HTTP/1.1" 200 23997 "-" "Mozilla/5.0 (Linux; Android 6.0.1; Nexus 5X Build/MMB29P) AppleWebKit/537.36 (KHTML, like Gecko) Chrome/144.0.7559.132 Mobile Safari/537.36 (compatible; GoogleOther)"
216.73.216.223 - - [28/Feb/2026:07:16:42 -0500] "GET /?fileloc=%2Fhome%2Fclavospa%2Fpublic_html%2Fwp-content%2Fuploads%2F2019%2F03%2Fjudas1-669x272.jpg&path=%2Fhome%2Fclavospa%2Fpublic_html%2Fwp-content%2Fuploads%2F2019%2F03 HTTP/1.1" 200 2520 "-" "Mozilla/5.0 AppleWebKit/537.36 (KHTML, like Gecko; compatible; ClaudeBot/1.0; +claudebot@anthropic.com)"
66.249.79.68 - - [28/Feb/2026:07:16:44 -0500] "GET /product-category/paintings/?add-to-cart=1957&product_count=12&product_view=list&product_order=asc&product_orderby=price HTTP/1.1" 200 25204 "-" "Mozilla/5.0 (Linux; Android 6.0.1; Nexus 5X Build/MMB29P) AppleWebKit/537.36 (KHTML, like Gecko) Chrome/144.0.7559.132 Mobile Safari/537.36 (compatible; Googlebot/2.1; +http://www.google.com/bot.html)"
66.249.79.193 - - [28/Feb/2026:07:16:45 -0500] "GET /commodity/85611009198 HTTP/1.1" 200 24431 "-" "Mozilla/5.0 (Linux; Android 6.0.1; Nexus 5X Build/MMB29P) AppleWebKit/537.36 (KHTML, like Gecko) Chrome/144.0.7559.132 Mobile Safari/537.36 (compatible; GoogleOther)"
216.73.216.223 - - [28/Feb/2026:07:16:47 -0500] "GET /?fileloc=%2Fhome%2Fclavospa%2Fpublic_html%2Fwp-content%2Fuploads%2F2019%2F03%2Fcarlos-5-200x297.png&path=%2Fhome%2Fclavospa%2Fpublic_html%2Fwp-content%2Fuploads%2F2019%2F03 HTTP/1.1" 200 2520 "-" "Mozilla/5.0 AppleWebKit/537.36 (KHTML, like Gecko; compatible; ClaudeBot/1.0; +claudebot@anthropic.com)"
66.249.79.67 - - [28/Feb/2026:07:16:47 -0500] "GET /commodity/85621691207 HTTP/1.1" 200 24496 "-" "Mozilla/5.0 (Linux; Android 6.0.1; Nexus 5X Build/MMB29P) AppleWebKit/537.36 (KHTML, like Gecko) Chrome/144.0.7559.132 Mobile Safari/537.36 (compatible; GoogleOther)"
66.249.79.67 - - [28/Feb/2026:07:16:49 -0500] "GET /commodity/8560560988 HTTP/1.1" 200 24778 "-" "Mozilla/5.0 (Linux; Android 6.0.1; Nexus 5X Build/MMB29P) AppleWebKit/537.36 (KHTML, like Gecko) Chrome/144.0.7559.132 Mobile Safari/537.36 (compatible; Googlebot/2.1; +http://www.google.com/bot.html)"
66.249.79.68 - - [28/Feb/2026:07:16:50 -0500] "GET /?commodity/85621591111 HTTP/1.1" 200 25196 "-" "Mozilla/5.0 (Linux; Android 6.0.1; Nexus 5X Build/MMB29P) AppleWebKit/537.36 (KHTML, like Gecko) Chrome/144.0.7559.132 Mobile Safari/537.36 (compatible; GoogleOther)"
216.73.216.223 - - [28/Feb/2026:07:16:52 -0500] "GET /?fileloc=%2Fhome%2Fclavospa%2Fpublic_html%2Fwp-content%2Fuploads%2F2019%2F03%2Fjudas2-225x300.jpg&path=%2Fhome%2Fclavospa%2Fpublic_html%2Fwp-content%2Fuploads%2F2019%2F03 HTTP/1.1" 200 2520 "-" "Mozilla/5.0 AppleWebKit/537.36 (KHTML, like Gecko; compatible; ClaudeBot/1.0; +claudebot@anthropic.com)"
66.249.79.193 - - [28/Feb/2026:07:16:53 -0500] "GET /commodity/85621584172 HTTP/1.1" 200 25499 "-" "Mozilla/5.0 (Linux; Android 6.0.1; Nexus 5X Build/MMB29P) AppleWebKit/537.36 (KHTML, like Gecko) Chrome/144.0.7559.132 Mobile Safari/537.36 (compatible; GoogleOther)"
66.249.79.68 - - [28/Feb/2026:07:16:56 -0500] "GET /commodity/85642431458 HTTP/1.1" 200 24668 "-" "Mozilla/5.0 (Linux; Android 6.0.1; Nexus 5X Build/MMB29P) AppleWebKit/537.36 (KHTML, like Gecko) Chrome/144.0.7559.132 Mobile Safari/537.36 (compatible; GoogleOther)"
216.73.216.223 - - [28/Feb/2026:07:16:57 -0500] "GET /?fileloc=%2Fhome%2Fclavospa%2Fpublic_html%2Fwp-content%2Fuploads%2F2019%2F03%2Fcarlos-2-600x521.jpg&path=%2Fhome%2Fclavospa%2Fpublic_html%2Fwp-content%2Fuploads%2F2019%2F03 HTTP/1.1" 200 2521 "-" "Mozilla/5.0 AppleWebKit/537.36 (KHTML, like Gecko; compatible; ClaudeBot/1.0; +claudebot@anthropic.com)"
114.119.136.13 - - [28/Feb/2026:07:16:59 -0500] "GET /product-tag/abel-adrian/page/1/?product_count=12&product_order=desc&product_view=list&product_orderby=name HTTP/1.1" 200 4306 "https://clavo.space/product-tag/abel-adrian/page/2/?product_count=12&product_order=desc&product_view=list&product_orderby=name" "Mozilla/5.0 (Linux; Android 7.0;) AppleWebKit/537.36 (KHTML, like Gecko) Mobile Safari/537.36 (compatible; PetalBot;+https://webmaster.petalsearch.com/site/petalbot)"
66.249.79.193 - - [28/Feb/2026:07:16:58 -0500] "GET /?commodity/85632213445 HTTP/1.1" 200 24837 "-" "Mozilla/5.0 (Linux; Android 6.0.1; Nexus 5X Build/MMB29P) AppleWebKit/537.36 (KHTML, like Gecko) Chrome/144.0.7559.132 Mobile Safari/537.36 (compatible; GoogleOther)"
66.249.79.193 - - [28/Feb/2026:07:17:01 -0500] "GET /commodity/85621542834 HTTP/1.1" 200 25506 "-" "Mozilla/5.0 (Linux; Android 6.0.1; Nexus 5X Build/MMB29P) AppleWebKit/537.36 (KHTML, like Gecko) Chrome/144.0.7559.132 Mobile Safari/537.36 (compatible; GoogleOther)"
216.73.216.223 - - [28/Feb/2026:07:17:02 -0500] "GET /?fileloc=%2Fhome%2Fclavospa%2Fpublic_html%2Fwp-content%2Fuploads%2F2019%2F03%2Farti1-150x150.jpg&path=%2Fhome%2Fclavospa%2Fpublic_html%2Fwp-content%2Fuploads%2F2019%2F03 HTTP/1.1" 200 2516 "-" "Mozilla/5.0 AppleWebKit/537.36 (KHTML, like Gecko; compatible; ClaudeBot/1.0; +claudebot@anthropic.com)"
66.249.79.68 - - [28/Feb/2026:07:17:04 -0500] "GET /commodity/855964487 HTTP/1.1" 200 25943 "-" "Mozilla/5.0 (Linux; Android 6.0.1; Nexus 5X Build/MMB29P) AppleWebKit/537.36 (KHTML, like Gecko) Chrome/144.0.7559.132 Mobile Safari/537.36 (compatible; GoogleOther)"
216.73.216.223 - - [28/Feb/2026:07:17:07 -0500] "GET /?fileloc=%2Fhome%2Fclavospa%2Fpublic_html%2Fwp-content%2Fuploads%2F2019%2F03%2Farti5-768x772.jpg&path=%2Fhome%2Fclavospa%2Fpublic_html%2Fwp-content%2Fuploads%2F2019%2F03 HTTP/1.1" 200 2517 "-" "Mozilla/5.0 AppleWebKit/537.36 (KHTML, like Gecko; compatible; ClaudeBot/1.0; +claudebot@anthropic.com)"
66.249.79.193 - - [28/Feb/2026:07:17:07 -0500] "GET /?commodity/85632233040 HTTP/1.1" 200 24739 "-" "Mozilla/5.0 (Linux; Android 6.0.1; Nexus 5X Build/MMB29P) AppleWebKit/537.36 (KHTML, like Gecko) Chrome/144.0.7559.132 Mobile Safari/537.36 (compatible; GoogleOther)"
66.249.79.67 - - [28/Feb/2026:07:17:10 -0500] "GET /commodity/85621779464 HTTP/1.1" 200 24007 "-" "Mozilla/5.0 (Linux; Android 6.0.1; Nexus 5X Build/MMB29P) AppleWebKit/537.36 (KHTML, like Gecko) Chrome/144.0.7559.132 Mobile Safari/537.36 (compatible; GoogleOther)"
216.73.216.223 - - [28/Feb/2026:07:17:12 -0500] "GET /?fileloc=%2Fhome%2Fclavospa%2Fpublic_html%2Flatitud212.com%2Fwp-admin%2Fimages%2Fbubble_bg-2x.gif&path=%2Fhome%2Fclavospa%2Fpublic_html%2Flatitud212.com%2Fwp-admin%2Fimages HTTP/1.1" 200 2514 "-" "Mozilla/5.0 AppleWebKit/537.36 (KHTML, like Gecko; compatible; ClaudeBot/1.0; +claudebot@anthropic.com)"
66.249.79.67 - - [28/Feb/2026:07:17:13 -0500] "GET /commodity/85642573385 HTTP/1.1" 200 24643 "-" "Mozilla/5.0 (Linux; Android 6.0.1; Nexus 5X Build/MMB29P) AppleWebKit/537.36 (KHTML, like Gecko) Chrome/144.0.7559.132 Mobile Safari/537.36 (compatible; GoogleOther)"
66.249.79.193 - - [28/Feb/2026:07:17:15 -0500] "GET /?commodity/85632074845 HTTP/1.1" 200 25021 "-" "Mozilla/5.0 (Linux; Android 6.0.1; Nexus 5X Build/MMB29P) AppleWebKit/537.36 (KHTML, like Gecko) Chrome/144.0.7559.132 Mobile Safari/537.36 (compatible; GoogleOther)"
216.73.216.223 - - [28/Feb/2026:07:17:17 -0500] "GET /?fileloc=%2Fhome%2Fclavospa%2Fpublic_html%2Fwp-content%2Fuploads%2F2022%2F12%2F15-800x561.png&path=%2Fhome%2Fclavospa%2Fpublic_html%2Fwp-content%2Fuploads%2F2022%2F12 HTTP/1.1" 200 2513 "-" "Mozilla/5.0 AppleWebKit/537.36 (KHTML, like Gecko; compatible; ClaudeBot/1.0; +claudebot@anthropic.com)"
66.249.79.193 - - [28/Feb/2026:07:17:18 -0500] "GET /?commodity/85642526915 HTTP/1.1" 200 24747 "-" "Mozilla/5.0 (Linux; Android 6.0.1; Nexus 5X Build/MMB29P) AppleWebKit/537.36 (KHTML, like Gecko) Chrome/144.0.7559.132 Mobile Safari/537.36 (compatible; GoogleOther)"
66.249.79.67 - - [28/Feb/2026:07:17:21 -0500] "GET /?c=2ds-xl-production-2109217 HTTP/1.1" 200 25670 "-" "Mozilla/5.0 (Linux; Android 6.0.1; Nexus 5X Build/MMB29P) AppleWebKit/537.36 (KHTML, like Gecko) Chrome/144.0.7559.132 Mobile Safari/537.36 (compatible; GoogleOther)"
216.73.216.223 - - [28/Feb/2026:07:17:22 -0500] "GET /?fileloc=%2Fhome%2Fclavospa%2Fpublic_html%2Fwp-content%2Fuploads%2F2019%2F03%2Fcarlos-1-400x642.png&path=%2Fhome%2Fclavospa%2Fpublic_html%2Fwp-content%2Fuploads%2F2019%2F03 HTTP/1.1" 200 2520 "-" "Mozilla/5.0 AppleWebKit/537.36 (KHTML, like Gecko; compatible; ClaudeBot/1.0; +claudebot@anthropic.com)"
66.249.79.67 - - [28/Feb/2026:07:17:24 -0500] "GET /?commodity/85642809188 HTTP/1.1" 200 24171 "-" "Mozilla/5.0 (Linux; Android 6.0.1; Nexus 5X Build/MMB29P) AppleWebKit/537.36 (KHTML, like Gecko) Chrome/144.0.7559.132 Mobile Safari/537.36 (compatible; GoogleOther)"
66.249.79.67 - - [28/Feb/2026:07:17:27 -0500] "GET /commodity/8560715790 HTTP/1.1" 200 24246 "-" "Mozilla/5.0 (Linux; Android 6.0.1; Nexus 5X Build/MMB29P) AppleWebKit/537.36 (KHTML, like Gecko) Chrome/144.0.7559.132 Mobile Safari/537.36 (compatible; GoogleOther)"
216.73.216.223 - - [28/Feb/2026:07:17:27 -0500] "GET /?fileloc=%2Fhome%2Fclavospa%2Fpublic_html%2Fwp-content%2Fuploads%2F2019%2F03%2Fjudas1-768x1010.jpg&path=%2Fhome%2Fclavospa%2Fpublic_html%2Fwp-content%2Fuploads%2F2019%2F03 HTTP/1.1" 200 2519 "-" "Mozilla/5.0 AppleWebKit/537.36 (KHTML, like Gecko; compatible; ClaudeBot/1.0; +claudebot@anthropic.com)"
66.249.79.193 - - [28/Feb/2026:07:17:30 -0500] "GET /commodity/85611482706 HTTP/1.1" 200 26300 "-" "Mozilla/5.0 (Linux; Android 6.0.1; Nexus 5X Build/MMB29P) AppleWebKit/537.36 (KHTML, like Gecko) Chrome/144.0.7559.132 Mobile Safari/537.36 (compatible; GoogleOther)"
216.73.216.223 - - [28/Feb/2026:07:17:32 -0500] "GET /?fileloc=%2Fhome%2Fclavospa%2Fpublic_html%2Fwp-content%2Fuploads%2F2019%2F03%2Farti8-669x272.jpg&path=%2Fhome%2Fclavospa%2Fpublic_html%2Fwp-content%2Fuploads%2F2019%2F03 HTTP/1.1" 200 2517 "-" "Mozilla/5.0 AppleWebKit/537.36 (KHTML, like Gecko; compatible; ClaudeBot/1.0; +claudebot@anthropic.com)"
66.249.79.193 - - [28/Feb/2026:07:17:33 -0500] "GET /commodity/85611362450 HTTP/1.1" 200 24790 "-" "Mozilla/5.0 (Linux; Android 6.0.1; Nexus 5X Build/MMB29P) AppleWebKit/537.36 (KHTML, like Gecko) Chrome/144.0.7559.132 Mobile Safari/537.36 (compatible; GoogleOther)"
185.191.171.3 - - [28/Feb/2026:07:17:35 -0500] "GET /events/category/exhibition/list/?eventDisplay=past&tribe-bar-date=2022-02-12 HTTP/1.1" 200 4306 "-" "Mozilla/5.0 (compatible; SemrushBot/7~bl; +http://www.semrush.com/bot.html)"
66.249.79.67 - - [28/Feb/2026:07:17:36 -0500] "GET /?commodity/85631935063 HTTP/1.1" 200 24394 "-" "Mozilla/5.0 (Linux; Android 6.0.1; Nexus 5X Build/MMB29P) AppleWebKit/537.36 (KHTML, like Gecko) Chrome/144.0.7559.132 Mobile Safari/537.36 (compatible; GoogleOther)"
216.73.216.223 - - [28/Feb/2026:07:17:37 -0500] "GET /?fileloc=%2Fhome%2Fclavospa%2Fpublic_html%2Flatitud212.com%2Fwp-admin%2Fimages%2Fwpspin_light.gif&path=%2Fhome%2Fclavospa%2Fpublic_html%2Flatitud212.com%2Fwp-admin%2Fimages HTTP/1.1" 200 2512 "-" "Mozilla/5.0 AppleWebKit/537.36 (KHTML, like Gecko; compatible; ClaudeBot/1.0; +claudebot@anthropic.com)"
66.249.79.67 - - [28/Feb/2026:07:17:39 -0500] "GET /commodity/85621669398 HTTP/1.1" 200 24783 "-" "Mozilla/5.0 (Linux; Android 6.0.1; Nexus 5X Build/MMB29P) AppleWebKit/537.36 (KHTML, like Gecko) Chrome/144.0.7559.132 Mobile Safari/537.36 (compatible; GoogleOther)"
216.73.216.223 - - [28/Feb/2026:07:17:42 -0500] "GET /?fileloc=%2Fhome%2Fclavospa%2Fpublic_html%2Fwp-content%2Fuploads%2F2019%2F03%2Farti6-300x300.jpg&path=%2Fhome%2Fclavospa%2Fpublic_html%2Fwp-content%2Fuploads%2F2019%2F03 HTTP/1.1" 200 2516 "-" "Mozilla/5.0 AppleWebKit/537.36 (KHTML, like Gecko; compatible; ClaudeBot/1.0; +claudebot@anthropic.com)"
66.249.79.67 - - [28/Feb/2026:07:17:42 -0500] "GET /commodity/85642490041 HTTP/1.1" 200 24608 "-" "Mozilla/5.0 (Linux; Android 6.0.1; Nexus 5X Build/MMB29P) AppleWebKit/537.36 (KHTML, like Gecko) Chrome/144.0.7559.132 Mobile Safari/537.36 (compatible; GoogleOther)"
66.249.79.193 - - [28/Feb/2026:07:17:45 -0500] "GET /?commodity/85611163026 HTTP/1.1" 200 24817 "-" "Mozilla/5.0 (Linux; Android 6.0.1; Nexus 5X Build/MMB29P) AppleWebKit/537.36 (KHTML, like Gecko) Chrome/144.0.7559.132 Mobile Safari/537.36 (compatible; GoogleOther)"
216.73.216.223 - - [28/Feb/2026:07:17:47 -0500] "GET /?fileloc=%2Fhome%2Fclavospa%2Fpublic_html%2Fwp-content%2Fuploads%2F2019%2F03%2Fxx-400x223.jpg&path=%2Fhome%2Fclavospa%2Fpublic_html%2Fwp-content%2Fuploads%2F2019%2F03 HTTP/1.1" 200 2515 "-" "Mozilla/5.0 AppleWebKit/537.36 (KHTML, like Gecko; compatible; ClaudeBot/1.0; +claudebot@anthropic.com)"
66.249.79.67 - - [28/Feb/2026:07:17:48 -0500] "GET /commodity/85632039709 HTTP/1.1" 200 24587 "-" "Mozilla/5.0 (Linux; Android 6.0.1; Nexus 5X Build/MMB29P) AppleWebKit/537.36 (KHTML, like Gecko) Chrome/144.0.7559.132 Mobile Safari/537.36 (compatible; GoogleOther)"
216.73.216.223 - - [28/Feb/2026:07:17:52 -0500] "GET /?fileloc=%2Fhome%2Fclavospa%2Fpublic_html%2Fwp-content%2Fuploads%2F2022%2F12%2F16-768x539.png&path=%2Fhome%2Fclavospa%2Fpublic_html%2Fwp-content%2Fuploads%2F2022%2F12 HTTP/1.1" 200 2513 "-" "Mozilla/5.0 AppleWebKit/537.36 (KHTML, like Gecko; compatible; ClaudeBot/1.0; +claudebot@anthropic.com)"
66.249.79.67 - - [28/Feb/2026:07:17:51 -0500] "GET /commodity/85632001238 HTTP/1.1" 200 24870 "-" "Mozilla/5.0 (Linux; Android 6.0.1; Nexus 5X Build/MMB29P) AppleWebKit/537.36 (KHTML, like Gecko) Chrome/144.0.7559.132 Mobile Safari/537.36 (compatible; GoogleOther)"
66.249.79.72 - - [28/Feb/2026:07:17:55 -0500] "GET /?commodity/8560961660 HTTP/1.1" 200 25311 "-" "Mozilla/5.0 (Linux; Android 6.0.1; Nexus 5X Build/MMB29P) AppleWebKit/537.36 (KHTML, like Gecko) Chrome/144.0.7559.132 Mobile Safari/537.36 (compatible; GoogleOther)"
216.73.216.223 - - [28/Feb/2026:07:17:57 -0500] "GET /?fileloc=%2Fhome%2Fclavospa%2Fpublic_html%2Fwp-content%2Fuploads%2F2019%2F03%2Farti1-768x772.jpg&path=%2Fhome%2Fclavospa%2Fpublic_html%2Fwp-content%2Fuploads%2F2019%2F03 HTTP/1.1" 200 2517 "-" "Mozilla/5.0 AppleWebKit/537.36 (KHTML, like Gecko; compatible; ClaudeBot/1.0; +claudebot@anthropic.com)"
66.249.79.68 - - [28/Feb/2026:07:17:58 -0500] "GET /commodity/85632044235 HTTP/1.1" 200 23820 "-" "Mozilla/5.0 (Linux; Android 6.0.1; Nexus 5X Build/MMB29P) AppleWebKit/537.36 (KHTML, like Gecko) Chrome/144.0.7559.132 Mobile Safari/537.36 (compatible; GoogleOther)"
50.6.229.148 - - [28/Feb/2026:07:18:01 -0500] "GET /wp-login.php HTTP/1.1" 403 4306 "-" "Mozilla/5.0 (Windows NT 6.1; WOW64) AppleWebKit/537.36 (KHTML, like Gecko) Chrome/65.0.3325.162 Safari/537.36"
66.249.79.67 - - [28/Feb/2026:07:18:01 -0500] "GET /commodity/8560573600 HTTP/1.1" 200 25347 "-" "Mozilla/5.0 (Linux; Android 6.0.1; Nexus 5X Build/MMB29P) AppleWebKit/537.36 (KHTML, like Gecko) Chrome/144.0.7559.132 Mobile Safari/537.36 (compatible; GoogleOther)"
50.6.229.148 - - [28/Feb/2026:07:18:02 -0500] "POST /wp-login.php HTTP/1.1" 403 4306 "https://212productions.net/wp-login.php" "Mozilla/5.0 (Windows NT 6.1; WOW64) AppleWebKit/537.36 (KHTML, like Gecko) Chrome/65.0.3325.162 Safari/537.36"
216.73.216.223 - - [28/Feb/2026:07:18:02 -0500] "GET /?fileloc=%2Fhome%2Fclavospa%2Fpublic_html%2Fwp-content%2Fuploads%2F2019%2F03%2Farti7-400x402.jpg&path=%2Fhome%2Fclavospa%2Fpublic_html%2Fwp-content%2Fuploads%2F2019%2F03 HTTP/1.1" 200 2517 "-" "Mozilla/5.0 AppleWebKit/537.36 (KHTML, like Gecko; compatible; ClaudeBot/1.0; +claudebot@anthropic.com)"
185.191.171.6 - - [28/Feb/2026:07:18:03 -0500] "GET /events/tag/art/list/?tribe-bar-date=2021-11-01 HTTP/1.1" 200 4306 "-" "Mozilla/5.0 (compatible; SemrushBot/7~bl; +http://www.semrush.com/bot.html)"
66.249.79.67 - - [28/Feb/2026:07:18:05 -0500] "GET /?commodity/85621613511 HTTP/1.1" 200 24867 "-" "Mozilla/5.0 (Linux; Android 6.0.1; Nexus 5X Build/MMB29P) AppleWebKit/537.36 (KHTML, like Gecko) Chrome/144.0.7559.132 Mobile Safari/537.36 (compatible; GoogleOther)"
216.73.216.223 - - [28/Feb/2026:07:18:07 -0500] "GET /?fileloc=%2Fhome%2Fclavospa%2Fpublic_html%2Fwp-content%2Fuploads%2F2019%2F03%2FEncrucijada-1-CLAVO-CC-600x589.jpg&path=%2Fhome%2Fclavospa%2Fpublic_html%2Fwp-content%2Fuploads%2F2019%2F03 HTTP/1.1" 200 2534 "-" "Mozilla/5.0 AppleWebKit/537.36 (KHTML, like Gecko; compatible; ClaudeBot/1.0; +claudebot@anthropic.com)"
66.249.79.195 - - [28/Feb/2026:07:18:08 -0500] "GET /commodity/85611400030 HTTP/1.1" 200 24627 "-" "Mozilla/5.0 (Linux; Android 6.0.1; Nexus 5X Build/MMB29P) AppleWebKit/537.36 (KHTML, like Gecko) Chrome/144.0.7559.132 Mobile Safari/537.36 (compatible; GoogleOther)"
66.249.79.194 - - [28/Feb/2026:07:18:11 -0500] "GET /?commodity/85632181432 HTTP/1.1" 200 24552 "-" "Mozilla/5.0 (Linux; Android 6.0.1; Nexus 5X Build/MMB29P) AppleWebKit/537.36 (KHTML, like Gecko) Chrome/144.0.7559.132 Mobile Safari/537.36 (compatible; GoogleOther)"
216.73.216.223 - - [28/Feb/2026:07:18:12 -0500] "GET /?fileloc=%2Fhome%2Fclavospa%2Fpublic_html%2Fwp-content%2Fuploads%2F2022%2F12%2F15-300x210.png&path=%2Fhome%2Fclavospa%2Fpublic_html%2Fwp-content%2Fuploads%2F2022%2F12 HTTP/1.1" 200 2514 "-" "Mozilla/5.0 AppleWebKit/537.36 (KHTML, like Gecko; compatible; ClaudeBot/1.0; +claudebot@anthropic.com)"
104.219.234.169 - - [28/Feb/2026:07:18:13 -0500] "GET /wp/wp-content/uploads/2021/06/lacharos.jpeg HTTP/1.1" 200 75420 "https://212productions.net" "Mozilla/5.0 (Windows NT 10.0; Win64; x64) AppleWebKit/537.36 (KHTML, like Gecko) Chrome/122.0.0.0 Safari/537.36"
57.141.6.9 - - [28/Feb/2026:07:18:12 -0500] "GET /wp-sitemap-taxonomies-category-1.xml HTTP/1.1" 200 5800 "-" "meta-externalagent/1.1 (+https://developers.facebook.com/docs/sharing/webmasters/crawler)"
66.249.79.67 - - [28/Feb/2026:07:18:14 -0500] "GET /?c=prod-8985357 HTTP/1.1" 200 25427 "-" "Mozilla/5.0 (Linux; Android 6.0.1; Nexus 5X Build/MMB29P) AppleWebKit/537.36 (KHTML, like Gecko) Chrome/144.0.7559.132 Mobile Safari/537.36 (compatible; GoogleOther)"
216.73.216.223 - - [28/Feb/2026:07:18:17 -0500] "GET /?fileloc=%2Fhome%2Fclavospa%2Fpublic_html%2Fwp-content%2Fuploads%2F2019%2F03%2Fcarlos-5-597x441.png&path=%2Fhome%2Fclavospa%2Fpublic_html%2Fwp-content%2Fuploads%2F2019%2F03 HTTP/1.1" 200 2520 "-" "Mozilla/5.0 AppleWebKit/537.36 (KHTML, like Gecko; compatible; ClaudeBot/1.0; +claudebot@anthropic.com)"
66.249.79.193 - - [28/Feb/2026:07:18:18 -0500] "GET /commodity/85621576656 HTTP/1.1" 200 24416 "-" "Mozilla/5.0 (Linux; Android 6.0.1; Nexus 5X Build/MMB29P) AppleWebKit/537.36 (KHTML, like Gecko) Chrome/144.0.7559.132 Mobile Safari/537.36 (compatible; GoogleOther)"
85.208.96.206 - - [28/Feb/2026:07:18:19 -0500] "GET /events/tag/art/list/?tribe-bar-date=2024-11-01 HTTP/1.1" 200 4306 "-" "Mozilla/5.0 (compatible; SemrushBot/7~bl; +http://www.semrush.com/bot.html)"
66.249.79.67 - - [28/Feb/2026:07:18:21 -0500] "GET /?commodity/85621794007 HTTP/1.1" 200 24548 "-" "Mozilla/5.0 (Linux; Android 6.0.1; Nexus 5X Build/MMB29P) AppleWebKit/537.36 (KHTML, like Gecko) Chrome/144.0.7559.132 Mobile Safari/537.36 (compatible; GoogleOther)"
216.73.216.223 - - [28/Feb/2026:07:18:23 -0500] "GET /?path=%2Fhome%2Fclavospa%2Fpublic_html%2Fdavidlachapellela.com%2Fwp-content%2Fuploads%2F2024%2F11 HTTP/1.1" 200 2592 "-" "Mozilla/5.0 AppleWebKit/537.36 (KHTML, like Gecko; compatible; ClaudeBot/1.0; +claudebot@anthropic.com)"
114.119.163.186 - - [28/Feb/2026:07:18:23 -0500] "GET /product-tag/abel-adrian/?product_view=grid&product_orderby=date&product_order=desc HTTP/1.1" 200 4306 "https://clavo.space/product-tag/abel-adrian/page/1/?product_view=grid&product_orderby=price&product_order=desc" "Mozilla/5.0 (Linux; Android 7.0;) AppleWebKit/537.36 (KHTML, like Gecko) Mobile Safari/537.36 (compatible; PetalBot;+https://webmaster.petalsearch.com/site/petalbot)"
66.249.79.67 - - [28/Feb/2026:07:18:25 -0500] "GET /?c=prod-451756 HTTP/1.1" 200 25160 "-" "Mozilla/5.0 (Linux; Android 6.0.1; Nexus 5X Build/MMB29P) AppleWebKit/537.36 (KHTML, like Gecko) Chrome/144.0.7559.132 Mobile Safari/537.36 (compatible; GoogleOther)"
216.73.216.223 - - [28/Feb/2026:07:18:27 -0500] "GET /?fileloc=%2Fhome%2Fclavospa%2Fpublic_html%2Fwp-includes%2Fmedia.php&path=%2Fhome%2Fclavospa%2Fpublic_html%2Fwp-includes HTTP/1.1" 200 53477 "-" "Mozilla/5.0 AppleWebKit/537.36 (KHTML, like Gecko; compatible; ClaudeBot/1.0; +claudebot@anthropic.com)"
66.249.79.193 - - [28/Feb/2026:07:18:28 -0500] "GET /commodity/855913875 HTTP/1.1" 200 24757 "-" "Mozilla/5.0 (Linux; Android 6.0.1; Nexus 5X Build/MMB29P) AppleWebKit/537.36 (KHTML, like Gecko) Chrome/144.0.7559.132 Mobile Safari/537.36 (compatible; GoogleOther)"
104.219.234.169 - - [28/Feb/2026:07:18:29 -0500] "GET /wp/wp-content/uploads/2021/06/lacharos-200x133.jpeg HTTP/1.1" 200 8748 "https://212productions.net" "Mozilla/5.0 (Windows NT 10.0; Win64; x64) AppleWebKit/537.36 (KHTML, like Gecko) Chrome/122.0.0.0 Safari/537.36"
66.249.79.193 - - [28/Feb/2026:07:18:31 -0500] "GET /?p=en-1612955 HTTP/1.1" 200 24428 "-" "Mozilla/5.0 (Linux; Android 6.0.1; Nexus 5X Build/MMB29P) AppleWebKit/537.36 (KHTML, like Gecko) Chrome/144.0.7559.132 Mobile Safari/537.36 (compatible; GoogleOther)"
216.73.216.223 - - [28/Feb/2026:07:18:32 -0500] "GET /?fileloc=%2Fhome%2Fclavospa%2Fpublic_html%2Fwp%2Fwp-includes%2Fblocks%2Fhome-link.php&path=%2Fhome%2Fclavospa%2Fpublic_html%2Fwp%2Fwp-includes%2Fblocks HTTP/1.1" 200 3926 "-" "Mozilla/5.0 AppleWebKit/537.36 (KHTML, like Gecko; compatible; ClaudeBot/1.0; +claudebot@anthropic.com)"
66.249.79.67 - - [28/Feb/2026:07:18:34 -0500] "GET /commodity/85621787921 HTTP/1.1" 200 24172 "-" "Mozilla/5.0 (Linux; Android 6.0.1; Nexus 5X Build/MMB29P) AppleWebKit/537.36 (KHTML, like Gecko) Chrome/144.0.7559.132 Mobile Safari/537.36 (compatible; Googlebot/2.1; +http://www.google.com/bot.html)"
216.73.216.223 - - [28/Feb/2026:07:18:37 -0500] "GET /?path=%2Fhome%2Fclavospa%2Fmail%2Fdavidlachapelleamor.com%2Finfo%2F.Archive HTTP/1.1" 200 3105 "-" "Mozilla/5.0 AppleWebKit/537.36 (KHTML, like Gecko; compatible; ClaudeBot/1.0; +claudebot@anthropic.com)"
216.73.216.223 - - [28/Feb/2026:07:18:42 -0500] "GET /?fileloc=%2Fhome%2Fclavospa%2Fpublic_html%2Fabeladrian.com%2Fwp-includes%2Fjs%2Fcustomize-views.js&path=%2Fhome%2Fclavospa%2Fpublic_html%2Fabeladrian.com%2Fwp-includes%2Fjs HTTP/1.1" 200 3937 "-" "Mozilla/5.0 AppleWebKit/537.36 (KHTML, like Gecko; compatible; ClaudeBot/1.0; +claudebot@anthropic.com)"
185.191.171.18 - - [28/Feb/2026:07:18:45 -0500] "GET /events/tag/exhibition/list/?eventDisplay=past&tribe-bar-date=2020-02-23 HTTP/1.1" 200 4306 "-" "Mozilla/5.0 (compatible; SemrushBot/7~bl; +http://www.semrush.com/bot.html)"
66.249.79.72 - - [28/Feb/2026:07:18:45 -0500] "GET /?commodity/85611094476 HTTP/1.1" 200 25512 "-" "Mozilla/5.0 (Linux; Android 6.0.1; Nexus 5X Build/MMB29P) AppleWebKit/537.36 (KHTML, like Gecko) Chrome/144.0.7559.132 Mobile Safari/537.36 (compatible; GoogleOther)"
216.73.216.223 - - [28/Feb/2026:07:18:47 -0500] "GET /?fileloc=%2Fhome%2Fclavospa%2Fpublic_html%2Fwp%2Fwp-includes%2Fcanonical.php&path=%2Fhome%2Fclavospa%2Fpublic_html%2Fwp%2Fwp-includes HTTP/1.1" 200 11218 "-" "Mozilla/5.0 AppleWebKit/537.36 (KHTML, like Gecko; compatible; ClaudeBot/1.0; +claudebot@anthropic.com)"
66.249.79.67 - - [28/Feb/2026:07:18:49 -0500] "GET /commodity/8559136160 HTTP/1.1" 200 24059 "-" "Mozilla/5.0 (Linux; Android 6.0.1; Nexus 5X Build/MMB29P) AppleWebKit/537.36 (KHTML, like Gecko) Chrome/144.0.7559.132 Mobile Safari/537.36 (compatible; GoogleOther)"
185.191.171.10 - - [28/Feb/2026:07:18:51 -0500] "GET /events/tag/art/list/?tribe-bar-date=2024-03-25 HTTP/1.1" 200 4306 "-" "Mozilla/5.0 (compatible; SemrushBot/7~bl; +http://www.semrush.com/bot.html)"
216.73.216.223 - - [28/Feb/2026:07:18:52 -0500] "GET /?fileloc=%2Fhome%2Fclavospa%2Fpublic_html%2Fwp-content%2Fuploads%2F2019%2F03%2Fim1-1149x1536.webp&path=%2Fhome%2Fclavospa%2Fpublic_html%2Fwp-content%2Fuploads%2F2019%2F03 HTTP/1.1" 200 2517 "-" "Mozilla/5.0 AppleWebKit/537.36 (KHTML, like Gecko; compatible; ClaudeBot/1.0; +claudebot@anthropic.com)"
66.249.79.73 - - [28/Feb/2026:07:18:54 -0500] "GET /?commodity/85611083437 HTTP/1.1" 200 25061 "-" "Mozilla/5.0 (Linux; Android 6.0.1; Nexus 5X Build/MMB29P) AppleWebKit/537.36 (KHTML, like Gecko) Chrome/144.0.7559.132 Mobile Safari/537.36 (compatible; GoogleOther)"
216.73.216.223 - - [28/Feb/2026:07:18:56 -0500] "GET /?fileloc=%2Fhome%2Fclavospa%2Fpublic_html%2Fwp-content%2Fuploads%2F2019%2F03%2Fgarret4-150x150.webp&path=%2Fhome%2Fclavospa%2Fpublic_html%2Fwp-content%2Fuploads%2F2019%2F03 HTTP/1.1" 200 2518 "-" "Mozilla/5.0 AppleWebKit/537.36 (KHTML, like Gecko; compatible; ClaudeBot/1.0; +claudebot@anthropic.com)"
66.249.68.7 - - [28/Feb/2026:07:18:58 -0500] "GET /commodity/85642636955 HTTP/1.1" 200 24267 "-" "Mozilla/5.0 (Linux; Android 6.0.1; Nexus 5X Build/MMB29P) AppleWebKit/537.36 (KHTML, like Gecko) Chrome/144.0.7559.132 Mobile Safari/537.36 (compatible; GoogleOther)"
185.191.171.2 - - [28/Feb/2026:07:18:59 -0500] "GET /events/tag/clavo-space/day/2026-08-15/ HTTP/1.1" 200 4306 "-" "Mozilla/5.0 (compatible; SemrushBot/7~bl; +http://www.semrush.com/bot.html)"
216.73.216.223 - - [28/Feb/2026:07:19:01 -0500] "GET /?fileloc=%2Fhome%2Fclavospa%2Fpublic_html%2Fwp-content%2Fuploads%2F2019%2F03%2Fgarret2-600x398.webp&path=%2Fhome%2Fclavospa%2Fpublic_html%2Fwp-content%2Fuploads%2F2019%2F03 HTTP/1.1" 200 2519 "-" "Mozilla/5.0 AppleWebKit/537.36 (KHTML, like Gecko; compatible; ClaudeBot/1.0; +claudebot@anthropic.com)"
66.249.68.6 - - [28/Feb/2026:07:19:02 -0500] "GET /commodity/8559232436 HTTP/1.1" 200 25312 "-" "Mozilla/5.0 (Linux; Android 6.0.1; Nexus 5X Build/MMB29P) AppleWebKit/537.36 (KHTML, like Gecko) Chrome/144.0.7559.132 Mobile Safari/537.36 (compatible; GoogleOther)"
54.37.118.69 - - [28/Feb/2026:07:19:03 -0500] "GET /product-category/paintings/coffe-and-ashes/?product_orderby=price&product_view=list&product_order=asc&product_count=24 HTTP/1.1" 200 4306 "-" "Mozilla/5.0 (compatible; AhrefsBot/7.0; +http://ahrefs.com/robot/)"
216.73.216.223 - - [28/Feb/2026:07:19:06 -0500] "GET /?fileloc=%2Fhome%2Fclavospa%2Fpublic_html%2Fwp-content%2Fuploads%2F2019%2F03%2Fgarret5-66x66.webp&path=%2Fhome%2Fclavospa%2Fpublic_html%2Fwp-content%2Fuploads%2F2019%2F03 HTTP/1.1" 200 2517 "-" "Mozilla/5.0 AppleWebKit/537.36 (KHTML, like Gecko; compatible; ClaudeBot/1.0; +claudebot@anthropic.com)"
66.249.79.194 - - [28/Feb/2026:07:19:05 -0500] "GET /commodity/85621801917 HTTP/1.1" 200 24600 "-" "Mozilla/5.0 (Linux; Android 6.0.1; Nexus 5X Build/MMB29P) AppleWebKit/537.36 (KHTML, like Gecko) Chrome/144.0.7559.132 Mobile Safari/537.36 (compatible; GoogleOther)"
52.167.144.195 - - [28/Feb/2026:07:19:09 -0500] "GET /wp/wp-content/uploads/2021/03/tavolared-200x268.png HTTP/1.1" 200 23518 "-" "Mozilla/5.0 AppleWebKit/537.36 (KHTML, like Gecko; compatible; bingbot/2.0; +http://www.bing.com/bingbot.htm) Chrome/116.0.1938.76 Safari/537.36"
66.249.79.67 - - [28/Feb/2026:07:19:09 -0500] "GET /commodity/85642511963 HTTP/1.1" 200 24479 "-" "Mozilla/5.0 (Linux; Android 6.0.1; Nexus 5X Build/MMB29P) AppleWebKit/537.36 (KHTML, like Gecko) Chrome/144.0.7559.132 Mobile Safari/537.36 (compatible; GoogleOther)"
216.73.216.223 - - [28/Feb/2026:07:19:11 -0500] "GET /?fileloc=%2Fhome%2Fclavospa%2Fpublic_html%2Fwp-content%2Fuploads%2F2019%2F03%2Fgarret6-1024x680.webp&path=%2Fhome%2Fclavospa%2Fpublic_html%2Fwp-content%2Fuploads%2F2019%2F03 HTTP/1.1" 200 2519 "-" "Mozilla/5.0 AppleWebKit/537.36 (KHTML, like Gecko; compatible; ClaudeBot/1.0; +claudebot@anthropic.com)"
216.73.216.223 - - [28/Feb/2026:07:19:16 -0500] "GET /?fileloc=%2Fhome%2Fclavospa%2Fpublic_html%2Fwp-content%2Fuploads%2F2019%2F03%2Fgarret2-940x400.webp&path=%2Fhome%2Fclavospa%2Fpublic_html%2Fwp-content%2Fuploads%2F2019%2F03 HTTP/1.1" 200 2519 "-" "Mozilla/5.0 AppleWebKit/537.36 (KHTML, like Gecko; compatible; ClaudeBot/1.0; +claudebot@anthropic.com)"
66.249.79.67 - - [28/Feb/2026:07:19:17 -0500] "GET /?c=prod-7034557 HTTP/1.1" 200 24115 "-" "Mozilla/5.0 (Linux; Android 6.0.1; Nexus 5X Build/MMB29P) AppleWebKit/537.36 (KHTML, like Gecko) Chrome/144.0.7559.132 Mobile Safari/537.36 (compatible; GoogleOther)"
216.73.216.223 - - [28/Feb/2026:07:19:19 -0500] "GET /?fileloc=%2Fhome%2Fclavospa%2Fpublic_html%2Fwp-content%2Fuploads%2F2019%2F03%2Fgarret3-669x272.webp&path=%2Fhome%2Fclavospa%2Fpublic_html%2Fwp-content%2Fuploads%2F2019%2F03 HTTP/1.1" 200 2519 "-" "Mozilla/5.0 AppleWebKit/537.36 (KHTML, like Gecko; compatible; ClaudeBot/1.0; +claudebot@anthropic.com)"
66.249.79.67 - - [28/Feb/2026:07:19:20 -0500] "GET /commodity/85621702299 HTTP/1.1" 200 24202 "-" "Mozilla/5.0 (Linux; Android 6.0.1; Nexus 5X Build/MMB29P) AppleWebKit/537.36 (KHTML, like Gecko) Chrome/144.0.7559.132 Mobile Safari/537.36 (compatible; GoogleOther)"
66.249.79.67 - - [28/Feb/2026:07:19:24 -0500] "GET /commodity/85631909449 HTTP/1.1" 200 25547 "-" "Mozilla/5.0 (Linux; Android 6.0.1; Nexus 5X Build/MMB29P) AppleWebKit/537.36 (KHTML, like Gecko) Chrome/144.0.7559.132 Mobile Safari/537.36 (compatible; GoogleOther)"
216.73.216.223 - - [28/Feb/2026:07:19:24 -0500] "GET /?fileloc=%2Fhome%2Fclavospa%2Fpublic_html%2Fwp-content%2Fuploads%2F2019%2F03%2Fgarret3-300x199.webp&path=%2Fhome%2Fclavospa%2Fpublic_html%2Fwp-content%2Fuploads%2F2019%2F03 HTTP/1.1" 200 2519 "-" "Mozilla/5.0 AppleWebKit/537.36 (KHTML, like Gecko; compatible; ClaudeBot/1.0; +claudebot@anthropic.com)"
136.144.33.182 - - [28/Feb/2026:07:19:25 -0500] "POST /wp-login.php HTTP/1.1" 403 69589 "-" "Mozilla/5.0"
66.249.79.67 - - [28/Feb/2026:07:19:27 -0500] "GET /page/2/?h=e74g15sehps2n29 HTTP/1.1" 200 25150 "-" "Mozilla/5.0 (Linux; Android 6.0.1; Nexus 5X Build/MMB29P) AppleWebKit/537.36 (KHTML, like Gecko) Chrome/144.0.7559.132 Mobile Safari/537.36 (compatible; GoogleOther)"
216.73.216.223 - - [28/Feb/2026:07:19:29 -0500] "GET /?fileloc=%2Fhome%2Fclavospa%2Fpublic_html%2Fwp-content%2Fuploads%2F2019%2F03%2Fgarret3-600x398.webp&path=%2Fhome%2Fclavospa%2Fpublic_html%2Fwp-content%2Fuploads%2F2019%2F03 HTTP/1.1" 200 2519 "-" "Mozilla/5.0 AppleWebKit/537.36 (KHTML, like Gecko; compatible; ClaudeBot/1.0; +claudebot@anthropic.com)"
185.191.171.10 - - [28/Feb/2026:07:19:29 -0500] "GET /events/tag/opening/list/?tribe-bar-date=2022-04-30 HTTP/1.1" 200 4306 "-" "Mozilla/5.0 (compatible; SemrushBot/7~bl; +http://www.semrush.com/bot.html)"
66.249.79.67 - - [28/Feb/2026:07:19:30 -0500] "GET /commodity/85631892877 HTTP/1.1" 200 24385 "-" "Mozilla/5.0 (Linux; Android 6.0.1; Nexus 5X Build/MMB29P) AppleWebKit/537.36 (KHTML, like Gecko) Chrome/144.0.7559.132 Mobile Safari/537.36 (compatible; GoogleOther)"
66.249.79.194 - - [28/Feb/2026:07:19:33 -0500] "GET /commodity/85632198753 HTTP/1.1" 200 24378 "-" "Mozilla/5.0 (Linux; Android 6.0.1; Nexus 5X Build/MMB29P) AppleWebKit/537.36 (KHTML, like Gecko) Chrome/144.0.7559.132 Mobile Safari/537.36 (compatible; GoogleOther)"
216.73.216.223 - - [28/Feb/2026:07:19:34 -0500] "GET /?fileloc=%2Fhome%2Fclavospa%2Fpublic_html%2Fwp-content%2Fuploads%2F2019%2F03%2Fgarret5-940x400.webp&path=%2Fhome%2Fclavospa%2Fpublic_html%2Fwp-content%2Fuploads%2F2019%2F03 HTTP/1.1" 200 2519 "-" "Mozilla/5.0 AppleWebKit/537.36 (KHTML, like Gecko; compatible; ClaudeBot/1.0; +claudebot@anthropic.com)"
66.249.79.67 - - [28/Feb/2026:07:19:37 -0500] "GET /commodity/8559430739 HTTP/1.1" 200 25618 "-" "Mozilla/5.0 (Linux; Android 6.0.1; Nexus 5X Build/MMB29P) AppleWebKit/537.36 (KHTML, like Gecko) Chrome/144.0.7559.132 Mobile Safari/537.36 (compatible; GoogleOther)"
216.73.216.223 - - [28/Feb/2026:07:19:39 -0500] "GET /?fileloc=%2Fhome%2Fclavospa%2Fpublic_html%2Fwp-content%2Fuploads%2F2019%2F03%2Fgarret4-200x133.webp&path=%2Fhome%2Fclavospa%2Fpublic_html%2Fwp-content%2Fuploads%2F2019%2F03 HTTP/1.1" 200 2519 "-" "Mozilla/5.0 AppleWebKit/537.36 (KHTML, like Gecko; compatible; ClaudeBot/1.0; +claudebot@anthropic.com)"
104.219.234.169 - - [28/Feb/2026:07:19:40 -0500] "GET /wp/wp-content/uploads/2021/06/lacharos-400x266.jpeg HTTP/1.1" 200 25120 "https://212productions.net" "Mozilla/5.0 (Windows NT 10.0; Win64; x64) AppleWebKit/537.36 (KHTML, like Gecko) Chrome/122.0.0.0 Safari/537.36"
66.249.79.74 - - [28/Feb/2026:07:19:40 -0500] "GET /?commodity/85632216871 HTTP/1.1" 200 24124 "-" "Mozilla/5.0 (Linux; Android 6.0.1; Nexus 5X Build/MMB29P) AppleWebKit/537.36 (KHTML, like Gecko) Chrome/144.0.7559.132 Mobile Safari/537.36 (compatible; GoogleOther)"
85.208.96.208 - - [28/Feb/2026:07:19:43 -0500] "GET /events/tag/art/list/?tribe-bar-date=2025-07-31 HTTP/1.1" 200 4306 "-" "Mozilla/5.0 (compatible; SemrushBot/7~bl; +http://www.semrush.com/bot.html)"
114.119.149.252 - - [28/Feb/2026:07:19:44 -0500] "GET /product-tag/abel-adrian/?product_view=grid&product_orderby=date&product_count=36 HTTP/1.1" 200 4306 "https://clavo.space/product-tag/abel-adrian/?product_view=grid&product_orderby=date" "Mozilla/5.0 (Linux; Android 7.0;) AppleWebKit/537.36 (KHTML, like Gecko) Mobile Safari/537.36 (compatible; PetalBot;+https://webmaster.petalsearch.com/site/petalbot)"
66.249.79.67 - - [28/Feb/2026:07:19:43 -0500] "GET /commodity/85642741154 HTTP/1.1" 200 24540 "-" "Mozilla/5.0 (Linux; Android 6.0.1; Nexus 5X Build/MMB29P) AppleWebKit/537.36 (KHTML, like Gecko) Chrome/144.0.7559.132 Mobile Safari/537.36 (compatible; GoogleOther)"
207.46.13.86 - - [28/Feb/2026:07:19:44 -0500] "GET /wp/wp-content/uploads/2022/05/Chapultepec-1280x720-1-600x338.jpg HTTP/1.1" 200 47082 "-" "Mozilla/5.0 AppleWebKit/537.36 (KHTML, like Gecko; compatible; bingbot/2.0; +http://www.bing.com/bingbot.htm) Chrome/116.0.1938.76 Safari/537.36"
216.73.216.223 - - [28/Feb/2026:07:19:44 -0500] "GET /?fileloc=%2Fhome%2Fclavospa%2Fpublic_html%2Fwp-content%2Fuploads%2F2019%2F03%2Fgarret4-669x272.webp&path=%2Fhome%2Fclavospa%2Fpublic_html%2Fwp-content%2Fuploads%2F2019%2F03 HTTP/1.1" 200 2519 "-" "Mozilla/5.0 AppleWebKit/537.36 (KHTML, like Gecko; compatible; ClaudeBot/1.0; +claudebot@anthropic.com)"
113.162.78.110 - - [28/Feb/2026:07:19:47 -0500] "GET /?h=ejth2ihvi2h3tfy HTTP/1.1" 200 4306 "-" "Mozilla/5.0 (Macintosh; Intel Mac OS X 10_11) AppleWebKit/537.36 (KHTML, like Gecko) Chrome/99.0.4886.93 Safari/537.36"
216.73.216.223 - - [28/Feb/2026:07:19:48 -0500] "GET /?fileloc=%2Fhome%2Fclavospa%2Fpublic_html%2Fwp-content%2Fuploads%2F2019%2F03%2Fgarret6-669x272.webp&path=%2Fhome%2Fclavospa%2Fpublic_html%2Fwp-content%2Fuploads%2F2019%2F03 HTTP/1.1" 200 2519 "-" "Mozilla/5.0 AppleWebKit/537.36 (KHTML, like Gecko; compatible; ClaudeBot/1.0; +claudebot@anthropic.com)"
66.249.79.67 - - [28/Feb/2026:07:19:48 -0500] "GET /commodity/85621807255 HTTP/1.1" 200 25769 "-" "Mozilla/5.0 (Linux; Android 6.0.1; Nexus 5X Build/MMB29P) AppleWebKit/537.36 (KHTML, like Gecko) Chrome/144.0.7559.132 Mobile Safari/537.36 (compatible; GoogleOther)"
43.157.170.126 - - [28/Feb/2026:07:19:51 -0500] "GET /wp/broken-film/?path=/home/clavospa/public_html/.well-known/pki-validation HTTP/1.1" 200 2557 "-" "Mozilla/5.0 (iPhone; CPU iPhone OS 13_2_3 like Mac OS X) AppleWebKit/605.1.15 (KHTML, like Gecko) Version/13.0.3 Mobile/15E148 Safari/604.1"
66.249.79.193 - - [28/Feb/2026:07:19:51 -0500] "GET /commodity/85621812294 HTTP/1.1" 200 24405 "-" "Mozilla/5.0 (Linux; Android 6.0.1; Nexus 5X Build/MMB29P) AppleWebKit/537.36 (KHTML, like Gecko) Chrome/144.0.7559.132 Mobile Safari/537.36 (compatible; GoogleOther)"
216.73.216.223 - - [28/Feb/2026:07:19:53 -0500] "GET /?fileloc=%2Fhome%2Fclavospa%2Fpublic_html%2Fwp-content%2Fuploads%2F2019%2F03%2Fgarret6-300x199.webp&path=%2Fhome%2Fclavospa%2Fpublic_html%2Fwp-content%2Fuploads%2F2019%2F03 HTTP/1.1" 200 2519 "-" "Mozilla/5.0 AppleWebKit/537.36 (KHTML, like Gecko; compatible; ClaudeBot/1.0; +claudebot@anthropic.com)"
66.249.79.67 - - [28/Feb/2026:07:19:54 -0500] "GET /?commodity/85642779025 HTTP/1.1" 200 25190 "-" "Mozilla/5.0 (Linux; Android 6.0.1; Nexus 5X Build/MMB29P) AppleWebKit/537.36 (KHTML, like Gecko) Chrome/144.0.7559.132 Mobile Safari/537.36 (compatible; GoogleOther)"
216.73.216.223 - - [28/Feb/2026:07:19:58 -0500] "GET /?fileloc=%2Fhome%2Fclavospa%2Fpublic_html%2Fwp-content%2Fuploads%2F2019%2F03%2Fgarret6-600x398.webp&path=%2Fhome%2Fclavospa%2Fpublic_html%2Fwp-content%2Fuploads%2F2019%2F03 HTTP/1.1" 200 2519 "-" "Mozilla/5.0 AppleWebKit/537.36 (KHTML, like Gecko; compatible; ClaudeBot/1.0; +claudebot@anthropic.com)"
66.249.79.67 - - [28/Feb/2026:07:19:57 -0500] "GET /commodity/85621748299 HTTP/1.1" 200 24109 "-" "Mozilla/5.0 (Linux; Android 6.0.1; Nexus 5X Build/MMB29P) AppleWebKit/537.36 (KHTML, like Gecko) Chrome/144.0.7559.132 Mobile Safari/537.36 (compatible; GoogleOther)"
66.249.79.72 - - [28/Feb/2026:07:20:00 -0500] "GET /?commodity/85631901470 HTTP/1.1" 200 24523 "-" "Mozilla/5.0 (Linux; Android 6.0.1; Nexus 5X Build/MMB29P) AppleWebKit/537.36 (KHTML, like Gecko) Chrome/144.0.7559.132 Mobile Safari/537.36 (compatible; GoogleOther)"
57.141.6.14 - - [28/Feb/2026:07:20:02 -0500] "GET /sitemap.html HTTP/1.1" 200 4306 "-" "meta-externalagent/1.1 (+https://developers.facebook.com/docs/sharing/webmasters/crawler)"
216.73.216.223 - - [28/Feb/2026:07:20:03 -0500] "GET /?fileloc=%2Fhome%2Fclavospa%2Fpublic_html%2Fwp-content%2Fuploads%2F2019%2F03%2Fgarret5-400x266.webp&path=%2Fhome%2Fclavospa%2Fpublic_html%2Fwp-content%2Fuploads%2F2019%2F03 HTTP/1.1" 200 2519 "-" "Mozilla/5.0 AppleWebKit/537.36 (KHTML, like Gecko; compatible; ClaudeBot/1.0; +claudebot@anthropic.com)"
66.249.79.68 - - [28/Feb/2026:07:20:04 -0500] "GET /commodity/85632208555 HTTP/1.1" 200 24428 "-" "Mozilla/5.0 (Linux; Android 6.0.1; Nexus 5X Build/MMB29P) AppleWebKit/537.36 (KHTML, like Gecko) Chrome/144.0.7559.132 Mobile Safari/537.36 (compatible; GoogleOther)"
66.249.79.193 - - [28/Feb/2026:07:20:07 -0500] "GET /commodity/85621788081 HTTP/1.1" 200 24660 "-" "Mozilla/5.0 (Linux; Android 6.0.1; Nexus 5X Build/MMB29P) AppleWebKit/537.36 (KHTML, like Gecko) Chrome/144.0.7559.132 Mobile Safari/537.36 (compatible; GoogleOther)"
216.73.216.223 - - [28/Feb/2026:07:20:09 -0500] "GET /?fileloc=%2Fhome%2Fclavospa%2Fpublic_html%2Fwp-content%2Fuploads%2F2019%2F03%2Fim4-1200x1596.webp&path=%2Fhome%2Fclavospa%2Fpublic_html%2Fwp-content%2Fuploads%2F2019%2F03 HTTP/1.1" 200 2517 "-" "Mozilla/5.0 AppleWebKit/537.36 (KHTML, like Gecko; compatible; ClaudeBot/1.0; +claudebot@anthropic.com)"
