File: /home/clavospa/access-logs/clavo.space
66.249.79.67 - - [28/Feb/2026:07:06:23 -0500] "GET /commodity/85632032920 HTTP/1.1" 200 23916 "-" "Mozilla/5.0 (Linux; Android 6.0.1; Nexus 5X Build/MMB29P) AppleWebKit/537.36 (KHTML, like Gecko) Chrome/144.0.7559.132 Mobile Safari/537.36 (compatible; GoogleOther)"
216.73.216.223 - - [28/Feb/2026:07:06:22 -0500] "GET /?fileloc=%2Fhome%2Fclavospa%2Ftmp%2Fawstats%2Fawstats072025.new.davidlachapelleamor.com.txt&path=%2Fhome%2Fclavospa%2Ftmp%2Fawstats HTTP/1.1" 200 11661 "-" "Mozilla/5.0 AppleWebKit/537.36 (KHTML, like Gecko; compatible; ClaudeBot/1.0; +claudebot@anthropic.com)"
216.73.216.223 - - [28/Feb/2026:07:06:23 -0500] "GET /?fileloc=%2Fhome%2Fclavospa%2Ftmp%2Fawstats%2Fawstats112024.davidlachapellela.com.clavo.space.txt&path=%2Fhome%2Fclavospa%2Ftmp%2Fawstats HTTP/1.1" 200 73899 "-" "Mozilla/5.0 AppleWebKit/537.36 (KHTML, like Gecko; compatible; ClaudeBot/1.0; +claudebot@anthropic.com)"
216.73.216.223 - - [28/Feb/2026:07:06:23 -0500] "GET /?fileloc=%2Fhome%2Fclavospa%2Ftmp%2Fawstats%2Fawstats012025.new.davidlachapelleamor.com.txt&path=%2Fhome%2Fclavospa%2Ftmp%2Fawstats HTTP/1.1" 200 6015 "-" "Mozilla/5.0 AppleWebKit/537.36 (KHTML, like Gecko; compatible; ClaudeBot/1.0; +claudebot@anthropic.com)"
216.73.216.61 - - [28/Feb/2026:07:06:23 -0500] "GET /product/mi-cima-ii?fileloc=%2Fhome%2Fclavospa%2Fwww%2Fwp-content%2Fuploads%2F2019%2F03%2Fmatt-post2.jpg&path=%2Fhome%2Fclavospa%2Fwww%2Fwp-content%2Fuploads%2F2019%2F03 HTTP/1.1" 200 2507 "-" "Mozilla/5.0 AppleWebKit/537.36 (KHTML, like Gecko; compatible; ClaudeBot/1.0; +claudebot@anthropic.com)"
216.73.216.223 - - [28/Feb/2026:07:06:23 -0500] "GET /?fileloc=%2Fhome%2Fclavospa%2Fpublic_html%2Fdavidlachapellela.com%2Fwp-content%2Fuploads%2F2022%2F07%2Fdlcacsi1-2048x1049.jpg&path=%2Fhome%2Fclavospa%2Fpublic_html%2Fdavidlachapellela.com%2Fwp-content%2Fuploads%2F2022%2F07 HTTP/1.1" 200 2548 "-" "Mozilla/5.0 AppleWebKit/537.36 (KHTML, like Gecko; compatible; ClaudeBot/1.0; +claudebot@anthropic.com)"
216.73.216.223 - - [28/Feb/2026:07:06:23 -0500] "GET /?fileloc=%2Fhome%2Fclavospa%2Ftmp%2Fawstats%2Fawstats022025.carlospaellas.us.clavo.space.txt&path=%2Fhome%2Fclavospa%2Ftmp%2Fawstats HTTP/1.1" 200 17974 "-" "Mozilla/5.0 AppleWebKit/537.36 (KHTML, like Gecko; compatible; ClaudeBot/1.0; +claudebot@anthropic.com)"
216.73.216.223 - - [28/Feb/2026:07:06:23 -0500] "GET /?fileloc=%2Fhome%2Fclavospa%2Ftmp%2Fawstats%2Fawstats082025.new.davidlachapelleamor.com.txt&path=%2Fhome%2Fclavospa%2Ftmp%2Fawstats HTTP/1.1" 200 10959 "-" "Mozilla/5.0 AppleWebKit/537.36 (KHTML, like Gecko; compatible; ClaudeBot/1.0; +claudebot@anthropic.com)"
216.73.216.223 - - [28/Feb/2026:07:06:24 -0500] "GET /?fileloc=%2Fhome%2Fclavospa%2Fpublic_html%2Fdavidlachapellela.com%2Fwp-content%2Fuploads%2F2022%2F07%2Fkids01-150x150.jpg&path=%2Fhome%2Fclavospa%2Fpublic_html%2Fdavidlachapellela.com%2Fwp-content%2Fuploads%2F2022%2F07 HTTP/1.1" 200 2543 "-" "Mozilla/5.0 AppleWebKit/537.36 (KHTML, like Gecko; compatible; ClaudeBot/1.0; +claudebot@anthropic.com)"
216.73.216.223 - - [28/Feb/2026:07:06:25 -0500] "GET /?fileloc=%2Fhome%2Fclavospa%2Fpublic_html%2Fdavidlachapellela.com%2Fwp-content%2Fuploads%2F2022%2F07%2Fdlczoom1-2048x1049.jpg&path=%2Fhome%2Fclavospa%2Fpublic_html%2Fdavidlachapellela.com%2Fwp-content%2Fuploads%2F2022%2F07 HTTP/1.1" 200 2549 "-" "Mozilla/5.0 AppleWebKit/537.36 (KHTML, like Gecko; compatible; ClaudeBot/1.0; +claudebot@anthropic.com)"
216.73.216.223 - - [28/Feb/2026:07:06:24 -0500] "GET /?fileloc=%2Fhome%2Fclavospa%2Ftmp%2Fawstats%2Fawstats022023.carlospaellas.us.clavo.space.txt&path=%2Fhome%2Fclavospa%2Ftmp%2Fawstats HTTP/1.1" 200 34014 "-" "Mozilla/5.0 AppleWebKit/537.36 (KHTML, like Gecko; compatible; ClaudeBot/1.0; +claudebot@anthropic.com)"
216.73.216.223 - - [28/Feb/2026:07:06:25 -0500] "GET /?fileloc=%2Fhome%2Fclavospa%2Ftmp%2Fawstats%2Fawstats022026.carlospaellas.us.clavo.space.txt&path=%2Fhome%2Fclavospa%2Ftmp%2Fawstats HTTP/1.1" 200 16357 "-" "Mozilla/5.0 AppleWebKit/537.36 (KHTML, like Gecko; compatible; ClaudeBot/1.0; +claudebot@anthropic.com)"
216.73.216.223 - - [28/Feb/2026:07:06:25 -0500] "GET /?fileloc=%2Fhome%2Fclavospa%2Ftmp%2Fawstats%2Fawstats012026.new.davidlachapelleamor.com.txt&path=%2Fhome%2Fclavospa%2Ftmp%2Fawstats HTTP/1.1" 200 12147 "-" "Mozilla/5.0 AppleWebKit/537.36 (KHTML, like Gecko; compatible; ClaudeBot/1.0; +claudebot@anthropic.com)"
66.249.79.193 - - [28/Feb/2026:07:06:26 -0500] "GET /?commodity/8560875247 HTTP/1.1" 200 24898 "-" "Mozilla/5.0 (Linux; Android 6.0.1; Nexus 5X Build/MMB29P) AppleWebKit/537.36 (KHTML, like Gecko) Chrome/144.0.7559.132 Mobile Safari/537.36 (compatible; GoogleOther)"
216.73.216.223 - - [28/Feb/2026:07:06:25 -0500] "GET /?fileloc=%2Fhome%2Fclavospa%2Ftmp%2Fawstats%2Fawstats062025.new.davidlachapelleamor.com.txt&path=%2Fhome%2Fclavospa%2Ftmp%2Fawstats HTTP/1.1" 200 17006 "-" "Mozilla/5.0 AppleWebKit/537.36 (KHTML, like Gecko; compatible; ClaudeBot/1.0; +claudebot@anthropic.com)"
216.73.216.223 - - [28/Feb/2026:07:06:26 -0500] "GET /?fileloc=%2Fhome%2Fclavospa%2Fpublic_html%2Fdavidlachapellela.com%2Fwp-content%2Fuploads%2F2022%2F07%2Fdlcaga1-768x393.jpg&path=%2Fhome%2Fclavospa%2Fpublic_html%2Fdavidlachapellela.com%2Fwp-content%2Fuploads%2F2022%2F07 HTTP/1.1" 200 2545 "-" "Mozilla/5.0 AppleWebKit/537.36 (KHTML, like Gecko; compatible; ClaudeBot/1.0; +claudebot@anthropic.com)"
216.73.216.223 - - [28/Feb/2026:07:06:26 -0500] "GET /?fileloc=%2Fhome%2Fclavospa%2Fpublic_html%2Fdavidlachapellela.com%2Fwp-content%2Fuploads%2F2022%2F07%2Fkids01-300x300.jpg.webp&path=%2Fhome%2Fclavospa%2Fpublic_html%2Fdavidlachapellela.com%2Fwp-content%2Fuploads%2F2022%2F07 HTTP/1.1" 200 2546 "-" "Mozilla/5.0 AppleWebKit/537.36 (KHTML, like Gecko; compatible; ClaudeBot/1.0; +claudebot@anthropic.com)"
216.73.216.223 - - [28/Feb/2026:07:06:26 -0500] "GET /?fileloc=%2Fhome%2Fclavospa%2Ftmp%2Fawstats%2Fawstats072024.new.davidlachapelleamor.com.txt&path=%2Fhome%2Fclavospa%2Ftmp%2Fawstats HTTP/1.1" 200 6165 "-" "Mozilla/5.0 AppleWebKit/537.36 (KHTML, like Gecko; compatible; ClaudeBot/1.0; +claudebot@anthropic.com)"
216.73.216.223 - - [28/Feb/2026:07:06:27 -0500] "GET /?fileloc=%2Fhome%2Fclavospa%2Ftmp%2Fawstats%2Fawstats022024.carlospaellas.us.clavo.space.txt&path=%2Fhome%2Fclavospa%2Ftmp%2Fawstats HTTP/1.1" 200 46949 "-" "Mozilla/5.0 AppleWebKit/537.36 (KHTML, like Gecko; compatible; ClaudeBot/1.0; +claudebot@anthropic.com)"
216.73.216.223 - - [28/Feb/2026:07:06:27 -0500] "GET /?fileloc=%2Fhome%2Fclavospa%2Ftmp%2Fawstats%2Fawstats112023.latitud212.com.clavo.space.txt&path=%2Fhome%2Fclavospa%2Ftmp%2Fawstats HTTP/1.1" 200 63897 "-" "Mozilla/5.0 AppleWebKit/537.36 (KHTML, like Gecko; compatible; ClaudeBot/1.0; +claudebot@anthropic.com)"
216.73.216.223 - - [28/Feb/2026:07:06:27 -0500] "GET /?fileloc=%2Fhome%2Fclavospa%2Fpublic_html%2Fdavidlachapellela.com%2Fwp-content%2Fuploads%2F2022%2F07%2Fdlcaga1-1024x525.jpg&path=%2Fhome%2Fclavospa%2Fpublic_html%2Fdavidlachapellela.com%2Fwp-content%2Fuploads%2F2022%2F07 HTTP/1.1" 200 2546 "-" "Mozilla/5.0 AppleWebKit/537.36 (KHTML, like Gecko; compatible; ClaudeBot/1.0; +claudebot@anthropic.com)"
216.73.216.223 - - [28/Feb/2026:07:06:28 -0500] "GET /?fileloc=%2Fhome%2Fclavospa%2Ftmp%2Fawstats%2Fawstats082024.new.davidlachapelleamor.com.txt&path=%2Fhome%2Fclavospa%2Ftmp%2Fawstats HTTP/1.1" 200 7012 "-" "Mozilla/5.0 AppleWebKit/537.36 (KHTML, like Gecko; compatible; ClaudeBot/1.0; +claudebot@anthropic.com)"
216.73.216.223 - - [28/Feb/2026:07:06:28 -0500] "GET /?fileloc=%2Fhome%2Fclavospa%2Ftmp%2Fawstats%2Fawstats062024.new.davidlachapelleamor.com.txt&path=%2Fhome%2Fclavospa%2Ftmp%2Fawstats HTTP/1.1" 200 7580 "-" "Mozilla/5.0 AppleWebKit/537.36 (KHTML, like Gecko; compatible; ClaudeBot/1.0; +claudebot@anthropic.com)"
216.73.216.223 - - [28/Feb/2026:07:06:28 -0500] "GET /?fileloc=%2Fhome%2Fclavospa%2Ftmp%2Fawstats%2Fawstats042025.new.davidlachapelleamor.com.txt&path=%2Fhome%2Fclavospa%2Ftmp%2Fawstats HTTP/1.1" 200 9133 "-" "Mozilla/5.0 AppleWebKit/537.36 (KHTML, like Gecko; compatible; ClaudeBot/1.0; +claudebot@anthropic.com)"
66.249.79.193 - - [28/Feb/2026:07:06:29 -0500] "GET /commodity/85611125696 HTTP/1.1" 200 24489 "-" "Mozilla/5.0 (Linux; Android 6.0.1; Nexus 5X Build/MMB29P) AppleWebKit/537.36 (KHTML, like Gecko) Chrome/144.0.7559.132 Mobile Safari/537.36 (compatible; GoogleOther)"
216.73.216.223 - - [28/Feb/2026:07:06:28 -0500] "GET /?fileloc=%2Fhome%2Fclavospa%2Fpublic_html%2Fdavidlachapellela.com%2Fwp-admin%2Fimages%2Fimgedit-icons.png&path=%2Fhome%2Fclavospa%2Fpublic_html%2Fdavidlachapellela.com%2Fwp-admin%2Fimages HTTP/1.1" 200 2518 "-" "Mozilla/5.0 AppleWebKit/537.36 (KHTML, like Gecko; compatible; ClaudeBot/1.0; +claudebot@anthropic.com)"
216.73.216.223 - - [28/Feb/2026:07:06:28 -0500] "GET /?fileloc=%2Fhome%2Fclavospa%2Ftmp%2Fawstats%2Fawstats092025.new.davidlachapelleamor.com.txt&path=%2Fhome%2Fclavospa%2Ftmp%2Fawstats HTTP/1.1" 200 8368 "-" "Mozilla/5.0 AppleWebKit/537.36 (KHTML, like Gecko; compatible; ClaudeBot/1.0; +claudebot@anthropic.com)"
216.73.216.223 - - [28/Feb/2026:07:06:28 -0500] "GET /?fileloc=%2Fhome%2Fclavospa%2Fpublic_html%2Fdavidlachapellela.com%2Fwp-content%2Fuploads%2F2022%2F07%2Fdlcacsi1-300x154.jpg&path=%2Fhome%2Fclavospa%2Fpublic_html%2Fdavidlachapellela.com%2Fwp-content%2Fuploads%2F2022%2F07 HTTP/1.1" 200 2545 "-" "Mozilla/5.0 AppleWebKit/537.36 (KHTML, like Gecko; compatible; ClaudeBot/1.0; +claudebot@anthropic.com)"
216.73.216.61 - - [28/Feb/2026:07:06:29 -0500] "GET /product/mi-cima-ii?fileloc=%2Fhome%2Fclavospa%2Fwww%2Fwp-content%2Fuploads%2F2019%2F03%2FGS4-540x272.jpg&path=%2Fhome%2Fclavospa%2Fwww%2Fwp-content%2Fuploads%2F2019%2F03 HTTP/1.1" 200 2510 "-" "Mozilla/5.0 AppleWebKit/537.36 (KHTML, like Gecko; compatible; ClaudeBot/1.0; +claudebot@anthropic.com)"
216.73.216.223 - - [28/Feb/2026:07:06:29 -0500] "GET /?fileloc=%2Fhome%2Fclavospa%2Ftmp%2Fawstats%2Fawstats112025.latitud212.com.clavo.space.txt&path=%2Fhome%2Fclavospa%2Ftmp%2Fawstats HTTP/1.1" 200 75574 "-" "Mozilla/5.0 AppleWebKit/537.36 (KHTML, like Gecko; compatible; ClaudeBot/1.0; +claudebot@anthropic.com)"
216.73.216.223 - - [28/Feb/2026:07:06:29 -0500] "GET /?fileloc=%2Fhome%2Fclavospa%2Fpublic_html%2Fdavidlachapellela.com%2Fwp-content%2Fuploads%2F2022%2F07%2Fdlczoom1-300x154.jpg&path=%2Fhome%2Fclavospa%2Fpublic_html%2Fdavidlachapellela.com%2Fwp-content%2Fuploads%2F2022%2F07 HTTP/1.1" 200 2547 "-" "Mozilla/5.0 AppleWebKit/537.36 (KHTML, like Gecko; compatible; ClaudeBot/1.0; +claudebot@anthropic.com)"
216.73.216.223 - - [28/Feb/2026:07:06:30 -0500] "GET /?fileloc=%2Fhome%2Fclavospa%2Fpublic_html%2Fdavidlachapellela.com%2Fwp-content%2Fuploads%2F2022%2F07%2Fdonor01-300x300.jpg&path=%2Fhome%2Fclavospa%2Fpublic_html%2Fdavidlachapellela.com%2Fwp-content%2Fuploads%2F2022%2F07 HTTP/1.1" 200 2544 "-" "Mozilla/5.0 AppleWebKit/537.36 (KHTML, like Gecko; compatible; ClaudeBot/1.0; +claudebot@anthropic.com)"
216.73.216.223 - - [28/Feb/2026:07:06:30 -0500] "GET /?fileloc=%2Fhome%2Fclavospa%2Ftmp%2Fawstats%2Fawstats042024.new.davidlachapelleamor.com.txt&path=%2Fhome%2Fclavospa%2Ftmp%2Fawstats HTTP/1.1" 200 9563 "-" "Mozilla/5.0 AppleWebKit/537.36 (KHTML, like Gecko; compatible; ClaudeBot/1.0; +claudebot@anthropic.com)"
216.73.216.223 - - [28/Feb/2026:07:06:30 -0500] "GET /?fileloc=%2Fhome%2Fclavospa%2Fpublic_html%2Fdavidlachapellela.com%2Fwp-content%2Fuploads%2F2022%2F08%2Fdlc-acsi-198x300.png&path=%2Fhome%2Fclavospa%2Fpublic_html%2Fdavidlachapellela.com%2Fwp-content%2Fuploads%2F2022%2F08 HTTP/1.1" 200 2544 "-" "Mozilla/5.0 AppleWebKit/537.36 (KHTML, like Gecko; compatible; ClaudeBot/1.0; +claudebot@anthropic.com)"
216.73.216.223 - - [28/Feb/2026:07:06:30 -0500] "GET /?fileloc=%2Fhome%2Fclavospa%2Ftmp%2Fawstats%2Fawstats122025.davidlachapellela.com.clavo.space.txt&path=%2Fhome%2Fclavospa%2Ftmp%2Fawstats HTTP/1.1" 200 136336 "-" "Mozilla/5.0 AppleWebKit/537.36 (KHTML, like Gecko; compatible; ClaudeBot/1.0; +claudebot@anthropic.com)"
216.73.216.223 - - [28/Feb/2026:07:06:31 -0500] "GET /?fileloc=%2Fhome%2Fclavospa%2Fpublic_html%2Fdavidlachapellela.com%2Fwp-content%2Fuploads%2F2022%2F07%2Fxx-215x300.jpg&path=%2Fhome%2Fclavospa%2Fpublic_html%2Fdavidlachapellela.com%2Fwp-content%2Fuploads%2F2022%2F07 HTTP/1.1" 200 2541 "-" "Mozilla/5.0 AppleWebKit/537.36 (KHTML, like Gecko; compatible; ClaudeBot/1.0; +claudebot@anthropic.com)"
66.249.79.67 - - [28/Feb/2026:07:06:31 -0500] "GET /commodity/85621528791 HTTP/1.1" 200 24706 "-" "Mozilla/5.0 (Linux; Android 6.0.1; Nexus 5X Build/MMB29P) AppleWebKit/537.36 (KHTML, like Gecko) Chrome/144.0.7559.132 Mobile Safari/537.36 (compatible; GoogleOther)"
216.73.216.223 - - [28/Feb/2026:07:06:31 -0500] "GET /?fileloc=%2Fhome%2Fclavospa%2Ftmp%2Fawstats%2Fawstats092024.new.davidlachapelleamor.com.txt&path=%2Fhome%2Fclavospa%2Ftmp%2Fawstats HTTP/1.1" 200 5324 "-" "Mozilla/5.0 AppleWebKit/537.36 (KHTML, like Gecko; compatible; ClaudeBot/1.0; +claudebot@anthropic.com)"
216.73.216.223 - - [28/Feb/2026:07:06:31 -0500] "GET /?fileloc=%2Fhome%2Fclavospa%2Fpublic_html%2Fdavidlachapellela.com%2Fwp-content%2Fuploads%2F2022%2F07%2Fhome02-240x300.jpg&path=%2Fhome%2Fclavospa%2Fpublic_html%2Fdavidlachapellela.com%2Fwp-content%2Fuploads%2F2022%2F07 HTTP/1.1" 200 2542 "-" "Mozilla/5.0 AppleWebKit/537.36 (KHTML, like Gecko; compatible; ClaudeBot/1.0; +claudebot@anthropic.com)"
216.73.216.223 - - [28/Feb/2026:07:06:32 -0500] "GET /?fileloc=%2Fhome%2Fclavospa%2Ftmp%2Fawstats%2Fawstats122023.davidlachapellela.com.clavo.space.txt&path=%2Fhome%2Fclavospa%2Ftmp%2Fawstats HTTP/1.1" 200 59540 "-" "Mozilla/5.0 AppleWebKit/537.36 (KHTML, like Gecko; compatible; ClaudeBot/1.0; +claudebot@anthropic.com)"
216.73.216.223 - - [28/Feb/2026:07:06:31 -0500] "GET /?fileloc=%2Fhome%2Fclavospa%2Ftmp%2Fawstats%2Fawstats112024.latitud212.com.clavo.space.txt&path=%2Fhome%2Fclavospa%2Ftmp%2Fawstats HTTP/1.1" 200 73583 "-" "Mozilla/5.0 AppleWebKit/537.36 (KHTML, like Gecko; compatible; ClaudeBot/1.0; +claudebot@anthropic.com)"
216.73.216.223 - - [28/Feb/2026:07:06:32 -0500] "GET /?fileloc=%2Fhome%2Fclavospa%2Fpublic_html%2Fdavidlachapellela.com%2Fwp-content%2Fuploads%2F2022%2F07%2Fdonor03-1-150x150.jpg&path=%2Fhome%2Fclavospa%2Fpublic_html%2Fdavidlachapellela.com%2Fwp-content%2Fuploads%2F2022%2F07 HTTP/1.1" 200 2545 "-" "Mozilla/5.0 AppleWebKit/537.36 (KHTML, like Gecko; compatible; ClaudeBot/1.0; +claudebot@anthropic.com)"
216.73.216.223 - - [28/Feb/2026:07:06:32 -0500] "GET /?fileloc=%2Fhome%2Fclavospa%2Ftmp%2Fawstats%2Fawstats122022.davidlachapellela.com.clavo.space.txt&path=%2Fhome%2Fclavospa%2Ftmp%2Fawstats HTTP/1.1" 200 55475 "-" "Mozilla/5.0 AppleWebKit/537.36 (KHTML, like Gecko; compatible; ClaudeBot/1.0; +claudebot@anthropic.com)"
216.73.216.223 - - [28/Feb/2026:07:06:33 -0500] "GET /?fileloc=%2Fhome%2Fclavospa%2Fpublic_html%2Fdavidlachapellela.com%2Fwp-content%2Fuploads%2F2022%2F08%2Fdlc-acsi-768x1166.png&path=%2Fhome%2Fclavospa%2Fpublic_html%2Fdavidlachapellela.com%2Fwp-content%2Fuploads%2F2022%2F08 HTTP/1.1" 200 2545 "-" "Mozilla/5.0 AppleWebKit/537.36 (KHTML, like Gecko; compatible; ClaudeBot/1.0; +claudebot@anthropic.com)"
216.73.216.223 - - [28/Feb/2026:07:06:33 -0500] "GET /?fileloc=%2Fhome%2Fclavospa%2Ftmp%2Fawstats%2Fawstats102025.davidlachapellela.com.clavo.space.txt&path=%2Fhome%2Fclavospa%2Ftmp%2Fawstats HTTP/1.1" 200 95907 "-" "Mozilla/5.0 AppleWebKit/537.36 (KHTML, like Gecko; compatible; ClaudeBot/1.0; +claudebot@anthropic.com)"
216.73.216.223 - - [28/Feb/2026:07:06:33 -0500] "GET /?fileloc=%2Fhome%2Fclavospa%2Ftmp%2Fawstats%2Fawstats052025.davidlachapellela.com.clavo.space.txt&path=%2Fhome%2Fclavospa%2Ftmp%2Fawstats HTTP/1.1" 200 95549 "-" "Mozilla/5.0 AppleWebKit/537.36 (KHTML, like Gecko; compatible; ClaudeBot/1.0; +claudebot@anthropic.com)"
66.249.79.193 - - [28/Feb/2026:07:06:34 -0500] "GET /?commodity/85642767845 HTTP/1.1" 200 24902 "-" "Mozilla/5.0 (Linux; Android 6.0.1; Nexus 5X Build/MMB29P) AppleWebKit/537.36 (KHTML, like Gecko) Chrome/144.0.7559.132 Mobile Safari/537.36 (compatible; GoogleOther)"
216.73.216.223 - - [28/Feb/2026:07:06:33 -0500] "GET /?fileloc=%2Fhome%2Fclavospa%2Ftmp%2Fawstats%2Fawstats122024.davidlachapellela.com.clavo.space.txt&path=%2Fhome%2Fclavospa%2Ftmp%2Fawstats HTTP/1.1" 200 74602 "-" "Mozilla/5.0 AppleWebKit/537.36 (KHTML, like Gecko; compatible; ClaudeBot/1.0; +claudebot@anthropic.com)"
216.73.216.223 - - [28/Feb/2026:07:06:34 -0500] "GET /?fileloc=%2Fhome%2Fclavospa%2Ftmp%2Fawstats%2Fawstats102023.davidlachapellela.com.clavo.space.txt&path=%2Fhome%2Fclavospa%2Ftmp%2Fawstats HTTP/1.1" 200 57871 "-" "Mozilla/5.0 AppleWebKit/537.36 (KHTML, like Gecko; compatible; ClaudeBot/1.0; +claudebot@anthropic.com)"
216.73.216.61 - - [28/Feb/2026:07:06:34 -0500] "GET /product/mi-cima-ii?fileloc=%2Fhome%2Fclavospa%2Fwww%2Fwp-content%2Fuploads%2F2019%2F03%2Fmatt-post-940x400.jpg&path=%2Fhome%2Fclavospa%2Fwww%2Fwp-content%2Fuploads%2F2019%2F03 HTTP/1.1" 200 2512 "-" "Mozilla/5.0 AppleWebKit/537.36 (KHTML, like Gecko; compatible; ClaudeBot/1.0; +claudebot@anthropic.com)"
216.73.216.223 - - [28/Feb/2026:07:06:34 -0500] "GET /?fileloc=%2Fhome%2Fclavospa%2Fpublic_html%2Fdavidlachapellela.com%2Fwp-content%2Fuploads%2F2022%2F07%2Fdlcacsi1-768x393.jpg&path=%2Fhome%2Fclavospa%2Fpublic_html%2Fdavidlachapellela.com%2Fwp-content%2Fuploads%2F2022%2F07 HTTP/1.1" 200 2546 "-" "Mozilla/5.0 AppleWebKit/537.36 (KHTML, like Gecko; compatible; ClaudeBot/1.0; +claudebot@anthropic.com)"
216.73.216.223 - - [28/Feb/2026:07:06:35 -0500] "GET /?fileloc=%2Fhome%2Fclavospa%2Fpublic_html%2Fdavidlachapellela.com%2Fwp-content%2Fuploads%2F2022%2F07%2Fdlcaga1-150x150.jpg&path=%2Fhome%2Fclavospa%2Fpublic_html%2Fdavidlachapellela.com%2Fwp-content%2Fuploads%2F2022%2F07 HTTP/1.1" 200 2543 "-" "Mozilla/5.0 AppleWebKit/537.36 (KHTML, like Gecko; compatible; ClaudeBot/1.0; +claudebot@anthropic.com)"
216.73.216.223 - - [28/Feb/2026:07:06:35 -0500] "GET /?fileloc=%2Fhome%2Fclavospa%2Fpublic_html%2Fdavidlachapellela.com%2Fwp-content%2Fuploads%2F2022%2F07%2Fdlczoom1-768x393.jpg&path=%2Fhome%2Fclavospa%2Fpublic_html%2Fdavidlachapellela.com%2Fwp-content%2Fuploads%2F2022%2F07 HTTP/1.1" 200 2547 "-" "Mozilla/5.0 AppleWebKit/537.36 (KHTML, like Gecko; compatible; ClaudeBot/1.0; +claudebot@anthropic.com)"
216.73.216.223 - - [28/Feb/2026:07:06:35 -0500] "GET /?fileloc=%2Fhome%2Fclavospa%2Ftmp%2Fawstats%2Fawstats102022.davidlachapellela.com.clavo.space.txt&path=%2Fhome%2Fclavospa%2Ftmp%2Fawstats HTTP/1.1" 200 51840 "-" "Mozilla/5.0 AppleWebKit/537.36 (KHTML, like Gecko; compatible; ClaudeBot/1.0; +claudebot@anthropic.com)"
216.73.216.223 - - [28/Feb/2026:07:06:35 -0500] "GET /?fileloc=%2Fhome%2Fclavospa%2Ftmp%2Fawstats%2Fawstats052023.davidlachapellela.com.clavo.space.txt&path=%2Fhome%2Fclavospa%2Ftmp%2Fawstats HTTP/1.1" 200 62225 "-" "Mozilla/5.0 AppleWebKit/537.36 (KHTML, like Gecko; compatible; ClaudeBot/1.0; +claudebot@anthropic.com)"
216.73.216.223 - - [28/Feb/2026:07:06:36 -0500] "GET /?fileloc=%2Fhome%2Fclavospa%2Fpublic_html%2Fdavidlachapellela.com%2Fwp-content%2Fuploads%2F2022%2F07%2Fdlcacsi1-1024x525.jpg&path=%2Fhome%2Fclavospa%2Fpublic_html%2Fdavidlachapellela.com%2Fwp-content%2Fuploads%2F2022%2F07 HTTP/1.1" 200 2546 "-" "Mozilla/5.0 AppleWebKit/537.36 (KHTML, like Gecko; compatible; ClaudeBot/1.0; +claudebot@anthropic.com)"
216.73.216.223 - - [28/Feb/2026:07:06:36 -0500] "GET /?fileloc=%2Fhome%2Fclavospa%2Fpublic_html%2Fdavidlachapellela.com%2Fwp-content%2Fuploads%2F2022%2F07%2Fbanner-300x225.jpg&path=%2Fhome%2Fclavospa%2Fpublic_html%2Fdavidlachapellela.com%2Fwp-content%2Fuploads%2F2022%2F07 HTTP/1.1" 200 2544 "-" "Mozilla/5.0 AppleWebKit/537.36 (KHTML, like Gecko; compatible; ClaudeBot/1.0; +claudebot@anthropic.com)"
216.73.216.223 - - [28/Feb/2026:07:06:36 -0500] "GET /?fileloc=%2Fhome%2Fclavospa%2Fpublic_html%2Fdavidlachapellela.com%2Fwp-content%2Fuploads%2F2022%2F07%2Fdlczoom1-1024x525.jpg&path=%2Fhome%2Fclavospa%2Fpublic_html%2Fdavidlachapellela.com%2Fwp-content%2Fuploads%2F2022%2F07 HTTP/1.1" 200 2548 "-" "Mozilla/5.0 AppleWebKit/537.36 (KHTML, like Gecko; compatible; ClaudeBot/1.0; +claudebot@anthropic.com)"
216.73.216.223 - - [28/Feb/2026:07:06:36 -0500] "GET /?fileloc=%2Fhome%2Fclavospa%2Ftmp%2Fawstats%2Fawstats102024.davidlachapellela.com.clavo.space.txt&path=%2Fhome%2Fclavospa%2Ftmp%2Fawstats HTTP/1.1" 200 79814 "-" "Mozilla/5.0 AppleWebKit/537.36 (KHTML, like Gecko; compatible; ClaudeBot/1.0; +claudebot@anthropic.com)"
216.73.216.223 - - [28/Feb/2026:07:06:37 -0500] "GET /?fileloc=%2Fhome%2Fclavospa%2Ftmp%2Fawstats%2Fawstats052024.davidlachapellela.com.clavo.space.txt&path=%2Fhome%2Fclavospa%2Ftmp%2Fawstats HTTP/1.1" 200 103106 "-" "Mozilla/5.0 AppleWebKit/537.36 (KHTML, like Gecko; compatible; ClaudeBot/1.0; +claudebot@anthropic.com)"
185.191.171.10 - - [28/Feb/2026:07:06:36 -0500] "GET /events/tag/art/list/?eventDisplay=past&tribe-bar-date=2026-11-22 HTTP/1.1" 200 4307 "-" "Mozilla/5.0 (compatible; SemrushBot/7~bl; +http://www.semrush.com/bot.html)"
66.249.79.193 - - [28/Feb/2026:07:06:37 -0500] "GET /commodity/85611182066 HTTP/1.1" 200 25758 "-" "Mozilla/5.0 (Linux; Android 6.0.1; Nexus 5X Build/MMB29P) AppleWebKit/537.36 (KHTML, like Gecko) Chrome/144.0.7559.132 Mobile Safari/537.36 (compatible; GoogleOther)"
216.73.216.223 - - [28/Feb/2026:07:06:37 -0500] "GET /?fileloc=%2Fhome%2Fclavospa%2Fpublic_html%2Fdavidlachapellela.com%2Fwp-content%2Fuploads%2F2022%2F07%2Ftestimonial-300x214.jpg&path=%2Fhome%2Fclavospa%2Fpublic_html%2Fdavidlachapellela.com%2Fwp-content%2Fuploads%2F2022%2F07 HTTP/1.1" 200 2548 "-" "Mozilla/5.0 AppleWebKit/537.36 (KHTML, like Gecko; compatible; ClaudeBot/1.0; +claudebot@anthropic.com)"
216.73.216.223 - - [28/Feb/2026:07:06:37 -0500] "GET /?fileloc=%2Fhome%2Fclavospa%2Ftmp%2Fawstats%2Fawstats112022.ingridbarajas.com.clavo.space.txt&path=%2Fhome%2Fclavospa%2Ftmp%2Fawstats HTTP/1.1" 200 48517 "-" "Mozilla/5.0 AppleWebKit/537.36 (KHTML, like Gecko; compatible; ClaudeBot/1.0; +claudebot@anthropic.com)"
216.73.216.223 - - [28/Feb/2026:07:06:38 -0500] "GET /?fileloc=%2Fhome%2Fclavospa%2Ftmp%2Fawstats%2Fawstats032025.davidlachapellela.com.clavo.space.txt&path=%2Fhome%2Fclavospa%2Ftmp%2Fawstats HTTP/1.1" 200 88792 "-" "Mozilla/5.0 AppleWebKit/537.36 (KHTML, like Gecko; compatible; ClaudeBot/1.0; +claudebot@anthropic.com)"
216.73.216.223 - - [28/Feb/2026:07:06:38 -0500] "GET /?fileloc=%2Fhome%2Fclavospa%2Fpublic_html%2Fdavidlachapellela.com%2Fwp-content%2Fuploads%2F2022%2F08%2Fusina-300x200.jpg&path=%2Fhome%2Fclavospa%2Fpublic_html%2Fdavidlachapellela.com%2Fwp-content%2Fuploads%2F2022%2F08 HTTP/1.1" 200 2543 "-" "Mozilla/5.0 AppleWebKit/537.36 (KHTML, like Gecko; compatible; ClaudeBot/1.0; +claudebot@anthropic.com)"
216.73.216.223 - - [28/Feb/2026:07:06:38 -0500] "GET /?fileloc=%2Fhome%2Fclavospa%2Fpublic_html%2Fdavidlachapellela.com%2Fwp-admin%2Fimages%2Ficons32-2x.png&path=%2Fhome%2Fclavospa%2Fpublic_html%2Fdavidlachapellela.com%2Fwp-admin%2Fimages HTTP/1.1" 200 2518 "-" "Mozilla/5.0 AppleWebKit/537.36 (KHTML, like Gecko; compatible; ClaudeBot/1.0; +claudebot@anthropic.com)"
216.73.216.223 - - [28/Feb/2026:07:06:38 -0500] "GET /?fileloc=%2Fhome%2Fclavospa%2Fpublic_html%2Fdavidlachapellela.com%2Fwp-content%2Fuploads%2F2022%2F08%2Fdlc-acsi-1348x2048.png&path=%2Fhome%2Fclavospa%2Fpublic_html%2Fdavidlachapellela.com%2Fwp-content%2Fuploads%2F2022%2F08 HTTP/1.1" 200 2546 "-" "Mozilla/5.0 AppleWebKit/537.36 (KHTML, like Gecko; compatible; ClaudeBot/1.0; +claudebot@anthropic.com)"
216.73.216.61 - - [28/Feb/2026:07:06:39 -0500] "GET /product/mi-cima-ii?fileloc=%2Fhome%2Fclavospa%2Fwww%2Fwp-content%2Fuploads%2F2019%2F03%2FGS7-177x142.jpg&path=%2Fhome%2Fclavospa%2Fwww%2Fwp-content%2Fuploads%2F2019%2F03 HTTP/1.1" 200 2510 "-" "Mozilla/5.0 AppleWebKit/537.36 (KHTML, like Gecko; compatible; ClaudeBot/1.0; +claudebot@anthropic.com)"
216.73.216.223 - - [28/Feb/2026:07:06:39 -0500] "GET /?fileloc=%2Fhome%2Fclavospa%2Ftmp%2Fawstats%2Fawstats012025.davidlachapellela.com.clavo.space.txt&path=%2Fhome%2Fclavospa%2Ftmp%2Fawstats HTTP/1.1" 200 60894 "-" "Mozilla/5.0 AppleWebKit/537.36 (KHTML, like Gecko; compatible; ClaudeBot/1.0; +claudebot@anthropic.com)"
216.73.216.223 - - [28/Feb/2026:07:06:39 -0500] "GET /?fileloc=%2Fhome%2Fclavospa%2Ftmp%2Fawstats%2Fawstats072025.davidlachapellela.com.clavo.space.txt&path=%2Fhome%2Fclavospa%2Ftmp%2Fawstats HTTP/1.1" 200 95361 "-" "Mozilla/5.0 AppleWebKit/537.36 (KHTML, like Gecko; compatible; ClaudeBot/1.0; +claudebot@anthropic.com)"
216.73.216.223 - - [28/Feb/2026:07:06:40 -0500] "GET /?fileloc=%2Fhome%2Fclavospa%2Fpublic_html%2Fdavidlachapellela.com%2Fwp-content%2Fuploads%2F2022%2F07%2Flogo212-300x203.png&path=%2Fhome%2Fclavospa%2Fpublic_html%2Fdavidlachapellela.com%2Fwp-content%2Fuploads%2F2022%2F07 HTTP/1.1" 200 2545 "-" "Mozilla/5.0 AppleWebKit/537.36 (KHTML, like Gecko; compatible; ClaudeBot/1.0; +claudebot@anthropic.com)"
216.73.216.223 - - [28/Feb/2026:07:06:40 -0500] "GET /?fileloc=%2Fhome%2Fclavospa%2Ftmp%2Fawstats%2Fawstats032023.davidlachapellela.com.clavo.space.txt&path=%2Fhome%2Fclavospa%2Ftmp%2Fawstats HTTP/1.1" 200 46139 "-" "Mozilla/5.0 AppleWebKit/537.36 (KHTML, like Gecko; compatible; ClaudeBot/1.0; +claudebot@anthropic.com)"
66.249.79.67 - - [28/Feb/2026:07:06:40 -0500] "GET /?c=prod-72244017 HTTP/1.1" 200 24000 "-" "Mozilla/5.0 (Linux; Android 6.0.1; Nexus 5X Build/MMB29P) AppleWebKit/537.36 (KHTML, like Gecko) Chrome/144.0.7559.132 Mobile Safari/537.36 (compatible; GoogleOther)"
216.73.216.223 - - [28/Feb/2026:07:06:40 -0500] "GET /?fileloc=%2Fhome%2Fclavospa%2Ftmp%2Fawstats%2Fawstats082025.davidlachapellela.com.clavo.space.txt&path=%2Fhome%2Fclavospa%2Ftmp%2Fawstats HTTP/1.1" 200 97274 "-" "Mozilla/5.0 AppleWebKit/537.36 (KHTML, like Gecko; compatible; ClaudeBot/1.0; +claudebot@anthropic.com)"
216.73.216.223 - - [28/Feb/2026:07:06:40 -0500] "GET /?fileloc=%2Fhome%2Fclavospa%2Ftmp%2Fawstats%2Fawstats122025.latitud212.com.clavo.space.txt&path=%2Fhome%2Fclavospa%2Ftmp%2Fawstats HTTP/1.1" 200 111137 "-" "Mozilla/5.0 AppleWebKit/537.36 (KHTML, like Gecko; compatible; ClaudeBot/1.0; +claudebot@anthropic.com)"
216.73.216.223 - - [28/Feb/2026:07:06:41 -0500] "GET /?fileloc=%2Fhome%2Fclavospa%2Fpublic_html%2Fdavidlachapellela.com%2Fwp-content%2Fuploads%2F2022%2F08%2FXX-2048x713.png&path=%2Fhome%2Fclavospa%2Fpublic_html%2Fdavidlachapellela.com%2Fwp-content%2Fuploads%2F2022%2F08 HTTP/1.1" 200 2541 "-" "Mozilla/5.0 AppleWebKit/537.36 (KHTML, like Gecko; compatible; ClaudeBot/1.0; +claudebot@anthropic.com)"
216.73.216.223 - - [28/Feb/2026:07:06:41 -0500] "GET /?fileloc=%2Fhome%2Fclavospa%2Ftmp%2Fawstats%2Fawstats012023.davidlachapellela.com.clavo.space.txt&path=%2Fhome%2Fclavospa%2Ftmp%2Fawstats HTTP/1.1" 200 57543 "-" "Mozilla/5.0 AppleWebKit/537.36 (KHTML, like Gecko; compatible; ClaudeBot/1.0; +claudebot@anthropic.com)"
216.73.216.223 - - [28/Feb/2026:07:06:41 -0500] "GET /?fileloc=%2Fhome%2Fclavospa%2Ftmp%2Fawstats%2Fawstats072023.davidlachapellela.com.clavo.space.txt&path=%2Fhome%2Fclavospa%2Ftmp%2Fawstats HTTP/1.1" 200 77711 "-" "Mozilla/5.0 AppleWebKit/537.36 (KHTML, like Gecko; compatible; ClaudeBot/1.0; +claudebot@anthropic.com)"
216.73.216.223 - - [28/Feb/2026:07:06:41 -0500] "GET /?fileloc=%2Fhome%2Fclavospa%2Fpublic_html%2Fdavidlachapellela.com%2Fwp-content%2Fuploads%2F2022%2F08%2Fdlc-acsi-674x1024.png&path=%2Fhome%2Fclavospa%2Fpublic_html%2Fdavidlachapellela.com%2Fwp-content%2Fuploads%2F2022%2F08 HTTP/1.1" 200 2545 "-" "Mozilla/5.0 AppleWebKit/537.36 (KHTML, like Gecko; compatible; ClaudeBot/1.0; +claudebot@anthropic.com)"
216.73.216.223 - - [28/Feb/2026:07:06:42 -0500] "GET /?fileloc=%2Fhome%2Fclavospa%2Fpublic_html%2Fdavidlachapellela.com%2Fwp-admin%2Fimages%2Ficons32-vs-2x.png&path=%2Fhome%2Fclavospa%2Fpublic_html%2Fdavidlachapellela.com%2Fwp-admin%2Fimages HTTP/1.1" 200 2521 "-" "Mozilla/5.0 AppleWebKit/537.36 (KHTML, like Gecko; compatible; ClaudeBot/1.0; +claudebot@anthropic.com)"
66.249.79.67 - - [28/Feb/2026:07:06:43 -0500] "GET /commodity/8560899910 HTTP/1.1" 200 25942 "-" "Mozilla/5.0 (Linux; Android 6.0.1; Nexus 5X Build/MMB29P) AppleWebKit/537.36 (KHTML, like Gecko) Chrome/144.0.7559.132 Mobile Safari/537.36 (compatible; GoogleOther)"
216.73.216.223 - - [28/Feb/2026:07:06:43 -0500] "GET /?fileloc=%2Fhome%2Fclavospa%2Ftmp%2Fawstats%2Fawstats072022.davidlachapellela.com.clavo.space.txt&path=%2Fhome%2Fclavospa%2Ftmp%2Fawstats HTTP/1.1" 200 11111 "-" "Mozilla/5.0 AppleWebKit/537.36 (KHTML, like Gecko; compatible; ClaudeBot/1.0; +claudebot@anthropic.com)"
216.73.216.223 - - [28/Feb/2026:07:06:42 -0500] "GET /?fileloc=%2Fhome%2Fclavospa%2Ftmp%2Fawstats%2Fawstats012026.davidlachapellela.com.clavo.space.txt&path=%2Fhome%2Fclavospa%2Ftmp%2Fawstats HTTP/1.1" 200 97085 "-" "Mozilla/5.0 AppleWebKit/537.36 (KHTML, like Gecko; compatible; ClaudeBot/1.0; +claudebot@anthropic.com)"
216.73.216.61 - - [28/Feb/2026:07:06:44 -0500] "GET /product/mi-cima-ii?fileloc=%2Fhome%2Fclavospa%2Fwww%2Fwp-content%2Fuploads%2F2019%2F03%2Fteslab2-200x260.jpg&path=%2Fhome%2Fclavospa%2Fwww%2Fwp-content%2Fuploads%2F2019%2F03 HTTP/1.1" 200 2511 "-" "Mozilla/5.0 AppleWebKit/537.36 (KHTML, like Gecko; compatible; ClaudeBot/1.0; +claudebot@anthropic.com)"
216.73.216.223 - - [28/Feb/2026:07:06:44 -0500] "GET /?fileloc=%2Fhome%2Fclavospa%2Ftmp%2Fawstats%2Fawstats082023.davidlachapellela.com.clavo.space.txt&path=%2Fhome%2Fclavospa%2Ftmp%2Fawstats HTTP/1.1" 200 85525 "-" "Mozilla/5.0 AppleWebKit/537.36 (KHTML, like Gecko; compatible; ClaudeBot/1.0; +claudebot@anthropic.com)"
216.73.216.223 - - [28/Feb/2026:07:06:44 -0500] "GET /?fileloc=%2Fhome%2Fclavospa%2Ftmp%2Fawstats%2Fawstats122023.latitud212.com.clavo.space.txt&path=%2Fhome%2Fclavospa%2Ftmp%2Fawstats HTTP/1.1" 200 57003 "-" "Mozilla/5.0 AppleWebKit/537.36 (KHTML, like Gecko; compatible; ClaudeBot/1.0; +claudebot@anthropic.com)"
216.73.216.223 - - [28/Feb/2026:07:06:44 -0500] "GET /?fileloc=%2Fhome%2Fclavospa%2Ftmp%2Fawstats%2Fawstats122022.latitud212.com.clavo.space.txt&path=%2Fhome%2Fclavospa%2Ftmp%2Fawstats HTTP/1.1" 200 50455 "-" "Mozilla/5.0 AppleWebKit/537.36 (KHTML, like Gecko; compatible; ClaudeBot/1.0; +claudebot@anthropic.com)"
216.73.216.223 - - [28/Feb/2026:07:06:44 -0500] "GET /?fileloc=%2Fhome%2Fclavospa%2Ftmp%2Fawstats%2Fawstats032024.davidlachapellela.com.clavo.space.txt&path=%2Fhome%2Fclavospa%2Ftmp%2Fawstats HTTP/1.1" 200 78197 "-" "Mozilla/5.0 AppleWebKit/537.36 (KHTML, like Gecko; compatible; ClaudeBot/1.0; +claudebot@anthropic.com)"
216.73.216.223 - - [28/Feb/2026:07:06:45 -0500] "GET /?fileloc=%2Fhome%2Fclavospa%2Ftmp%2Fawstats%2Fawstats062025.davidlachapellela.com.clavo.space.txt&path=%2Fhome%2Fclavospa%2Ftmp%2Fawstats HTTP/1.1" 200 94567 "-" "Mozilla/5.0 AppleWebKit/537.36 (KHTML, like Gecko; compatible; ClaudeBot/1.0; +claudebot@anthropic.com)"
216.73.216.223 - - [28/Feb/2026:07:06:45 -0500] "GET /?fileloc=%2Fhome%2Fclavospa%2Ftmp%2Fawstats%2Fawstats082022.davidlachapellela.com.clavo.space.txt&path=%2Fhome%2Fclavospa%2Ftmp%2Fawstats HTTP/1.1" 200 43222 "-" "Mozilla/5.0 AppleWebKit/537.36 (KHTML, like Gecko; compatible; ClaudeBot/1.0; +claudebot@anthropic.com)"
216.73.216.223 - - [28/Feb/2026:07:06:46 -0500] "GET /?fileloc=%2Fhome%2Fclavospa%2Ftmp%2Fawstats%2Fawstats072024.davidlachapellela.com.clavo.space.txt&path=%2Fhome%2Fclavospa%2Ftmp%2Fawstats HTTP/1.1" 200 81545 "-" "Mozilla/5.0 AppleWebKit/537.36 (KHTML, like Gecko; compatible; ClaudeBot/1.0; +claudebot@anthropic.com)"
66.249.79.193 - - [28/Feb/2026:07:06:47 -0500] "GET /commodity/85611358692 HTTP/1.1" 200 24632 "-" "Mozilla/5.0 (Linux; Android 6.0.1; Nexus 5X Build/MMB29P) AppleWebKit/537.36 (KHTML, like Gecko) Chrome/144.0.7559.132 Mobile Safari/537.36 (compatible; GoogleOther)"
216.73.216.223 - - [28/Feb/2026:07:06:46 -0500] "GET /?fileloc=%2Fhome%2Fclavospa%2Ftmp%2Fawstats%2Fawstats102025.latitud212.com.clavo.space.txt&path=%2Fhome%2Fclavospa%2Ftmp%2Fawstats HTTP/1.1" 200 76699 "-" "Mozilla/5.0 AppleWebKit/537.36 (KHTML, like Gecko; compatible; ClaudeBot/1.0; +claudebot@anthropic.com)"
216.73.216.223 - - [28/Feb/2026:07:06:46 -0500] "GET /?fileloc=%2Fhome%2Fclavospa%2Ftmp%2Fawstats%2Fawstats012024.davidlachapellela.com.clavo.space.txt&path=%2Fhome%2Fclavospa%2Ftmp%2Fawstats HTTP/1.1" 200 66126 "-" "Mozilla/5.0 AppleWebKit/537.36 (KHTML, like Gecko; compatible; ClaudeBot/1.0; +claudebot@anthropic.com)"
216.73.216.223 - - [28/Feb/2026:07:06:46 -0500] "GET /?fileloc=%2Fhome%2Fclavospa%2Fpublic_html%2Fdavidlachapellela.com%2Fwp-content%2Fuploads%2F2022%2F07%2Fdlccab1-1536x787.jpg&path=%2Fhome%2Fclavospa%2Fpublic_html%2Fdavidlachapellela.com%2Fwp-content%2Fuploads%2F2022%2F07 HTTP/1.1" 200 2547 "-" "Mozilla/5.0 AppleWebKit/537.36 (KHTML, like Gecko; compatible; ClaudeBot/1.0; +claudebot@anthropic.com)"
216.73.216.223 - - [28/Feb/2026:07:06:47 -0500] "GET /?fileloc=%2Fhome%2Fclavospa%2Ftmp%2Fawstats%2Fawstats052025.latitud212.com.clavo.space.txt&path=%2Fhome%2Fclavospa%2Ftmp%2Fawstats HTTP/1.1" 200 86837 "-" "Mozilla/5.0 AppleWebKit/537.36 (KHTML, like Gecko; compatible; ClaudeBot/1.0; +claudebot@anthropic.com)"
216.73.216.223 - - [28/Feb/2026:07:06:47 -0500] "GET /?fileloc=%2Fhome%2Fclavospa%2Fpublic_html%2Fdavidlachapellela.com%2Fwp-content%2Fuploads%2F2022%2F07%2Fmusa-215x300.png&path=%2Fhome%2Fclavospa%2Fpublic_html%2Fdavidlachapellela.com%2Fwp-content%2Fuploads%2F2022%2F07 HTTP/1.1" 200 2542 "-" "Mozilla/5.0 AppleWebKit/537.36 (KHTML, like Gecko; compatible; ClaudeBot/1.0; +claudebot@anthropic.com)"
216.73.216.223 - - [28/Feb/2026:07:06:48 -0500] "GET /?fileloc=%2Fhome%2Fclavospa%2Ftmp%2Fawstats%2Fawstats082024.davidlachapellela.com.clavo.space.txt&path=%2Fhome%2Fclavospa%2Ftmp%2Fawstats HTTP/1.1" 200 75962 "-" "Mozilla/5.0 AppleWebKit/537.36 (KHTML, like Gecko; compatible; ClaudeBot/1.0; +claudebot@anthropic.com)"
85.208.96.196 - - [28/Feb/2026:07:06:48 -0500] "GET /events/tag/art/list/?tribe-bar-date=2023-06-13 HTTP/1.1" 200 4307 "-" "Mozilla/5.0 (compatible; SemrushBot/7~bl; +http://www.semrush.com/bot.html)"
216.73.216.223 - - [28/Feb/2026:07:06:48 -0500] "GET /?fileloc=%2Fhome%2Fclavospa%2Ftmp%2Fawstats%2Fawstats042025.davidlachapellela.com.clavo.space.txt&path=%2Fhome%2Fclavospa%2Ftmp%2Fawstats HTTP/1.1" 200 82627 "-" "Mozilla/5.0 AppleWebKit/537.36 (KHTML, like Gecko; compatible; ClaudeBot/1.0; +claudebot@anthropic.com)"
216.73.216.223 - - [28/Feb/2026:07:06:48 -0500] "GET /?fileloc=%2Fhome%2Fclavospa%2Ftmp%2Fawstats%2Fawstats062023.davidlachapellela.com.clavo.space.txt&path=%2Fhome%2Fclavospa%2Ftmp%2Fawstats HTTP/1.1" 200 61901 "-" "Mozilla/5.0 AppleWebKit/537.36 (KHTML, like Gecko; compatible; ClaudeBot/1.0; +claudebot@anthropic.com)"
216.73.216.61 - - [28/Feb/2026:07:06:49 -0500] "GET /product/mi-cima-ii?fileloc=%2Fhome%2Fclavospa%2Fwww%2Fwp-content%2Fuploads%2F2019%2F03%2Fl6-460x295.png&path=%2Fhome%2Fclavospa%2Fwww%2Fwp-content%2Fuploads%2F2019%2F03 HTTP/1.1" 200 2507 "-" "Mozilla/5.0 AppleWebKit/537.36 (KHTML, like Gecko; compatible; ClaudeBot/1.0; +claudebot@anthropic.com)"
216.73.216.223 - - [28/Feb/2026:07:06:49 -0500] "GET /?fileloc=%2Fhome%2Fclavospa%2Ftmp%2Fawstats%2Fawstats122024.latitud212.com.clavo.space.txt&path=%2Fhome%2Fclavospa%2Ftmp%2Fawstats HTTP/1.1" 200 75679 "-" "Mozilla/5.0 AppleWebKit/537.36 (KHTML, like Gecko; compatible; ClaudeBot/1.0; +claudebot@anthropic.com)"
216.73.216.223 - - [28/Feb/2026:07:06:48 -0500] "GET /?fileloc=%2Fhome%2Fclavospa%2Fpublic_html%2Fdavidlachapellela.com%2Fwp-content%2Fuploads%2F2022%2F07%2Fhome01-768x513.jpg&path=%2Fhome%2Fclavospa%2Fpublic_html%2Fdavidlachapellela.com%2Fwp-content%2Fuploads%2F2022%2F07 HTTP/1.1" 200 2543 "-" "Mozilla/5.0 AppleWebKit/537.36 (KHTML, like Gecko; compatible; ClaudeBot/1.0; +claudebot@anthropic.com)"
216.73.216.223 - - [28/Feb/2026:07:06:49 -0500] "GET /?fileloc=%2Fhome%2Fclavospa%2Fpublic_html%2Fdavidlachapellela.com%2Fwp-content%2Fuploads%2F2022%2F07%2Fhome01-300x200.jpg&path=%2Fhome%2Fclavospa%2Fpublic_html%2Fdavidlachapellela.com%2Fwp-content%2Fuploads%2F2022%2F07 HTTP/1.1" 200 2542 "-" "Mozilla/5.0 AppleWebKit/537.36 (KHTML, like Gecko; compatible; ClaudeBot/1.0; +claudebot@anthropic.com)"
66.249.79.193 - - [28/Feb/2026:07:06:50 -0500] "GET /?commodity/85632141513 HTTP/1.1" 200 24406 "-" "Mozilla/5.0 (Linux; Android 6.0.1; Nexus 5X Build/MMB29P) AppleWebKit/537.36 (KHTML, like Gecko) Chrome/144.0.7559.132 Mobile Safari/537.36 (compatible; GoogleOther)"
216.73.216.223 - - [28/Feb/2026:07:06:50 -0500] "GET /?fileloc=%2Fhome%2Fclavospa%2Fpublic_html%2Fdavidlachapellela.com%2Fwp-content%2Fuploads%2F2022%2F07%2Fdlczoom1-150x150.jpg&path=%2Fhome%2Fclavospa%2Fpublic_html%2Fdavidlachapellela.com%2Fwp-content%2Fuploads%2F2022%2F07 HTTP/1.1" 200 2546 "-" "Mozilla/5.0 AppleWebKit/537.36 (KHTML, like Gecko; compatible; ClaudeBot/1.0; +claudebot@anthropic.com)"
216.73.216.223 - - [28/Feb/2026:07:06:49 -0500] "GET /?fileloc=%2Fhome%2Fclavospa%2Ftmp%2Fawstats%2Fawstats102023.latitud212.com.clavo.space.txt&path=%2Fhome%2Fclavospa%2Ftmp%2Fawstats HTTP/1.1" 200 49461 "-" "Mozilla/5.0 AppleWebKit/537.36 (KHTML, like Gecko; compatible; ClaudeBot/1.0; +claudebot@anthropic.com)"
216.73.216.223 - - [28/Feb/2026:07:06:50 -0500] "GET /?fileloc=%2Fhome%2Fclavospa%2Fpublic_html%2Fdavidlachapellela.com%2Fwp-content%2Fuploads%2F2022%2F07%2Fdlcmusa1-scaled.jpg&path=%2Fhome%2Fclavospa%2Fpublic_html%2Fdavidlachapellela.com%2Fwp-content%2Fuploads%2F2022%2F07 HTTP/1.1" 200 2542 "-" "Mozilla/5.0 AppleWebKit/537.36 (KHTML, like Gecko; compatible; ClaudeBot/1.0; +claudebot@anthropic.com)"
216.73.216.223 - - [28/Feb/2026:07:06:51 -0500] "GET /?fileloc=%2Fhome%2Fclavospa%2Fpublic_html%2Fdavidlachapellela.com%2Fwp-content%2Fuploads%2F2022%2F07%2Fdlcacsi1-150x150.jpg&path=%2Fhome%2Fclavospa%2Fpublic_html%2Fdavidlachapellela.com%2Fwp-content%2Fuploads%2F2022%2F07 HTTP/1.1" 200 2544 "-" "Mozilla/5.0 AppleWebKit/537.36 (KHTML, like Gecko; compatible; ClaudeBot/1.0; +claudebot@anthropic.com)"
216.73.216.223 - - [28/Feb/2026:07:06:51 -0500] "GET /?fileloc=%2Fhome%2Fclavospa%2Ftmp%2Fawstats%2Fawstats102022.latitud212.com.clavo.space.txt&path=%2Fhome%2Fclavospa%2Ftmp%2Fawstats HTTP/1.1" 200 50894 "-" "Mozilla/5.0 AppleWebKit/537.36 (KHTML, like Gecko; compatible; ClaudeBot/1.0; +claudebot@anthropic.com)"
216.73.216.223 - - [28/Feb/2026:07:06:51 -0500] "GET /?fileloc=%2Fhome%2Fclavospa%2Fpublic_html%2Fdavidlachapellela.com%2Fwp-content%2Fuploads%2F2022%2F08%2Fdlc-acsi-1011x1536.png&path=%2Fhome%2Fclavospa%2Fpublic_html%2Fdavidlachapellela.com%2Fwp-content%2Fuploads%2F2022%2F08 HTTP/1.1" 200 2546 "-" "Mozilla/5.0 AppleWebKit/537.36 (KHTML, like Gecko; compatible; ClaudeBot/1.0; +claudebot@anthropic.com)"
216.73.216.223 - - [28/Feb/2026:07:06:51 -0500] "GET /?fileloc=%2Fhome%2Fclavospa%2Ftmp%2Fawstats%2Fawstats052023.latitud212.com.clavo.space.txt&path=%2Fhome%2Fclavospa%2Ftmp%2Fawstats HTTP/1.1" 200 58904 "-" "Mozilla/5.0 AppleWebKit/537.36 (KHTML, like Gecko; compatible; ClaudeBot/1.0; +claudebot@anthropic.com)"
216.73.216.223 - - [28/Feb/2026:07:06:51 -0500] "GET /?fileloc=%2Fhome%2Fclavospa%2Ftmp%2Fawstats%2Fawstats042023.davidlachapellela.com.clavo.space.txt&path=%2Fhome%2Fclavospa%2Ftmp%2Fawstats HTTP/1.1" 200 41939 "-" "Mozilla/5.0 AppleWebKit/537.36 (KHTML, like Gecko; compatible; ClaudeBot/1.0; +claudebot@anthropic.com)"
216.73.216.223 - - [28/Feb/2026:07:06:52 -0500] "GET /?fileloc=%2Fhome%2Fclavospa%2Ftmp%2Fawstats%2Fawstats062024.davidlachapellela.com.clavo.space.txt&path=%2Fhome%2Fclavospa%2Ftmp%2Fawstats HTTP/1.1" 200 80975 "-" "Mozilla/5.0 AppleWebKit/537.36 (KHTML, like Gecko; compatible; ClaudeBot/1.0; +claudebot@anthropic.com)"
216.73.216.223 - - [28/Feb/2026:07:06:52 -0500] "GET /?fileloc=%2Fhome%2Fclavospa%2Ftmp%2Fawstats%2Fawstats102024.latitud212.com.clavo.space.txt&path=%2Fhome%2Fclavospa%2Ftmp%2Fawstats HTTP/1.1" 200 68922 "-" "Mozilla/5.0 AppleWebKit/537.36 (KHTML, like Gecko; compatible; ClaudeBot/1.0; +claudebot@anthropic.com)"
216.73.216.223 - - [28/Feb/2026:07:06:52 -0500] "GET /?fileloc=%2Fhome%2Fclavospa%2Fpublic_html%2Fdavidlachapellela.com%2Fwp-content%2Fuploads%2F2022%2F07%2Fevent02-1-300x200.jpg&path=%2Fhome%2Fclavospa%2Fpublic_html%2Fdavidlachapellela.com%2Fwp-content%2Fuploads%2F2022%2F07 HTTP/1.1" 200 2546 "-" "Mozilla/5.0 AppleWebKit/537.36 (KHTML, like Gecko; compatible; ClaudeBot/1.0; +claudebot@anthropic.com)"
66.249.79.67 - - [28/Feb/2026:07:06:53 -0500] "GET /commodity/85631906500 HTTP/1.1" 200 25139 "-" "Mozilla/5.0 (Linux; Android 6.0.1; Nexus 5X Build/MMB29P) AppleWebKit/537.36 (KHTML, like Gecko) Chrome/144.0.7559.132 Mobile Safari/537.36 (compatible; GoogleOther)"
216.73.216.223 - - [28/Feb/2026:07:06:53 -0500] "GET /?fileloc=%2Fhome%2Fclavospa%2Ftmp%2Fawstats%2Fawstats092025.davidlachapellela.com.clavo.space.txt&path=%2Fhome%2Fclavospa%2Ftmp%2Fawstats HTTP/1.1" 200 74999 "-" "Mozilla/5.0 AppleWebKit/537.36 (KHTML, like Gecko; compatible; ClaudeBot/1.0; +claudebot@anthropic.com)"
216.73.216.223 - - [28/Feb/2026:07:06:53 -0500] "GET /?fileloc=%2Fhome%2Fclavospa%2Ftmp%2Fawstats%2Fawstats052024.latitud212.com.clavo.space.txt&path=%2Fhome%2Fclavospa%2Ftmp%2Fawstats HTTP/1.1" 200 65073 "-" "Mozilla/5.0 AppleWebKit/537.36 (KHTML, like Gecko; compatible; ClaudeBot/1.0; +claudebot@anthropic.com)"
216.73.216.223 - - [28/Feb/2026:07:06:53 -0500] "GET /?fileloc=%2Fhome%2Fclavospa%2Fpublic_html%2Fdavidlachapellela.com%2Fwp-content%2Fuploads%2F2022%2F07%2Fdlccab1-2048x1049.jpg&path=%2Fhome%2Fclavospa%2Fpublic_html%2Fdavidlachapellela.com%2Fwp-content%2Fuploads%2F2022%2F07 HTTP/1.1" 200 2546 "-" "Mozilla/5.0 AppleWebKit/537.36 (KHTML, like Gecko; compatible; ClaudeBot/1.0; +claudebot@anthropic.com)"
216.73.216.223 - - [28/Feb/2026:07:06:54 -0500] "GET /?fileloc=%2Fhome%2Fclavospa%2Ftmp%2Fawstats%2Fawstats042024.davidlachapellela.com.clavo.space.txt&path=%2Fhome%2Fclavospa%2Ftmp%2Fawstats HTTP/1.1" 200 79987 "-" "Mozilla/5.0 AppleWebKit/537.36 (KHTML, like Gecko; compatible; ClaudeBot/1.0; +claudebot@anthropic.com)"
216.73.216.223 - - [28/Feb/2026:07:06:54 -0500] "GET /?fileloc=%2Fhome%2Fclavospa%2Ftmp%2Fawstats%2Fawstats092023.davidlachapellela.com.clavo.space.txt&path=%2Fhome%2Fclavospa%2Ftmp%2Fawstats HTTP/1.1" 200 68770 "-" "Mozilla/5.0 AppleWebKit/537.36 (KHTML, like Gecko; compatible; ClaudeBot/1.0; +claudebot@anthropic.com)"
216.73.216.223 - - [28/Feb/2026:07:06:54 -0500] "GET /?fileloc=%2Fhome%2Fclavospa%2Fpublic_html%2Fdavidlachapellela.com%2Fwp-content%2Fuploads%2F2022%2F08%2Frico-1536x728.png&path=%2Fhome%2Fclavospa%2Fpublic_html%2Fdavidlachapellela.com%2Fwp-content%2Fuploads%2F2022%2F08 HTTP/1.1" 200 2543 "-" "Mozilla/5.0 AppleWebKit/537.36 (KHTML, like Gecko; compatible; ClaudeBot/1.0; +claudebot@anthropic.com)"
216.73.216.61 - - [28/Feb/2026:07:06:54 -0500] "GET /product/mi-cima-ii?fileloc=%2Fhome%2Fclavospa%2Fwww%2Fwp-content%2Fuploads%2F2019%2F03%2FGS14-700x441.jpg&path=%2Fhome%2Fclavospa%2Fwww%2Fwp-content%2Fuploads%2F2019%2F03 HTTP/1.1" 200 2511 "-" "Mozilla/5.0 AppleWebKit/537.36 (KHTML, like Gecko; compatible; ClaudeBot/1.0; +claudebot@anthropic.com)"
216.73.216.223 - - [28/Feb/2026:07:06:55 -0500] "GET /?fileloc=%2Fhome%2Fclavospa%2Ftmp%2Fawstats%2Fawstats092022.davidlachapellela.com.clavo.space.txt&path=%2Fhome%2Fclavospa%2Ftmp%2Fawstats HTTP/1.1" 200 52337 "-" "Mozilla/5.0 AppleWebKit/537.36 (KHTML, like Gecko; compatible; ClaudeBot/1.0; +claudebot@anthropic.com)"
216.73.216.223 - - [28/Feb/2026:07:06:55 -0500] "GET /?fileloc=%2Fhome%2Fclavospa%2Fpublic_html%2Fdavidlachapellela.com%2Fwp-content%2Fuploads%2F2022%2F08%2Frico-300x142.png&path=%2Fhome%2Fclavospa%2Fpublic_html%2Fdavidlachapellela.com%2Fwp-content%2Fuploads%2F2022%2F08 HTTP/1.1" 200 2542 "-" "Mozilla/5.0 AppleWebKit/537.36 (KHTML, like Gecko; compatible; ClaudeBot/1.0; +claudebot@anthropic.com)"
216.73.216.223 - - [28/Feb/2026:07:06:56 -0500] "GET /?fileloc=%2Fhome%2Fclavospa%2Ftmp%2Fawstats%2Fawstats092024.davidlachapellela.com.clavo.space.txt&path=%2Fhome%2Fclavospa%2Ftmp%2Fawstats HTTP/1.1" 200 61246 "-" "Mozilla/5.0 AppleWebKit/537.36 (KHTML, like Gecko; compatible; ClaudeBot/1.0; +claudebot@anthropic.com)"
216.73.216.223 - - [28/Feb/2026:07:06:55 -0500] "GET /?fileloc=%2Fhome%2Fclavospa%2Ftmp%2Fawstats%2Fawstats112023.ingridbarajas.com.clavo.space.txt&path=%2Fhome%2Fclavospa%2Ftmp%2Fawstats HTTP/1.1" 200 66288 "-" "Mozilla/5.0 AppleWebKit/537.36 (KHTML, like Gecko; compatible; ClaudeBot/1.0; +claudebot@anthropic.com)"
66.249.79.67 - - [28/Feb/2026:07:06:56 -0500] "GET /commodity/8559329096 HTTP/1.1" 200 25253 "-" "Mozilla/5.0 (Linux; Android 6.0.1; Nexus 5X Build/MMB29P) AppleWebKit/537.36 (KHTML, like Gecko) Chrome/144.0.7559.132 Mobile Safari/537.36 (compatible; GoogleOther)"
216.73.216.223 - - [28/Feb/2026:07:06:55 -0500] "GET /?fileloc=%2Fhome%2Fclavospa%2Fpublic_html%2Fdavidlachapellela.com%2Fwp-content%2Fuploads%2F2022%2F07%2Fdlcuru1-2048x1050.png&path=%2Fhome%2Fclavospa%2Fpublic_html%2Fdavidlachapellela.com%2Fwp-content%2Fuploads%2F2022%2F07 HTTP/1.1" 200 2545 "-" "Mozilla/5.0 AppleWebKit/537.36 (KHTML, like Gecko; compatible; ClaudeBot/1.0; +claudebot@anthropic.com)"
216.73.216.223 - - [28/Feb/2026:07:06:56 -0500] "GET /?fileloc=%2Fhome%2Fclavospa%2Fpublic_html%2Fingridbarajas.com%2Fwp-admin%2Fimages%2Fimgedit-icons-2x.png&path=%2Fhome%2Fclavospa%2Fpublic_html%2Fingridbarajas.com%2Fwp-admin%2Fimages HTTP/1.1" 200 2518 "-" "Mozilla/5.0 AppleWebKit/537.36 (KHTML, like Gecko; compatible; ClaudeBot/1.0; +claudebot@anthropic.com)"
216.73.216.223 - - [28/Feb/2026:07:06:56 -0500] "GET /?fileloc=%2Fhome%2Fclavospa%2Ftmp%2Fawstats%2Fawstats032025.latitud212.com.clavo.space.txt&path=%2Fhome%2Fclavospa%2Ftmp%2Fawstats HTTP/1.1" 200 60956 "-" "Mozilla/5.0 AppleWebKit/537.36 (KHTML, like Gecko; compatible; ClaudeBot/1.0; +claudebot@anthropic.com)"
216.73.216.223 - - [28/Feb/2026:07:06:56 -0500] "GET /?fileloc=%2Fhome%2Fclavospa%2Fpublic_html%2Fdavidlachapellela.com%2Fwp-content%2Fuploads%2F2022%2F08%2Fusina-150x150.jpg&path=%2Fhome%2Fclavospa%2Fpublic_html%2Fdavidlachapellela.com%2Fwp-content%2Fuploads%2F2022%2F08 HTTP/1.1" 200 2543 "-" "Mozilla/5.0 AppleWebKit/537.36 (KHTML, like Gecko; compatible; ClaudeBot/1.0; +claudebot@anthropic.com)"
216.73.216.223 - - [28/Feb/2026:07:06:57 -0500] "GET /?fileloc=%2Fhome%2Fclavospa%2Fpublic_html%2Fdavidlachapellela.com%2Fwp-content%2Fuploads%2F2022%2F07%2Fzoom1-300x216.png&path=%2Fhome%2Fclavospa%2Fpublic_html%2Fdavidlachapellela.com%2Fwp-content%2Fuploads%2F2022%2F07 HTTP/1.1" 200 2544 "-" "Mozilla/5.0 AppleWebKit/537.36 (KHTML, like Gecko; compatible; ClaudeBot/1.0; +claudebot@anthropic.com)"
216.73.216.223 - - [28/Feb/2026:07:06:57 -0500] "GET /?fileloc=%2Fhome%2Fclavospa%2Ftmp%2Fawstats%2Fawstats072025.latitud212.com.clavo.space.txt&path=%2Fhome%2Fclavospa%2Ftmp%2Fawstats HTTP/1.1" 200 91301 "-" "Mozilla/5.0 AppleWebKit/537.36 (KHTML, like Gecko; compatible; ClaudeBot/1.0; +claudebot@anthropic.com)"
216.73.216.223 - - [28/Feb/2026:07:06:58 -0500] "GET /?fileloc=%2Fhome%2Fclavospa%2Ftmp%2Fawstats%2Fawstats012025.latitud212.com.clavo.space.txt&path=%2Fhome%2Fclavospa%2Ftmp%2Fawstats HTTP/1.1" 200 51103 "-" "Mozilla/5.0 AppleWebKit/537.36 (KHTML, like Gecko; compatible; ClaudeBot/1.0; +claudebot@anthropic.com)"
216.73.216.223 - - [28/Feb/2026:07:06:58 -0500] "GET /?fileloc=%2Fhome%2Fclavospa%2Ftmp%2Fawstats%2Fawstats032023.latitud212.com.clavo.space.txt&path=%2Fhome%2Fclavospa%2Ftmp%2Fawstats HTTP/1.1" 200 52707 "-" "Mozilla/5.0 AppleWebKit/537.36 (KHTML, like Gecko; compatible; ClaudeBot/1.0; +claudebot@anthropic.com)"
216.73.216.223 - - [28/Feb/2026:07:06:59 -0500] "GET /?fileloc=%2Fhome%2Fclavospa%2Ftmp%2Fawstats%2Fawstats082025.latitud212.com.clavo.space.txt&path=%2Fhome%2Fclavospa%2Ftmp%2Fawstats HTTP/1.1" 200 85534 "-" "Mozilla/5.0 AppleWebKit/537.36 (KHTML, like Gecko; compatible; ClaudeBot/1.0; +claudebot@anthropic.com)"
216.73.216.61 - - [28/Feb/2026:07:06:59 -0500] "GET /product/mi-cima-ii?fileloc=%2Fhome%2Fclavospa%2Fwww%2Fwp-content%2Fuploads%2F2019%2F03%2FGS7-540x272.jpg&path=%2Fhome%2Fclavospa%2Fwww%2Fwp-content%2Fuploads%2F2019%2F03 HTTP/1.1" 200 2510 "-" "Mozilla/5.0 AppleWebKit/537.36 (KHTML, like Gecko; compatible; ClaudeBot/1.0; +claudebot@anthropic.com)"
66.249.79.67 - - [28/Feb/2026:07:06:59 -0500] "GET /page/2/?h=ehao7bylnvy8g8f HTTP/1.1" 200 25192 "-" "Mozilla/5.0 (Linux; Android 6.0.1; Nexus 5X Build/MMB29P) AppleWebKit/537.36 (KHTML, like Gecko) Chrome/144.0.7559.132 Mobile Safari/537.36 (compatible; GoogleOther)"
216.73.216.223 - - [28/Feb/2026:07:06:59 -0500] "GET /?fileloc=%2Fhome%2Fclavospa%2Ftmp%2Fawstats%2Fawstats072023.latitud212.com.clavo.space.txt&path=%2Fhome%2Fclavospa%2Ftmp%2Fawstats HTTP/1.1" 200 65018 "-" "Mozilla/5.0 AppleWebKit/537.36 (KHTML, like Gecko; compatible; ClaudeBot/1.0; +claudebot@anthropic.com)"
216.73.216.223 - - [28/Feb/2026:07:06:59 -0500] "GET /?fileloc=%2Fhome%2Fclavospa%2Ftmp%2Fawstats%2Fawstats072022.latitud212.com.clavo.space.txt&path=%2Fhome%2Fclavospa%2Ftmp%2Fawstats HTTP/1.1" 200 21369 "-" "Mozilla/5.0 AppleWebKit/537.36 (KHTML, like Gecko; compatible; ClaudeBot/1.0; +claudebot@anthropic.com)"
216.73.216.223 - - [28/Feb/2026:07:06:59 -0500] "GET /?fileloc=%2Fhome%2Fclavospa%2Ftmp%2Fawstats%2Fawstats012023.latitud212.com.clavo.space.txt&path=%2Fhome%2Fclavospa%2Ftmp%2Fawstats HTTP/1.1" 200 43813 "-" "Mozilla/5.0 AppleWebKit/537.36 (KHTML, like Gecko; compatible; ClaudeBot/1.0; +claudebot@anthropic.com)"
216.73.216.223 - - [28/Feb/2026:07:06:59 -0500] "GET /?fileloc=%2Fhome%2Fclavospa%2Fpublic_html%2Fdavidlachapellela.com%2Fwp-content%2Fuploads%2F2022%2F07%2Fdlcuru1-1536x788.png&path=%2Fhome%2Fclavospa%2Fpublic_html%2Fdavidlachapellela.com%2Fwp-content%2Fuploads%2F2022%2F07 HTTP/1.1" 200 2545 "-" "Mozilla/5.0 AppleWebKit/537.36 (KHTML, like Gecko; compatible; ClaudeBot/1.0; +claudebot@anthropic.com)"
