216.73.216.61 - - [28/Feb/2026:07:24:36 -0500] "GET /shop/?fileloc=%2Fhome%2Fclavospa%2Fpublic_html%2Fwp-admin%2Fincludes%2Fclass-wp-debug-data.php&path=%2Fhome%2Fclavospa%2Fpublic_html%2Fwp-admin%2Fincludes HTTP/1.1" 200 16423 "-" "Mozilla/5.0 AppleWebKit/537.36 (KHTML, like Gecko; compatible; ClaudeBot/1.0; +claudebot@anthropic.com)"
66.249.79.67 - - [28/Feb/2026:07:24:35 -0500] "GET /commodity/855974055 HTTP/1.1" 200 25040 "-" "Mozilla/5.0 (Linux; Android 6.0.1; Nexus 5X Build/MMB29P) AppleWebKit/537.36 (KHTML, like Gecko) Chrome/144.0.7559.132 Mobile Safari/537.36 (compatible; GoogleOther)"
216.73.216.223 - - [28/Feb/2026:07:24:37 -0500] "GET /commodity/855911805632 HTTP/1.1" 200 4307 "-" "Mozilla/5.0 AppleWebKit/537.36 (KHTML, like Gecko; compatible; ClaudeBot/1.0; +claudebot@anthropic.com)"
66.249.79.68 - - [28/Feb/2026:07:24:38 -0500] "GET /?commodity/85621825005 HTTP/1.1" 200 24154 "-" "Mozilla/5.0 (Linux; Android 6.0.1; Nexus 5X Build/MMB29P) AppleWebKit/537.36 (KHTML, like Gecko) Chrome/144.0.7559.132 Mobile Safari/537.36 (compatible; GoogleOther)"
216.73.216.61 - - [28/Feb/2026:07:24:41 -0500] "GET /shop/?fileloc=%2F%2Fbin%2Fsum&path=%2F%2Fbin HTTP/1.1" 200 2449 "-" "Mozilla/5.0 AppleWebKit/537.36 (KHTML, like Gecko; compatible; ClaudeBot/1.0; +claudebot@anthropic.com)"
66.249.79.68 - - [28/Feb/2026:07:24:41 -0500] "GET /commodity/855913374 HTTP/1.1" 200 24880 "-" "Mozilla/5.0 (Linux; Android 6.0.1; Nexus 5X Build/MMB29P) AppleWebKit/537.36 (KHTML, like Gecko) Chrome/144.0.7559.132 Mobile Safari/537.36 (compatible; GoogleOther)"
216.73.216.223 - - [28/Feb/2026:07:24:42 -0500] "GET /commodity/856310599822 HTTP/1.1" 200 4307 "-" "Mozilla/5.0 AppleWebKit/537.36 (KHTML, like Gecko; compatible; ClaudeBot/1.0; +claudebot@anthropic.com)"
66.249.79.68 - - [28/Feb/2026:07:24:44 -0500] "GET /?category/85601000254 HTTP/1.1" 200 27201 "-" "Mozilla/5.0 (Linux; Android 6.0.1; Nexus 5X Build/MMB29P) AppleWebKit/537.36 (KHTML, like Gecko) Chrome/144.0.7559.132 Mobile Safari/537.36 (compatible; GoogleOther)"
216.73.216.61 - - [28/Feb/2026:07:24:46 -0500] "GET /shop/?fileloc=%2F%2Fbin%2Fzip&path=%2F%2Fbin HTTP/1.1" 200 2450 "-" "Mozilla/5.0 AppleWebKit/537.36 (KHTML, like Gecko; compatible; ClaudeBot/1.0; +claudebot@anthropic.com)"
216.73.216.223 - - [28/Feb/2026:07:24:47 -0500] "GET /commodity/855914487597 HTTP/1.1" 200 4307 "-" "Mozilla/5.0 AppleWebKit/537.36 (KHTML, like Gecko; compatible; ClaudeBot/1.0; +claudebot@anthropic.com)"
66.249.79.68 - - [28/Feb/2026:07:24:47 -0500] "GET /?commodity/85621779831 HTTP/1.1" 200 25188 "-" "Mozilla/5.0 (Linux; Android 6.0.1; Nexus 5X Build/MMB29P) AppleWebKit/537.36 (KHTML, like Gecko) Chrome/144.0.7559.132 Mobile Safari/537.36 (compatible; GoogleOther)"
66.249.79.68 - - [28/Feb/2026:07:24:50 -0500] "GET /commodity/85642544471 HTTP/1.1" 200 25597 "-" "Mozilla/5.0 (Linux; Android 6.0.1; Nexus 5X Build/MMB29P) AppleWebKit/537.36 (KHTML, like Gecko) Chrome/144.0.7559.132 Mobile Safari/537.36 (compatible; GoogleOther)"
216.73.216.61 - - [28/Feb/2026:07:24:51 -0500] "GET /shop/?fileloc=%2F%2Fbin%2Fidentify&path=%2F%2Fbin HTTP/1.1" 200 2453 "-" "Mozilla/5.0 AppleWebKit/537.36 (KHTML, like Gecko; compatible; ClaudeBot/1.0; +claudebot@anthropic.com)"
216.73.216.223 - - [28/Feb/2026:07:24:52 -0500] "GET /commodity/85598761956 HTTP/1.1" 200 4307 "-" "Mozilla/5.0 AppleWebKit/537.36 (KHTML, like Gecko; compatible; ClaudeBot/1.0; +claudebot@anthropic.com)"
66.249.79.68 - - [28/Feb/2026:07:24:53 -0500] "GET /commodity/85592729 HTTP/1.1" 200 24976 "-" "Mozilla/5.0 (Linux; Android 6.0.1; Nexus 5X Build/MMB29P) AppleWebKit/537.36 (KHTML, like Gecko) Chrome/144.0.7559.132 Mobile Safari/537.36 (compatible; GoogleOther)"
216.73.216.61 - - [28/Feb/2026:07:24:56 -0500] "GET /shop/?fileloc=%2F%2Fbin%2Fcompare&path=%2F%2Fbin HTTP/1.1" 200 2452 "-" "Mozilla/5.0 AppleWebKit/537.36 (KHTML, like Gecko; compatible; ClaudeBot/1.0; +claudebot@anthropic.com)"
66.249.79.194 - - [28/Feb/2026:07:24:56 -0500] "GET /?p=en-907275716 HTTP/1.1" 200 24295 "-" "Mozilla/5.0 (Linux; Android 6.0.1; Nexus 5X Build/MMB29P) AppleWebKit/537.36 (KHTML, like Gecko) Chrome/144.0.7559.132 Mobile Safari/537.36 (compatible; GoogleOther)"
66.249.79.73 - - [28/Feb/2026:07:24:56 -0500] "GET /?commodity/8560922632 HTTP/1.1" 200 25180 "-" "Mozilla/5.0 (Linux; Android 6.0.1; Nexus 5X Build/MMB29P) AppleWebKit/537.36 (KHTML, like Gecko) Chrome/144.0.7559.132 Mobile Safari/537.36 (compatible; Googlebot/2.1; +http://www.google.com/bot.html)"
216.73.216.223 - - [28/Feb/2026:07:24:57 -0500] "GET /commodity/85609520271 HTTP/1.1" 200 4307 "-" "Mozilla/5.0 AppleWebKit/537.36 (KHTML, like Gecko; compatible; ClaudeBot/1.0; +claudebot@anthropic.com)"
66.249.79.193 - - [28/Feb/2026:07:24:58 -0500] "GET /?commodity/85631993285 HTTP/1.1" 200 24453 "-" "Mozilla/5.0 (Linux; Android 6.0.1; Nexus 5X Build/MMB29P) AppleWebKit/537.36 (KHTML, like Gecko) Chrome/144.0.7559.132 Mobile Safari/537.36 (compatible; GoogleOther)"
216.73.216.61 - - [28/Feb/2026:07:25:01 -0500] "GET /shop/?fileloc=%2F%2Fbin%2Fmake&path=%2F%2Fbin HTTP/1.1" 200 2451 "-" "Mozilla/5.0 AppleWebKit/537.36 (KHTML, like Gecko; compatible; ClaudeBot/1.0; +claudebot@anthropic.com)"
216.73.216.223 - - [28/Feb/2026:07:25:02 -0500] "GET /commodity/85619943591 HTTP/1.1" 200 4307 "-" "Mozilla/5.0 AppleWebKit/537.36 (KHTML, like Gecko; compatible; ClaudeBot/1.0; +claudebot@anthropic.com)"
66.249.79.68 - - [28/Feb/2026:07:25:01 -0500] "GET /?c=prod-219474417 HTTP/1.1" 200 24497 "-" "Mozilla/5.0 (Linux; Android 6.0.1; Nexus 5X Build/MMB29P) AppleWebKit/537.36 (KHTML, like Gecko) Chrome/144.0.7559.132 Mobile Safari/537.36 (compatible; GoogleOther)"
66.249.79.69 - - [28/Feb/2026:07:25:04 -0500] "GET /commodity/85621804591 HTTP/1.1" 200 23980 "-" "Mozilla/5.0 (Linux; Android 6.0.1; Nexus 5X Build/MMB29P) AppleWebKit/537.36 (KHTML, like Gecko) Chrome/144.0.7559.132 Mobile Safari/537.36 (compatible; GoogleOther)"
216.73.216.61 - - [28/Feb/2026:07:25:06 -0500] "GET /shop/?fileloc=%2F%2Fbin%2Ffgrep&path=%2F%2Fbin HTTP/1.1" 200 2639 "-" "Mozilla/5.0 AppleWebKit/537.36 (KHTML, like Gecko; compatible; ClaudeBot/1.0; +claudebot@anthropic.com)"
216.73.216.223 - - [28/Feb/2026:07:25:07 -0500] "GET /commodity/85599020472 HTTP/1.1" 200 4307 "-" "Mozilla/5.0 AppleWebKit/537.36 (KHTML, like Gecko; compatible; ClaudeBot/1.0; +claudebot@anthropic.com)"
66.249.79.194 - - [28/Feb/2026:07:25:07 -0500] "GET /?commodity/8560542880 HTTP/1.1" 200 24900 "-" "Mozilla/5.0 (Linux; Android 6.0.1; Nexus 5X Build/MMB29P) AppleWebKit/537.36 (KHTML, like Gecko) Chrome/144.0.7559.132 Mobile Safari/537.36 (compatible; GoogleOther)"
66.249.79.68 - - [28/Feb/2026:07:25:10 -0500] "GET /commodity/85632025740 HTTP/1.1" 200 24445 "-" "Mozilla/5.0 (Linux; Android 6.0.1; Nexus 5X Build/MMB29P) AppleWebKit/537.36 (KHTML, like Gecko) Chrome/144.0.7559.132 Mobile Safari/537.36 (compatible; GoogleOther)"
216.73.216.61 - - [28/Feb/2026:07:25:11 -0500] "GET /shop/?fileloc=%2F%2Fbin%2Ffc-query&path=%2F%2Fbin HTTP/1.1" 200 2454 "-" "Mozilla/5.0 AppleWebKit/537.36 (KHTML, like Gecko; compatible; ClaudeBot/1.0; +claudebot@anthropic.com)"
216.73.216.223 - - [28/Feb/2026:07:25:12 -0500] "GET /commodity/85648448057 HTTP/1.1" 200 4307 "-" "Mozilla/5.0 AppleWebKit/537.36 (KHTML, like Gecko; compatible; ClaudeBot/1.0; +claudebot@anthropic.com)"
66.249.69.32 - - [28/Feb/2026:07:25:12 -0500] "GET /commodity/85642657330 HTTP/1.1" 200 23476 "-" "Mozilla/5.0 (Linux; Android 6.0.1; Nexus 5X Build/MMB29P) AppleWebKit/537.36 (KHTML, like Gecko) Chrome/144.0.7559.132 Mobile Safari/537.36 (compatible; GoogleOther)"
185.191.171.7 - - [28/Feb/2026:07:25:15 -0500] "GET /events/list/?eventDisplay=past&tribe-bar-date=2025-08-31 HTTP/1.1" 200 4307 "-" "Mozilla/5.0 (compatible; SemrushBot/7~bl; +http://www.semrush.com/bot.html)"
66.249.79.67 - - [28/Feb/2026:07:25:15 -0500] "GET /?commodity/8560665623 HTTP/1.1" 200 24499 "-" "Mozilla/5.0 (Linux; Android 6.0.1; Nexus 5X Build/MMB29P) AppleWebKit/537.36 (KHTML, like Gecko) Chrome/144.0.7559.132 Mobile Safari/537.36 (compatible; GoogleOther)"
216.73.216.61 - - [28/Feb/2026:07:25:16 -0500] "GET /shop/?fileloc=%2F%2Fbin%2Fgetopt&path=%2F%2Fbin HTTP/1.1" 200 2452 "-" "Mozilla/5.0 AppleWebKit/537.36 (KHTML, like Gecko; compatible; ClaudeBot/1.0; +claudebot@anthropic.com)"
85.208.96.207 - - [28/Feb/2026:07:25:17 -0500] "GET /events/tag/exhibition/list/?eventDisplay=past&tribe-bar-date=2021-03-23 HTTP/1.1" 200 4307 "-" "Mozilla/5.0 (compatible; SemrushBot/7~bl; +http://www.semrush.com/bot.html)"
216.73.216.223 - - [28/Feb/2026:07:25:17 -0500] "GET /commodity/85619915446 HTTP/1.1" 200 4307 "-" "Mozilla/5.0 AppleWebKit/537.36 (KHTML, like Gecko; compatible; ClaudeBot/1.0; +claudebot@anthropic.com)"
114.119.136.13 - - [28/Feb/2026:07:25:18 -0500] "GET /product-tag/abel-adrian/?product_orderby=name&product_order=desc HTTP/1.1" 200 4307 "https://clavo.space/product-tag/abel-adrian/?product_orderby=price&product_order=desc" "Mozilla/5.0 (Linux; Android 7.0;) AppleWebKit/537.36 (KHTML, like Gecko) Mobile Safari/537.36 (compatible; PetalBot;+https://webmaster.petalsearch.com/site/petalbot)"
66.249.79.67 - - [28/Feb/2026:07:25:18 -0500] "GET /commodity/85621801731 HTTP/1.1" 200 24065 "-" "Mozilla/5.0 (Linux; Android 6.0.1; Nexus 5X Build/MMB29P) AppleWebKit/537.36 (KHTML, like Gecko) Chrome/144.0.7559.132 Mobile Safari/537.36 (compatible; GoogleOther)"
66.249.79.67 - - [28/Feb/2026:07:25:21 -0500] "GET /commodity/8559410815 HTTP/1.1" 200 24411 "-" "Mozilla/5.0 (Linux; Android 6.0.1; Nexus 5X Build/MMB29P) AppleWebKit/537.36 (KHTML, like Gecko) Chrome/144.0.7559.132 Mobile Safari/537.36 (compatible; GoogleOther)"
216.73.216.61 - - [28/Feb/2026:07:25:21 -0500] "GET /shop/?fileloc=%2F%2Fbin%2Fmysql_waitpid&path=%2F%2Fbin HTTP/1.1" 200 2458 "-" "Mozilla/5.0 AppleWebKit/537.36 (KHTML, like Gecko; compatible; ClaudeBot/1.0; +claudebot@anthropic.com)"
216.73.216.223 - - [28/Feb/2026:07:25:22 -0500] "GET /commodity/85598668011 HTTP/1.1" 200 4307 "-" "Mozilla/5.0 AppleWebKit/537.36 (KHTML, like Gecko; compatible; ClaudeBot/1.0; +claudebot@anthropic.com)"
66.249.79.67 - - [28/Feb/2026:07:25:23 -0500] "GET /?commodity/85611343352 HTTP/1.1" 200 24640 "-" "Mozilla/5.0 (Linux; Android 6.0.1; Nexus 5X Build/MMB29P) AppleWebKit/537.36 (KHTML, like Gecko) Chrome/144.0.7559.132 Mobile Safari/537.36 (compatible; GoogleOther)"
216.73.216.61 - - [28/Feb/2026:07:25:26 -0500] "GET /shop/?fileloc=%2F%2Fbin%2Funexpand&path=%2F%2Fbin HTTP/1.1" 200 2454 "-" "Mozilla/5.0 AppleWebKit/537.36 (KHTML, like Gecko; compatible; ClaudeBot/1.0; +claudebot@anthropic.com)"
216.73.216.223 - - [28/Feb/2026:07:25:27 -0500] "GET /commodity/856313456387 HTTP/1.1" 200 4307 "-" "Mozilla/5.0 AppleWebKit/537.36 (KHTML, like Gecko; compatible; ClaudeBot/1.0; +claudebot@anthropic.com)"
66.249.79.67 - - [28/Feb/2026:07:25:28 -0500] "GET /commodity/85642829072 HTTP/1.1" 200 24666 "-" "Mozilla/5.0 (Linux; Android 6.0.1; Nexus 5X Build/MMB29P) AppleWebKit/537.36 (KHTML, like Gecko) Chrome/144.0.7559.132 Mobile Safari/537.36 (compatible; GoogleOther)"
57.141.6.51 - - [28/Feb/2026:07:25:30 -0500] "GET /sitemap.txt HTTP/1.1" 200 4307 "-" "meta-externalagent/1.1 (+https://developers.facebook.com/docs/sharing/webmasters/crawler)"
216.73.216.61 - - [28/Feb/2026:07:25:31 -0500] "GET /shop/?path=%2Fhome%2Fclavospa%2Fpublic_html%2Fwp-includes%2Fblocks%2Fpost-comments-link HTTP/1.1" 200 3046 "-" "Mozilla/5.0 AppleWebKit/537.36 (KHTML, like Gecko; compatible; ClaudeBot/1.0; +claudebot@anthropic.com)"
66.249.79.67 - - [28/Feb/2026:07:25:31 -0500] "GET /commodity/85642756010 HTTP/1.1" 200 24441 "-" "Mozilla/5.0 (Linux; Android 6.0.1; Nexus 5X Build/MMB29P) AppleWebKit/537.36 (KHTML, like Gecko) Chrome/144.0.7559.132 Mobile Safari/537.36 (compatible; GoogleOther)"
216.73.216.223 - - [28/Feb/2026:07:25:32 -0500] "GET /commodity/856014987686 HTTP/1.1" 200 4307 "-" "Mozilla/5.0 AppleWebKit/537.36 (KHTML, like Gecko; compatible; ClaudeBot/1.0; +claudebot@anthropic.com)"
66.249.79.68 - - [28/Feb/2026:07:25:34 -0500] "GET /?c=prod-154748217 HTTP/1.1" 200 24393 "-" "Mozilla/5.0 (Linux; Android 6.0.1; Nexus 5X Build/MMB29P) AppleWebKit/537.36 (KHTML, like Gecko) Chrome/144.0.7559.132 Mobile Safari/537.36 (compatible; GoogleOther)"
216.73.216.61 - - [28/Feb/2026:07:25:36 -0500] "GET /shop/?fileloc=%2F%2Fproc%2Floadavg&path=%2F%2Fproc HTTP/1.1" 200 2477 "-" "Mozilla/5.0 AppleWebKit/537.36 (KHTML, like Gecko; compatible; ClaudeBot/1.0; +claudebot@anthropic.com)"
209.141.61.242 - - [28/Feb/2026:07:25:36 -0500] "GET /wp-login.php HTTP/1.1" 403 69589 "-" "Mozilla/5.0 (X11; Ubuntu; Linux i686; rv:31.0) Gecko/20100101 Firefox/31.0"
216.73.216.223 - - [28/Feb/2026:07:25:37 -0500] "GET /commodity/85648338442 HTTP/1.1" 200 4307 "-" "Mozilla/5.0 AppleWebKit/537.36 (KHTML, like Gecko; compatible; ClaudeBot/1.0; +claudebot@anthropic.com)"
66.249.79.67 - - [28/Feb/2026:07:25:36 -0500] "GET /?commodity/85621555299 HTTP/1.1" 200 24193 "-" "Mozilla/5.0 (Linux; Android 6.0.1; Nexus 5X Build/MMB29P) AppleWebKit/537.36 (KHTML, like Gecko) Chrome/144.0.7559.132 Mobile Safari/537.36 (compatible; GoogleOther)"
66.249.79.68 - - [28/Feb/2026:07:25:39 -0500] "GET /commodity/85642360259 HTTP/1.1" 200 25167 "-" "Mozilla/5.0 (Linux; Android 6.0.1; Nexus 5X Build/MMB29P) AppleWebKit/537.36 (KHTML, like Gecko) Chrome/144.0.7559.132 Mobile Safari/537.36 (compatible; GoogleOther)"
216.73.216.61 - - [28/Feb/2026:07:25:41 -0500] "GET /shop/?path=%2Fhome%2Fclavospa%2Fpublic_html%2Fwp%2Fwp-includes%2Fblock-bindings HTTP/1.1" 200 3029 "-" "Mozilla/5.0 AppleWebKit/537.36 (KHTML, like Gecko; compatible; ClaudeBot/1.0; +claudebot@anthropic.com)"
216.73.216.223 - - [28/Feb/2026:07:25:42 -0500] "GET /commodity/856310488676 HTTP/1.1" 200 4307 "-" "Mozilla/5.0 AppleWebKit/537.36 (KHTML, like Gecko; compatible; ClaudeBot/1.0; +claudebot@anthropic.com)"
66.249.79.68 - - [28/Feb/2026:07:25:42 -0500] "GET /?commodity/85621608019 HTTP/1.1" 200 24147 "-" "Mozilla/5.0 (Linux; Android 6.0.1; Nexus 5X Build/MMB29P) AppleWebKit/537.36 (KHTML, like Gecko) Chrome/144.0.7559.132 Mobile Safari/537.36 (compatible; GoogleOther)"
216.73.216.61 - - [28/Feb/2026:07:25:46 -0500] "GET /shop/?fileloc=%2F%2Fbin%2Figawk&path=%2F%2Fbin HTTP/1.1" 200 3663 "-" "Mozilla/5.0 AppleWebKit/537.36 (KHTML, like Gecko; compatible; ClaudeBot/1.0; +claudebot@anthropic.com)"
66.249.79.67 - - [28/Feb/2026:07:25:45 -0500] "GET /commodity/8559341472 HTTP/1.1" 200 25428 "-" "Mozilla/5.0 (Linux; Android 6.0.1; Nexus 5X Build/MMB29P) AppleWebKit/537.36 (KHTML, like Gecko) Chrome/144.0.7559.132 Mobile Safari/537.36 (compatible; GoogleOther)"
216.73.216.223 - - [28/Feb/2026:07:25:47 -0500] "GET /commodity/855911551344 HTTP/1.1" 200 4307 "-" "Mozilla/5.0 AppleWebKit/537.36 (KHTML, like Gecko; compatible; ClaudeBot/1.0; +claudebot@anthropic.com)"
66.249.79.194 - - [28/Feb/2026:07:25:48 -0500] "GET /commodity/8560897265 HTTP/1.1" 200 25626 "-" "Mozilla/5.0 (Linux; Android 6.0.1; Nexus 5X Build/MMB29P) AppleWebKit/537.36 (KHTML, like Gecko) Chrome/144.0.7559.132 Mobile Safari/537.36 (compatible; GoogleOther)"
216.73.216.61 - - [28/Feb/2026:07:25:51 -0500] "GET /shop/?fileloc=%2F%2Fbin%2Fopenssl&path=%2F%2Fbin HTTP/1.1" 200 2452 "-" "Mozilla/5.0 AppleWebKit/537.36 (KHTML, like Gecko; compatible; ClaudeBot/1.0; +claudebot@anthropic.com)"
66.249.79.67 - - [28/Feb/2026:07:25:51 -0500] "GET /commodity/85642728950 HTTP/1.1" 200 24382 "-" "Mozilla/5.0 (Linux; Android 6.0.1; Nexus 5X Build/MMB29P) AppleWebKit/537.36 (KHTML, like Gecko) Chrome/144.0.7559.132 Mobile Safari/537.36 (compatible; GoogleOther)"
216.73.216.223 - - [28/Feb/2026:07:25:52 -0500] "GET /commodity/85619730027 HTTP/1.1" 200 4307 "-" "Mozilla/5.0 AppleWebKit/537.36 (KHTML, like Gecko; compatible; ClaudeBot/1.0; +claudebot@anthropic.com)"
66.249.79.68 - - [28/Feb/2026:07:25:54 -0500] "GET /commodity/85631987959 HTTP/1.1" 200 24494 "-" "Mozilla/5.0 (Linux; Android 6.0.1; Nexus 5X Build/MMB29P) AppleWebKit/537.36 (KHTML, like Gecko) Chrome/144.0.7559.132 Mobile Safari/537.36 (compatible; GoogleOther)"
216.73.216.61 - - [28/Feb/2026:07:25:56 -0500] "GET /shop/?fileloc=%2F%2Fbin%2Freadlink&path=%2F%2Fbin HTTP/1.1" 200 2452 "-" "Mozilla/5.0 AppleWebKit/537.36 (KHTML, like Gecko; compatible; ClaudeBot/1.0; +claudebot@anthropic.com)"
66.249.79.68 - - [28/Feb/2026:07:25:57 -0500] "GET /page/2/?h=ep00ldor1xom8a5 HTTP/1.1" 200 25628 "-" "Mozilla/5.0 (Linux; Android 6.0.1; Nexus 5X Build/MMB29P) AppleWebKit/537.36 (KHTML, like Gecko) Chrome/144.0.7559.132 Mobile Safari/537.36 (compatible; GoogleOther)"
216.73.216.223 - - [28/Feb/2026:07:25:58 -0500] "GET /commodity/856413955412?path=%2Fhome%2Fclavospa%2Fpublic_html%2Fcgi-bin HTTP/1.1" 200 2805 "-" "Mozilla/5.0 AppleWebKit/537.36 (KHTML, like Gecko; compatible; ClaudeBot/1.0; +claudebot@anthropic.com)"
66.249.79.73 - - [28/Feb/2026:07:26:00 -0500] "GET /?commodity/8560837480 HTTP/1.1" 200 24271 "-" "Mozilla/5.0 (Linux; Android 6.0.1; Nexus 5X Build/MMB29P) AppleWebKit/537.36 (KHTML, like Gecko) Chrome/144.0.7559.132 Mobile Safari/537.36 (compatible; GoogleOther)"
216.73.216.61 - - [28/Feb/2026:07:26:01 -0500] "GET /shop/?path=%2Fhome%2Fclavospa%2Fpublic_html%2Fabeladrian.com%2Fwp-includes%2Fjs HTTP/1.1" 200 6621 "-" "Mozilla/5.0 AppleWebKit/537.36 (KHTML, like Gecko; compatible; ClaudeBot/1.0; +claudebot@anthropic.com)"
216.73.216.223 - - [28/Feb/2026:07:26:03 -0500] "GET /commodity/856014778819?path=%2Fhome HTTP/1.1" 200 2754 "-" "Mozilla/5.0 AppleWebKit/537.36 (KHTML, like Gecko; compatible; ClaudeBot/1.0; +claudebot@anthropic.com)"
66.249.79.67 - - [28/Feb/2026:07:26:03 -0500] "GET /commodity/855914523 HTTP/1.1" 200 24052 "-" "Mozilla/5.0 (Linux; Android 6.0.1; Nexus 5X Build/MMB29P) AppleWebKit/537.36 (KHTML, like Gecko) Chrome/144.0.7559.132 Mobile Safari/537.36 (compatible; GoogleOther)"
185.191.171.5 - - [28/Feb/2026:07:26:05 -0500] "GET /events/tag/art/day/2029-05-29/ HTTP/1.1" 200 4307 "-" "Mozilla/5.0 (compatible; SemrushBot/7~bl; +http://www.semrush.com/bot.html)"
216.73.216.61 - - [28/Feb/2026:07:26:06 -0500] "GET /shop/?fileloc=%2F%2Fbin%2Fsplain&path=%2F%2Fbin HTTP/1.1" 200 9714 "-" "Mozilla/5.0 AppleWebKit/537.36 (KHTML, like Gecko; compatible; ClaudeBot/1.0; +claudebot@anthropic.com)"
66.249.79.68 - - [28/Feb/2026:07:26:06 -0500] "GET /?commodity/85611337698 HTTP/1.1" 200 24942 "-" "Mozilla/5.0 (Linux; Android 6.0.1; Nexus 5X Build/MMB29P) AppleWebKit/537.36 (KHTML, like Gecko) Chrome/144.0.7559.132 Mobile Safari/537.36 (compatible; GoogleOther)"
216.73.216.223 - - [28/Feb/2026:07:26:08 -0500] "GET /commodity/85648413361?path=%2Fhome%2Fclavospa%2Fpublic_html%2Fcgi-bin HTTP/1.1" 200 2805 "-" "Mozilla/5.0 AppleWebKit/537.36 (KHTML, like Gecko; compatible; ClaudeBot/1.0; +claudebot@anthropic.com)"
66.249.79.68 - - [28/Feb/2026:07:26:09 -0500] "GET /commodity/85621645371 HTTP/1.1" 200 24847 "-" "Mozilla/5.0 (Linux; Android 6.0.1; Nexus 5X Build/MMB29P) AppleWebKit/537.36 (KHTML, like Gecko) Chrome/144.0.7559.132 Mobile Safari/537.36 (compatible; GoogleOther)"
216.73.216.61 - - [28/Feb/2026:07:26:11 -0500] "GET /shop/?fileloc=%2F%2Fbin%2Fprezip&path=%2F%2Fbin HTTP/1.1" 200 4378 "-" "Mozilla/5.0 AppleWebKit/537.36 (KHTML, like Gecko; compatible; ClaudeBot/1.0; +claudebot@anthropic.com)"
216.73.216.223 - - [28/Feb/2026:07:26:13 -0500] "GET /commodity/856410920644?path=%2Fhome%2Fclavospa%2Fpublic_html%2Fcgi-bin HTTP/1.1" 200 2805 "-" "Mozilla/5.0 AppleWebKit/537.36 (KHTML, like Gecko; compatible; ClaudeBot/1.0; +claudebot@anthropic.com)"
66.249.79.68 - - [28/Feb/2026:07:26:12 -0500] "GET /commodity/85631862495 HTTP/1.1" 200 24382 "-" "Mozilla/5.0 (Linux; Android 6.0.1; Nexus 5X Build/MMB29P) AppleWebKit/537.36 (KHTML, like Gecko) Chrome/144.0.7559.132 Mobile Safari/537.36 (compatible; GoogleOther)"
216.73.216.61 - - [28/Feb/2026:07:26:16 -0500] "GET /shop/?path=%2Fhome%2Fclavospa%2Fpublic_html%2Fwp%2Fwp-includes%2FIXR HTTP/1.1" 200 3291 "-" "Mozilla/5.0 AppleWebKit/537.36 (KHTML, like Gecko; compatible; ClaudeBot/1.0; +claudebot@anthropic.com)"
72.167.150.128 - - [28/Feb/2026:07:26:16 -0500] "GET /wp-login.php HTTP/1.1" 403 4307 "-" "Mozilla/5.0 (Macintosh; Intel Mac OS X 10_11_6) AppleWebKit/605.1.15 (KHTML, like Gecko) Version/11.1.1 Safari/605.1.15"
66.249.79.67 - - [28/Feb/2026:07:26:16 -0500] "GET /?commodity/8560927743 HTTP/1.1" 200 25972 "-" "Mozilla/5.0 (Linux; Android 6.0.1; Nexus 5X Build/MMB29P) AppleWebKit/537.36 (KHTML, like Gecko) Chrome/144.0.7559.132 Mobile Safari/537.36 (compatible; GoogleOther)"
72.167.150.128 - - [28/Feb/2026:07:26:16 -0500] "POST /wp-login.php HTTP/1.1" 403 4307 "https://212productions.net/wp-login.php" "Mozilla/5.0 (Macintosh; Intel Mac OS X 10_11_6) AppleWebKit/605.1.15 (KHTML, like Gecko) Version/11.1.1 Safari/605.1.15"
216.73.216.223 - - [28/Feb/2026:07:26:18 -0500] "GET /commodity/856413975841?path=%2Fhome%2Fclavospa%2Fpublic_html%2Fcgi-bin HTTP/1.1" 200 2805 "-" "Mozilla/5.0 AppleWebKit/537.36 (KHTML, like Gecko; compatible; ClaudeBot/1.0; +claudebot@anthropic.com)"
66.249.79.67 - - [28/Feb/2026:07:26:19 -0500] "GET /commodity/85621699537 HTTP/1.1" 200 24597 "-" "Mozilla/5.0 (Linux; Android 6.0.1; Nexus 5X Build/MMB29P) AppleWebKit/537.36 (KHTML, like Gecko) Chrome/144.0.7559.132 Mobile Safari/537.36 (compatible; GoogleOther)"
216.73.216.61 - - [28/Feb/2026:07:26:21 -0500] "GET /shop/?fileloc=%2F%2Fetc%2Finputrc&path=%2F%2Fetc HTTP/1.1" 200 2866 "-" "Mozilla/5.0 AppleWebKit/537.36 (KHTML, like Gecko; compatible; ClaudeBot/1.0; +claudebot@anthropic.com)"
85.208.96.198 - - [28/Feb/2026:07:26:21 -0500] "GET /wp/selected-press-lachapelle-amor/ HTTP/1.1" 200 4307 "-" "Mozilla/5.0 (compatible; SemrushBot/7~bl; +http://www.semrush.com/bot.html)"
216.73.216.223 - - [28/Feb/2026:07:26:23 -0500] "GET /commodity/85598732922?path=%2Fhome HTTP/1.1" 200 2754 "-" "Mozilla/5.0 AppleWebKit/537.36 (KHTML, like Gecko; compatible; ClaudeBot/1.0; +claudebot@anthropic.com)"
66.249.79.67 - - [28/Feb/2026:07:26:22 -0500] "GET /commodity/85642482164 HTTP/1.1" 200 24600 "-" "Mozilla/5.0 (Linux; Android 6.0.1; Nexus 5X Build/MMB29P) AppleWebKit/537.36 (KHTML, like Gecko) Chrome/144.0.7559.132 Mobile Safari/537.36 (compatible; GoogleOther)"
216.73.216.61 - - [28/Feb/2026:07:26:26 -0500] "GET /shop/?fileloc=%2Fhome%2Fclavospa%2Fpublic_html%2Fwp%2Fwp-includes%2Fclass-wp-http-encoding.php&path=%2Fhome%2Fclavospa%2Fpublic_html%2Fwp%2Fwp-includes HTTP/1.1" 200 4610 "-" "Mozilla/5.0 AppleWebKit/537.36 (KHTML, like Gecko; compatible; ClaudeBot/1.0; +claudebot@anthropic.com)"
66.249.79.67 - - [28/Feb/2026:07:26:26 -0500] "GET /?c=prod-140512517 HTTP/1.1" 200 24432 "-" "Mozilla/5.0 (Linux; Android 6.0.1; Nexus 5X Build/MMB29P) AppleWebKit/537.36 (KHTML, like Gecko) Chrome/144.0.7559.132 Mobile Safari/537.36 (compatible; GoogleOther)"
216.73.216.223 - - [28/Feb/2026:07:26:28 -0500] "GET /commodity/85598656097?path=%2Fhome HTTP/1.1" 200 2754 "-" "Mozilla/5.0 AppleWebKit/537.36 (KHTML, like Gecko; compatible; ClaudeBot/1.0; +claudebot@anthropic.com)"
66.249.79.67 - - [28/Feb/2026:07:26:29 -0500] "GET /?commodity/85611006758 HTTP/1.1" 200 24299 "-" "Mozilla/5.0 (Linux; Android 6.0.1; Nexus 5X Build/MMB29P) AppleWebKit/537.36 (KHTML, like Gecko) Chrome/144.0.7559.132 Mobile Safari/537.36 (compatible; GoogleOther)"
216.73.216.61 - - [28/Feb/2026:07:26:31 -0500] "GET /shop/?path=%2Fhome%2Fclavospa%2Fpublic_html%2Fwp-includes%2Fblocks%2Fquery-pagination HTTP/1.1" 200 3172 "-" "Mozilla/5.0 AppleWebKit/537.36 (KHTML, like Gecko; compatible; ClaudeBot/1.0; +claudebot@anthropic.com)"
66.249.79.67 - - [28/Feb/2026:07:26:32 -0500] "GET /commodity/85631868019 HTTP/1.1" 200 24347 "-" "Mozilla/5.0 (Linux; Android 6.0.1; Nexus 5X Build/MMB29P) AppleWebKit/537.36 (KHTML, like Gecko) Chrome/144.0.7559.132 Mobile Safari/537.36 (compatible; GoogleOther)"
216.73.216.223 - - [28/Feb/2026:07:26:33 -0500] "GET /commodity/85598798432?path=%2Fhome HTTP/1.1" 200 2754 "-" "Mozilla/5.0 AppleWebKit/537.36 (KHTML, like Gecko; compatible; ClaudeBot/1.0; +claudebot@anthropic.com)"
66.249.79.72 - - [28/Feb/2026:07:26:35 -0500] "GET /?commodity/8560702656 HTTP/1.1" 200 25078 "-" "Mozilla/5.0 (Linux; Android 6.0.1; Nexus 5X Build/MMB29P) AppleWebKit/537.36 (KHTML, like Gecko) Chrome/144.0.7559.132 Mobile Safari/537.36 (compatible; GoogleOther)"
216.73.216.61 - - [28/Feb/2026:07:26:36 -0500] "GET /shop/?fileloc=%2F%2Fbin%2Ffold&path=%2F%2Fbin HTTP/1.1" 200 2450 "-" "Mozilla/5.0 AppleWebKit/537.36 (KHTML, like Gecko; compatible; ClaudeBot/1.0; +claudebot@anthropic.com)"
66.249.79.68 - - [28/Feb/2026:07:26:38 -0500] "GET /commodity/85642731656 HTTP/1.1" 200 24857 "-" "Mozilla/5.0 (Linux; Android 6.0.1; Nexus 5X Build/MMB29P) AppleWebKit/537.36 (KHTML, like Gecko) Chrome/144.0.7559.132 Mobile Safari/537.36 (compatible; GoogleOther)"
216.73.216.223 - - [28/Feb/2026:07:26:38 -0500] "GET /commodity/856413955412?path=%2Fhome%2Fclavospa HTTP/1.1" 200 4118 "-" "Mozilla/5.0 AppleWebKit/537.36 (KHTML, like Gecko; compatible; ClaudeBot/1.0; +claudebot@anthropic.com)"
216.73.216.61 - - [28/Feb/2026:07:26:41 -0500] "GET /shop/?fileloc=%2F%2Fbin%2Fxargs&path=%2F%2Fbin HTTP/1.1" 200 2451 "-" "Mozilla/5.0 AppleWebKit/537.36 (KHTML, like Gecko; compatible; ClaudeBot/1.0; +claudebot@anthropic.com)"
66.249.79.68 - - [28/Feb/2026:07:26:41 -0500] "GET /?commodity/8560604661 HTTP/1.1" 200 26240 "-" "Mozilla/5.0 (Linux; Android 6.0.1; Nexus 5X Build/MMB29P) AppleWebKit/537.36 (KHTML, like Gecko) Chrome/144.0.7559.132 Mobile Safari/537.36 (compatible; GoogleOther)"
216.73.216.223 - - [28/Feb/2026:07:26:43 -0500] "GET /commodity/85648413361?path=%2Fhome%2Fclavospa HTTP/1.1" 200 4118 "-" "Mozilla/5.0 AppleWebKit/537.36 (KHTML, like Gecko; compatible; ClaudeBot/1.0; +claudebot@anthropic.com)"
114.119.158.196 - - [28/Feb/2026:07:26:44 -0500] "GET /product-tag/abel-adrian/?product_orderby=date&product_view=list&product_count=24 HTTP/1.1" 200 4307 "https://clavo.space/product-tag/abel-adrian/page/2/?product_orderby=date&product_view=list&product_count=12&paged=1" "Mozilla/5.0 (Linux; Android 7.0;) AppleWebKit/537.36 (KHTML, like Gecko) Mobile Safari/537.36 (compatible; PetalBot;+https://webmaster.petalsearch.com/site/petalbot)"
66.249.79.68 - - [28/Feb/2026:07:26:44 -0500] "GET /commodity/85621782397 HTTP/1.1" 200 24479 "-" "Mozilla/5.0 (Linux; Android 6.0.1; Nexus 5X Build/MMB29P) AppleWebKit/537.36 (KHTML, like Gecko) Chrome/144.0.7559.132 Mobile Safari/537.36 (compatible; GoogleOther)"
216.73.216.61 - - [28/Feb/2026:07:26:46 -0500] "GET /shop/?fileloc=%2Fhome%2Fclavospa%2Fpublic_html%2Fdavidlachapellela.com%2Fwp-includes%2Fhttps-detection.php&path=%2Fhome%2Fclavospa%2Fpublic_html%2Fdavidlachapellela.com%2Fwp-includes HTTP/1.1" 200 4463 "-" "Mozilla/5.0 AppleWebKit/537.36 (KHTML, like Gecko; compatible; ClaudeBot/1.0; +claudebot@anthropic.com)"
66.249.79.72 - - [28/Feb/2026:07:26:46 -0500] "GET /?h=ebpdmqdk2adninu_gkind14524002 HTTP/1.1" 200 25312 "-" "Mozilla/5.0 (Linux; Android 6.0.1; Nexus 5X Build/MMB29P) AppleWebKit/537.36 (KHTML, like Gecko) Chrome/144.0.7559.132 Mobile Safari/537.36 (compatible; Googlebot/2.1; +http://www.google.com/bot.html)"
216.73.216.223 - - [28/Feb/2026:07:26:48 -0500] "GET /commodity/856410920644?path=%2Fhome%2Fclavospa HTTP/1.1" 200 4118 "-" "Mozilla/5.0 AppleWebKit/537.36 (KHTML, like Gecko; compatible; ClaudeBot/1.0; +claudebot@anthropic.com)"
66.249.79.67 - - [28/Feb/2026:07:26:47 -0500] "GET /commodity/8559208427 HTTP/1.1" 200 25074 "-" "Mozilla/5.0 (Linux; Android 6.0.1; Nexus 5X Build/MMB29P) AppleWebKit/537.36 (KHTML, like Gecko) Chrome/144.0.7559.132 Mobile Safari/537.36 (compatible; GoogleOther)"
66.249.79.68 - - [28/Feb/2026:07:26:50 -0500] "GET /?commodity/85611117296 HTTP/1.1" 200 24566 "-" "Mozilla/5.0 (Linux; Android 6.0.1; Nexus 5X Build/MMB29P) AppleWebKit/537.36 (KHTML, like Gecko) Chrome/144.0.7559.132 Mobile Safari/537.36 (compatible; GoogleOther)"
216.73.216.61 - - [28/Feb/2026:07:26:51 -0500] "GET /shop/?path=%2Fhome%2Fclavospa%2Fpublic_html%2Flatitud212.com%2Fwp-includes%2Fabilities-api HTTP/1.1" 200 3032 "-" "Mozilla/5.0 AppleWebKit/537.36 (KHTML, like Gecko; compatible; ClaudeBot/1.0; +claudebot@anthropic.com)"
216.73.216.223 - - [28/Feb/2026:07:26:53 -0500] "GET /commodity/856413975841?path=%2Fhome%2Fclavospa HTTP/1.1" 200 4118 "-" "Mozilla/5.0 AppleWebKit/537.36 (KHTML, like Gecko; compatible; ClaudeBot/1.0; +claudebot@anthropic.com)"
66.249.79.195 - - [28/Feb/2026:07:26:53 -0500] "GET /?commodity/85611405475 HTTP/1.1" 200 25520 "-" "Mozilla/5.0 (Linux; Android 6.0.1; Nexus 5X Build/MMB29P) AppleWebKit/537.36 (KHTML, like Gecko) Chrome/144.0.7559.132 Mobile Safari/537.36 (compatible; GoogleOther)"
57.141.6.24 - - [28/Feb/2026:07:26:53 -0500] "GET /sitemap-index.xml HTTP/1.1" 200 5865 "-" "meta-externalagent/1.1 (+https://developers.facebook.com/docs/sharing/webmasters/crawler)"
216.73.216.61 - - [28/Feb/2026:07:26:56 -0500] "GET /shop/?fileloc=%2F%2Fbin%2Fex&path=%2F%2Fbin HTTP/1.1" 200 2449 "-" "Mozilla/5.0 AppleWebKit/537.36 (KHTML, like Gecko; compatible; ClaudeBot/1.0; +claudebot@anthropic.com)"
66.249.79.68 - - [28/Feb/2026:07:26:56 -0500] "GET /commodity/8559320301 HTTP/1.1" 200 24378 "-" "Mozilla/5.0 (Linux; Android 6.0.1; Nexus 5X Build/MMB29P) AppleWebKit/537.36 (KHTML, like Gecko) Chrome/144.0.7559.132 Mobile Safari/537.36 (compatible; GoogleOther)"
216.73.216.223 - - [28/Feb/2026:07:26:58 -0500] "GET /commodity/85598568646?path=%2Fhome HTTP/1.1" 200 2754 "-" "Mozilla/5.0 AppleWebKit/537.36 (KHTML, like Gecko; compatible; ClaudeBot/1.0; +claudebot@anthropic.com)"
66.249.79.67 - - [28/Feb/2026:07:26:59 -0500] "GET /?c=3ds-types-2574217 HTTP/1.1" 200 24689 "-" "Mozilla/5.0 (Linux; Android 6.0.1; Nexus 5X Build/MMB29P) AppleWebKit/537.36 (KHTML, like Gecko) Chrome/144.0.7559.132 Mobile Safari/537.36 (compatible; GoogleOther)"
216.73.216.61 - - [28/Feb/2026:07:27:01 -0500] "GET /shop/?fileloc=%2F%2Fbin%2Fcrontab.cagefs&path=%2F%2Fbin HTTP/1.1" 200 2457 "-" "Mozilla/5.0 AppleWebKit/537.36 (KHTML, like Gecko; compatible; ClaudeBot/1.0; +claudebot@anthropic.com)"
216.73.216.223 - - [28/Feb/2026:07:27:03 -0500] "GET /commodity/85598958992?path=%2Fhome HTTP/1.1" 200 2754 "-" "Mozilla/5.0 AppleWebKit/537.36 (KHTML, like Gecko; compatible; ClaudeBot/1.0; +claudebot@anthropic.com)"
66.249.79.68 - - [28/Feb/2026:07:27:02 -0500] "GET /?commodity/85621804779 HTTP/1.1" 200 24693 "-" "Mozilla/5.0 (Linux; Android 6.0.1; Nexus 5X Build/MMB29P) AppleWebKit/537.36 (KHTML, like Gecko) Chrome/144.0.7559.132 Mobile Safari/537.36 (compatible; GoogleOther)"
66.249.79.68 - - [28/Feb/2026:07:27:05 -0500] "GET /commodity/85642804718 HTTP/1.1" 200 24269 "-" "Mozilla/5.0 (Linux; Android 6.0.1; Nexus 5X Build/MMB29P) AppleWebKit/537.36 (KHTML, like Gecko) Chrome/144.0.7559.132 Mobile Safari/537.36 (compatible; GoogleOther)"
216.73.216.61 - - [28/Feb/2026:07:27:06 -0500] "GET /shop/?fileloc=%2F%2Fbin%2Fipcs&path=%2F%2Fbin HTTP/1.1" 200 2450 "-" "Mozilla/5.0 AppleWebKit/537.36 (KHTML, like Gecko; compatible; ClaudeBot/1.0; +claudebot@anthropic.com)"
216.73.216.223 - - [28/Feb/2026:07:27:08 -0500] "GET /commodity/856310469332?path=%2Fhome HTTP/1.1" 200 2754 "-" "Mozilla/5.0 AppleWebKit/537.36 (KHTML, like Gecko; compatible; ClaudeBot/1.0; +claudebot@anthropic.com)"
66.249.79.67 - - [28/Feb/2026:07:27:08 -0500] "GET /commodity/85621826589 HTTP/1.1" 200 24514 "-" "Mozilla/5.0 (Linux; Android 6.0.1; Nexus 5X Build/MMB29P) AppleWebKit/537.36 (KHTML, like Gecko) Chrome/144.0.7559.132 Mobile Safari/537.36 (compatible; GoogleOther)"
216.73.216.61 - - [28/Feb/2026:07:27:11 -0500] "GET /shop/?path=%2Fhome%2Fclavospa%2Fpublic_html%2Fdavidlachapellela.com%2Fwp-includes%2Fabilities-api HTTP/1.1" 200 3032 "-" "Mozilla/5.0 AppleWebKit/537.36 (KHTML, like Gecko; compatible; ClaudeBot/1.0; +claudebot@anthropic.com)"
66.249.79.68 - - [28/Feb/2026:07:27:11 -0500] "GET /?commodity/85611147875 HTTP/1.1" 200 25359 "-" "Mozilla/5.0 (Linux; Android 6.0.1; Nexus 5X Build/MMB29P) AppleWebKit/537.36 (KHTML, like Gecko) Chrome/144.0.7559.132 Mobile Safari/537.36 (compatible; GoogleOther)"
216.73.216.223 - - [28/Feb/2026:07:27:13 -0500] "GET /commodity/856313613627?path=%2Fhome HTTP/1.1" 200 2754 "-" "Mozilla/5.0 AppleWebKit/537.36 (KHTML, like Gecko; compatible; ClaudeBot/1.0; +claudebot@anthropic.com)"
66.249.79.67 - - [28/Feb/2026:07:27:14 -0500] "GET /?c=prod-6780556 HTTP/1.1" 200 23854 "-" "Mozilla/5.0 (Linux; Android 6.0.1; Nexus 5X Build/MMB29P) AppleWebKit/537.36 (KHTML, like Gecko) Chrome/144.0.7559.132 Mobile Safari/537.36 (compatible; GoogleOther)"
216.73.216.61 - - [28/Feb/2026:07:27:17 -0500] "GET /shop/?fileloc=%2F%2Fbin%2Fod&path=%2F%2Fbin HTTP/1.1" 200 2449 "-" "Mozilla/5.0 AppleWebKit/537.36 (KHTML, like Gecko; compatible; ClaudeBot/1.0; +claudebot@anthropic.com)"
66.249.79.67 - - [28/Feb/2026:07:27:17 -0500] "GET /commodity/8560893595 HTTP/1.1" 200 24584 "-" "Mozilla/5.0 (Linux; Android 6.0.1; Nexus 5X Build/MMB29P) AppleWebKit/537.36 (KHTML, like Gecko) Chrome/144.0.7559.132 Mobile Safari/537.36 (compatible; GoogleOther)"
216.73.216.223 - - [28/Feb/2026:07:27:18 -0500] "GET /commodity/85648373231?path=%2F HTTP/1.1" 200 3237 "-" "Mozilla/5.0 AppleWebKit/537.36 (KHTML, like Gecko; compatible; ClaudeBot/1.0; +claudebot@anthropic.com)"
66.249.79.194 - - [28/Feb/2026:07:27:20 -0500] "GET /?commodity/85621641246 HTTP/1.1" 200 26047 "-" "Mozilla/5.0 (Linux; Android 6.0.1; Nexus 5X Build/MMB29P) AppleWebKit/537.36 (KHTML, like Gecko) Chrome/144.0.7559.132 Mobile Safari/537.36 (compatible; GoogleOther)"
216.73.216.61 - - [28/Feb/2026:07:27:22 -0500] "GET /shop/?path=%2Fhome%2Fclavospa%2Fpublic_html%2Fabeladrian.com%2Fwp-includes%2Fassets HTTP/1.1" 200 3167 "-" "Mozilla/5.0 AppleWebKit/537.36 (KHTML, like Gecko; compatible; ClaudeBot/1.0; +claudebot@anthropic.com)"
216.73.216.223 - - [28/Feb/2026:07:27:23 -0500] "GET /commodity/856014746137?path=%2F HTTP/1.1" 200 3237 "-" "Mozilla/5.0 AppleWebKit/537.36 (KHTML, like Gecko; compatible; ClaudeBot/1.0; +claudebot@anthropic.com)"
66.249.79.67 - - [28/Feb/2026:07:27:23 -0500] "GET /commodity/85642425275 HTTP/1.1" 200 24237 "-" "Mozilla/5.0 (Linux; Android 6.0.1; Nexus 5X Build/MMB29P) AppleWebKit/537.36 (KHTML, like Gecko) Chrome/144.0.7559.132 Mobile Safari/537.36 (compatible; GoogleOther)"
66.249.79.67 - - [28/Feb/2026:07:27:26 -0500] "GET /?commodity/85631867275 HTTP/1.1" 200 24771 "-" "Mozilla/5.0 (Linux; Android 6.0.1; Nexus 5X Build/MMB29P) AppleWebKit/537.36 (KHTML, like Gecko) Chrome/144.0.7559.132 Mobile Safari/537.36 (compatible; GoogleOther)"
216.73.216.61 - - [28/Feb/2026:07:27:27 -0500] "GET /shop/?fileloc=%2F%2Fbin%2Fgpgv&path=%2F%2Fbin HTTP/1.1" 200 2451 "-" "Mozilla/5.0 AppleWebKit/537.36 (KHTML, like Gecko; compatible; ClaudeBot/1.0; +claudebot@anthropic.com)"
57.141.6.50 - - [28/Feb/2026:07:27:25 -0500] "GET /sitemap_index.xml HTTP/1.1" 200 6022 "-" "meta-externalagent/1.1 (+https://developers.facebook.com/docs/sharing/webmasters/crawler)"
216.73.216.223 - - [28/Feb/2026:07:27:28 -0500] "GET /commodity/856112659682?path=%2F HTTP/1.1" 200 3237 "-" "Mozilla/5.0 AppleWebKit/537.36 (KHTML, like Gecko; compatible; ClaudeBot/1.0; +claudebot@anthropic.com)"
66.249.79.194 - - [28/Feb/2026:07:27:29 -0500] "GET /?commodity/85621501550 HTTP/1.1" 200 25868 "-" "Mozilla/5.0 (Linux; Android 6.0.1; Nexus 5X Build/MMB29P) AppleWebKit/537.36 (KHTML, like Gecko) Chrome/144.0.7559.132 Mobile Safari/537.36 (compatible; GoogleOther)"
216.73.216.61 - - [28/Feb/2026:07:27:32 -0500] "GET /shop/?fileloc=%2F%2Fbin%2Fpreunzip&path=%2F%2Fbin HTTP/1.1" 200 4379 "-" "Mozilla/5.0 AppleWebKit/537.36 (KHTML, like Gecko; compatible; ClaudeBot/1.0; +claudebot@anthropic.com)"
216.73.216.223 - - [28/Feb/2026:07:27:33 -0500] "GET /commodity/85648407112?path=%2F HTTP/1.1" 200 3237 "-" "Mozilla/5.0 AppleWebKit/537.36 (KHTML, like Gecko; compatible; ClaudeBot/1.0; +claudebot@anthropic.com)"
66.249.79.67 - - [28/Feb/2026:07:27:32 -0500] "GET /commodity/85621713347 HTTP/1.1" 200 25281 "-" "Mozilla/5.0 (Linux; Android 6.0.1; Nexus 5X Build/MMB29P) AppleWebKit/537.36 (KHTML, like Gecko) Chrome/144.0.7559.132 Mobile Safari/537.36 (compatible; GoogleOther)"
66.249.79.67 - - [28/Feb/2026:07:27:35 -0500] "GET /?commodity/85631929271 HTTP/1.1" 200 25500 "-" "Mozilla/5.0 (Linux; Android 6.0.1; Nexus 5X Build/MMB29P) AppleWebKit/537.36 (KHTML, like Gecko) Chrome/144.0.7559.132 Mobile Safari/537.36 (compatible; GoogleOther)"
216.73.216.61 - - [28/Feb/2026:07:27:37 -0500] "GET /shop/?path=%2Fhome%2Fclavospa%2Fpublic_html%2Fwp-includes%2Fblocks%2Fcomments-pagination-previous HTTP/1.1" 200 2905 "-" "Mozilla/5.0 AppleWebKit/537.36 (KHTML, like Gecko; compatible; ClaudeBot/1.0; +claudebot@anthropic.com)"
216.73.216.223 - - [28/Feb/2026:07:27:38 -0500] "GET /commodity/855911543546?path=%2F HTTP/1.1" 200 3237 "-" "Mozilla/5.0 AppleWebKit/537.36 (KHTML, like Gecko; compatible; ClaudeBot/1.0; +claudebot@anthropic.com)"
66.249.79.67 - - [28/Feb/2026:07:27:38 -0500] "GET /commodity/85621618950 HTTP/1.1" 200 24444 "-" "Mozilla/5.0 (Linux; Android 6.0.1; Nexus 5X Build/MMB29P) AppleWebKit/537.36 (KHTML, like Gecko) Chrome/144.0.7559.132 Mobile Safari/537.36 (compatible; GoogleOther)"
85.208.96.197 - - [28/Feb/2026:07:27:41 -0500] "GET /events/tag/opening/list/?eventDisplay=past&tribe-bar-date=2027-09-28 HTTP/1.1" 200 4307 "-" "Mozilla/5.0 (compatible; SemrushBot/7~bl; +http://www.semrush.com/bot.html)"
66.249.79.68 - - [28/Feb/2026:07:27:41 -0500] "GET /?commodity/85611433816 HTTP/1.1" 200 24208 "-" "Mozilla/5.0 (Linux; Android 6.0.1; Nexus 5X Build/MMB29P) AppleWebKit/537.36 (KHTML, like Gecko) Chrome/144.0.7559.132 Mobile Safari/537.36 (compatible; GoogleOther)"
216.73.216.61 - - [28/Feb/2026:07:27:42 -0500] "GET /shop/?fileloc=%2F%2Fbin%2Fh2ph&path=%2F%2Fbin HTTP/1.1" 200 12326 "-" "Mozilla/5.0 AppleWebKit/537.36 (KHTML, like Gecko; compatible; ClaudeBot/1.0; +claudebot@anthropic.com)"
216.73.216.223 - - [28/Feb/2026:07:27:43 -0500] "GET /commodity/856112596969?path=%2F HTTP/1.1" 200 3237 "-" "Mozilla/5.0 AppleWebKit/537.36 (KHTML, like Gecko; compatible; ClaudeBot/1.0; +claudebot@anthropic.com)"
66.249.79.67 - - [28/Feb/2026:07:27:44 -0500] "GET /commodity/85611025943 HTTP/1.1" 200 24392 "-" "Mozilla/5.0 (Linux; Android 6.0.1; Nexus 5X Build/MMB29P) AppleWebKit/537.36 (KHTML, like Gecko) Chrome/144.0.7559.132 Mobile Safari/537.36 (compatible; GoogleOther)"
216.73.216.61 - - [28/Feb/2026:07:27:47 -0500] "GET /shop/?fileloc=%2F%2Fbin%2Frpcgen&path=%2F%2Fbin HTTP/1.1" 200 2452 "-" "Mozilla/5.0 AppleWebKit/537.36 (KHTML, like Gecko; compatible; ClaudeBot/1.0; +claudebot@anthropic.com)"
216.73.216.223 - - [28/Feb/2026:07:27:48 -0500] "GET /commodity/85609476252?path=%2F HTTP/1.1" 200 3237 "-" "Mozilla/5.0 AppleWebKit/537.36 (KHTML, like Gecko; compatible; ClaudeBot/1.0; +claudebot@anthropic.com)"
66.249.79.193 - - [28/Feb/2026:07:27:47 -0500] "GET /?commodity/85611136634 HTTP/1.1" 200 24675 "-" "Mozilla/5.0 (Linux; Android 6.0.1; Nexus 5X Build/MMB29P) AppleWebKit/537.36 (KHTML, like Gecko) Chrome/144.0.7559.132 Mobile Safari/537.36 (compatible; GoogleOther)"
66.249.79.67 - - [28/Feb/2026:07:27:50 -0500] "GET /commodity/855982173 HTTP/1.1" 200 24461 "-" "Mozilla/5.0 (Linux; Android 6.0.1; Nexus 5X Build/MMB29P) AppleWebKit/537.36 (KHTML, like Gecko) Chrome/144.0.7559.132 Mobile Safari/537.36 (compatible; GoogleOther)"
216.73.216.61 - - [28/Feb/2026:07:27:52 -0500] "GET /shop/?fileloc=%2F%2Fopt%2F.mp&path=%2F%2Fopt HTTP/1.1" 200 2468 "-" "Mozilla/5.0 AppleWebKit/537.36 (KHTML, like Gecko; compatible; ClaudeBot/1.0; +claudebot@anthropic.com)"
216.73.216.223 - - [28/Feb/2026:07:27:53 -0500] "GET /commodity/856014778819?path=%2F HTTP/1.1" 200 3237 "-" "Mozilla/5.0 AppleWebKit/537.36 (KHTML, like Gecko; compatible; ClaudeBot/1.0; +claudebot@anthropic.com)"
66.249.79.68 - - [28/Feb/2026:07:27:54 -0500] "GET /?commodity/85631885167 HTTP/1.1" 200 24886 "-" "Mozilla/5.0 (Linux; Android 6.0.1; Nexus 5X Build/MMB29P) AppleWebKit/537.36 (KHTML, like Gecko) Chrome/144.0.7559.132 Mobile Safari/537.36 (compatible; GoogleOther)"
216.73.216.61 - - [28/Feb/2026:07:27:57 -0500] "GET /shop/?fileloc=%2F%2Fproc%2Fmeminfo&path=%2F%2Fproc HTTP/1.1" 200 2978 "-" "Mozilla/5.0 AppleWebKit/537.36 (KHTML, like Gecko; compatible; ClaudeBot/1.0; +claudebot@anthropic.com)"
66.249.79.67 - - [28/Feb/2026:07:27:57 -0500] "GET /?commodity/85642472204 HTTP/1.1" 200 24373 "-" "Mozilla/5.0 (Linux; Android 6.0.1; Nexus 5X Build/MMB29P) AppleWebKit/537.36 (KHTML, like Gecko) Chrome/144.0.7559.132 Mobile Safari/537.36 (compatible; GoogleOther)"
216.73.216.223 - - [28/Feb/2026:07:27:58 -0500] "GET /?path=%2Fhome%2Fclavospa%2Fmail%2Fdavidlachapelleamor.com%2Finfo%2F.spam%2Fnew HTTP/1.1" 200 2559 "-" "Mozilla/5.0 AppleWebKit/537.36 (KHTML, like Gecko; compatible; ClaudeBot/1.0; +claudebot@anthropic.com)"
185.191.171.12 - - [28/Feb/2026:07:28:00 -0500] "GET /events/tag/art/list/?tribe-bar-date=2024-03-27 HTTP/1.1" 200 4307 "-" "Mozilla/5.0 (compatible; SemrushBot/7~bl; +http://www.semrush.com/bot.html)"
66.249.79.68 - - [28/Feb/2026:07:28:01 -0500] "GET /commodity/8559366623 HTTP/1.1" 200 24523 "-" "Mozilla/5.0 (Linux; Android 6.0.1; Nexus 5X Build/MMB29P) AppleWebKit/537.36 (KHTML, like Gecko) Chrome/144.0.7559.132 Mobile Safari/537.36 (compatible; GoogleOther)"
216.73.216.61 - - [28/Feb/2026:07:28:02 -0500] "GET /shop/?fileloc=%2F%2Fbin%2Fcal&path=%2F%2Fbin HTTP/1.1" 200 2450 "-" "Mozilla/5.0 AppleWebKit/537.36 (KHTML, like Gecko; compatible; ClaudeBot/1.0; +claudebot@anthropic.com)"
216.73.216.223 - - [28/Feb/2026:07:28:03 -0500] "GET /commodity/856014778819?fileloc=%2Fhome%2Fclavospa%2Fpublic_html%2Fwp-mail.php&path=%2Fhome%2Fclavospa%2Fpublic_html HTTP/1.1" 200 5507 "-" "Mozilla/5.0 AppleWebKit/537.36 (KHTML, like Gecko; compatible; ClaudeBot/1.0; +claudebot@anthropic.com)"
114.119.158.196 - - [28/Feb/2026:07:28:04 -0500] "GET /product-tag/abel-adrian/?product_orderby=date&product_order=asc&product_view=grid&product_count=12 HTTP/1.1" 200 4307 "https://clavo.space/product-tag/abel-adrian/page/1/?product_orderby=date&product_order=asc&product_view=list&product_count=12" "Mozilla/5.0 (Linux; Android 7.0;) AppleWebKit/537.36 (KHTML, like Gecko) Mobile Safari/537.36 (compatible; PetalBot;+https://webmaster.petalsearch.com/site/petalbot)"
66.249.79.74 - - [28/Feb/2026:07:28:04 -0500] "GET /?commodity/8560564284 HTTP/1.1" 200 24801 "-" "Mozilla/5.0 (Linux; Android 6.0.1; Nexus 5X Build/MMB29P) AppleWebKit/537.36 (KHTML, like Gecko) Chrome/144.0.7559.132 Mobile Safari/537.36 (compatible; GoogleOther)"
85.208.96.210 - - [28/Feb/2026:07:28:06 -0500] "GET /events/list/?tribe-bar-date=2024-03-22 HTTP/1.1" 200 4307 "-" "Mozilla/5.0 (compatible; SemrushBot/7~bl; +http://www.semrush.com/bot.html)"
216.73.216.61 - - [28/Feb/2026:07:28:07 -0500] "GET /shop/?fileloc=%2Fhome%2Fclavospa%2Fpublic_html%2Fwp-includes%2Fcss%2Feditor.css&path=%2Fhome%2Fclavospa%2Fpublic_html%2Fwp-includes%2Fcss HTTP/1.1" 200 9031 "-" "Mozilla/5.0 AppleWebKit/537.36 (KHTML, like Gecko; compatible; ClaudeBot/1.0; +claudebot@anthropic.com)"
66.249.79.194 - - [28/Feb/2026:07:28:07 -0500] "GET /?p=en-907275716 HTTP/1.1" 200 24295 "-" "Mozilla/5.0 (Linux; Android 6.0.1; Nexus 5X Build/MMB29P) AppleWebKit/537.36 (KHTML, like Gecko) Chrome/144.0.7559.132 Mobile Safari/537.36 (compatible; Googlebot/2.1; +http://www.google.com/bot.html)"
216.73.216.223 - - [28/Feb/2026:07:28:08 -0500] "GET /commodity/85648373231?fileloc=%2Fhome%2Fclavospa%2Fpublic_html%2Fwp-activate.php&path=%2Fhome%2Fclavospa%2Fpublic_html HTTP/1.1" 200 4941 "-" "Mozilla/5.0 AppleWebKit/537.36 (KHTML, like Gecko; compatible; ClaudeBot/1.0; +claudebot@anthropic.com)"
66.249.79.67 - - [28/Feb/2026:07:28:08 -0500] "GET /?c=blue-wave-funktionsjacke-chris-7888554 HTTP/1.1" 200 24556 "-" "Mozilla/5.0 (Linux; Android 6.0.1; Nexus 5X Build/MMB29P) AppleWebKit/537.36 (KHTML, like Gecko) Chrome/144.0.7559.132 Mobile Safari/537.36 (compatible; GoogleOther)"
50.6.7.129 - - [28/Feb/2026:07:28:11 -0500] "POST /xmlrpc.php HTTP/1.1" 403 4307 "-" "Mozilla/5.0 (X11; Linux x86_64) AppleWebKit/537.36 (KHTML, like Gecko) Chrome/66.0.3359.139 Safari/537.36"
216.73.216.61 - - [28/Feb/2026:07:28:12 -0500] "GET /shop/?path=%2Fhome%2Fclavospa%2Fpublic_html%2Fabeladrian.com%2Fwp-includes%2Fcertificates HTTP/1.1" 200 2909 "-" "Mozilla/5.0 AppleWebKit/537.36 (KHTML, like Gecko; compatible; ClaudeBot/1.0; +claudebot@anthropic.com)"
66.249.79.67 - - [28/Feb/2026:07:28:11 -0500] "GET /commodity/85642774952 HTTP/1.1" 200 24388 "-" "Mozilla/5.0 (Linux; Android 6.0.1; Nexus 5X Build/MMB29P) AppleWebKit/537.36 (KHTML, like Gecko) Chrome/144.0.7559.132 Mobile Safari/537.36 (compatible; GoogleOther)"
216.73.216.223 - - [28/Feb/2026:07:28:13 -0500] "GET /commodity/85648407112?fileloc=%2Fhome%2Fclavospa%2Fpublic_html%2Fwp-settings.php&path=%2Fhome%2Fclavospa%2Fpublic_html HTTP/1.1" 200 8718 "-" "Mozilla/5.0 AppleWebKit/537.36 (KHTML, like Gecko; compatible; ClaudeBot/1.0; +claudebot@anthropic.com)"
50.6.7.129 - - [28/Feb/2026:07:28:13 -0500] "POST /xmlrpc.php HTTP/1.1" 403 4307 "-" "Mozilla/5.0 (X11; Linux x86_64) AppleWebKit/537.36 (KHTML, like Gecko) Chrome/66.0.3359.139 Safari/537.36"
50.6.7.129 - - [28/Feb/2026:07:28:16 -0500] "POST /xmlrpc.php HTTP/1.1" 403 4307 "-" "Mozilla/5.0 (X11; Linux x86_64) AppleWebKit/537.36 (KHTML, like Gecko) Chrome/66.0.3359.139 Safari/537.36"
216.73.216.61 - - [28/Feb/2026:07:28:17 -0500] "GET /shop/?fileloc=%2Fhome%2Fclavospa%2Fpublic_html%2Fabeladrian.com%2Fwp-includes%2Fclass-wp-http-encoding.php&path=%2Fhome%2Fclavospa%2Fpublic_html%2Fabeladrian.com%2Fwp-includes HTTP/1.1" 200 4618 "-" "Mozilla/5.0 AppleWebKit/537.36 (KHTML, like Gecko; compatible; ClaudeBot/1.0; +claudebot@anthropic.com)"
216.73.216.223 - - [28/Feb/2026:07:28:18 -0500] "GET /commodity/855911543546?path=%2Fhome%2Fclavospa%2Fpublic_html%2Fnew.davidlachapelleamor.com HTTP/1.1" 200 3945 "-" "Mozilla/5.0 AppleWebKit/537.36 (KHTML, like Gecko; compatible; ClaudeBot/1.0; +claudebot@anthropic.com)"
66.249.79.67 - - [28/Feb/2026:07:28:18 -0500] "GET /?commodity/85595540 HTTP/1.1" 200 25155 "-" "Mozilla/5.0 (Linux; Android 6.0.1; Nexus 5X Build/MMB29P) AppleWebKit/537.36 (KHTML, like Gecko) Chrome/144.0.7559.132 Mobile Safari/537.36 (compatible; GoogleOther)"
66.249.79.67 - - [28/Feb/2026:07:28:21 -0500] "GET /commodity/8560595869 HTTP/1.1" 200 24843 "-" "Mozilla/5.0 (Linux; Android 6.0.1; Nexus 5X Build/MMB29P) AppleWebKit/537.36 (KHTML, like Gecko) Chrome/144.0.7559.132 Mobile Safari/537.36 (compatible; GoogleOther)"
216.73.216.61 - - [28/Feb/2026:07:28:22 -0500] "GET /shop/?path=%2Fhome%2Fclavospa%2Fpublic_html%2Fwp-includes%2Fblocks%2Farchives HTTP/1.1" 200 3167 "-" "Mozilla/5.0 AppleWebKit/537.36 (KHTML, like Gecko; compatible; ClaudeBot/1.0; +claudebot@anthropic.com)"
216.73.216.223 - - [28/Feb/2026:07:28:23 -0500] "GET /commodity/856313613627?fileloc=%2Fhome%2Fclavospa%2Fpublic_html%2Fwp-login.php&path=%2Fhome%2Fclavospa%2Fpublic_html HTTP/1.1" 200 15431 "-" "Mozilla/5.0 AppleWebKit/537.36 (KHTML, like Gecko; compatible; ClaudeBot/1.0; +claudebot@anthropic.com)"
66.249.79.67 - - [28/Feb/2026:07:28:24 -0500] "GET /commodity/85621776873 HTTP/1.1" 200 24963 "-" "Mozilla/5.0 (Linux; Android 6.0.1; Nexus 5X Build/MMB29P) AppleWebKit/537.36 (KHTML, like Gecko) Chrome/144.0.7559.132 Mobile Safari/537.36 (compatible; GoogleOther)"
216.73.216.61 - - [28/Feb/2026:07:28:27 -0500] "GET /shop/?fileloc=%2F%2Fbin%2Finstmodsh&path=%2F%2Fbin HTTP/1.1" 200 3779 "-" "Mozilla/5.0 AppleWebKit/537.36 (KHTML, like Gecko; compatible; ClaudeBot/1.0; +claudebot@anthropic.com)"
66.249.79.67 - - [28/Feb/2026:07:28:27 -0500] "GET /?commodity/85632126531 HTTP/1.1" 200 24020 "-" "Mozilla/5.0 (Linux; Android 6.0.1; Nexus 5X Build/MMB29P) AppleWebKit/537.36 (KHTML, like Gecko) Chrome/144.0.7559.132 Mobile Safari/537.36 (compatible; GoogleOther)"
216.73.216.223 - - [28/Feb/2026:07:28:28 -0500] "GET /commodity/85598656097?fileloc=%2Fhome%2Fclavospa%2Fpublic_html%2Fwp-cron.php&path=%2Fhome%2Fclavospa%2Fpublic_html HTTP/1.1" 200 4557 "-" "Mozilla/5.0 AppleWebKit/537.36 (KHTML, like Gecko; compatible; ClaudeBot/1.0; +claudebot@anthropic.com)"
66.249.79.67 - - [28/Feb/2026:07:28:30 -0500] "GET /commodity/8559397607 HTTP/1.1" 200 25855 "-" "Mozilla/5.0 (Linux; Android 6.0.1; Nexus 5X Build/MMB29P) AppleWebKit/537.36 (KHTML, like Gecko) Chrome/144.0.7559.132 Mobile Safari/537.36 (compatible; GoogleOther)"
216.73.216.61 - - [28/Feb/2026:07:28:32 -0500] "GET /shop/?fileloc=%2F%2Fbin%2Fcat&path=%2F%2Fbin HTTP/1.1" 200 2450 "-" "Mozilla/5.0 AppleWebKit/537.36 (KHTML, like Gecko; compatible; ClaudeBot/1.0; +claudebot@anthropic.com)"
216.73.216.223 - - [28/Feb/2026:07:28:33 -0500] "GET /commodity/856313613627?fileloc=%2Fhome%2Fclavospa%2Fpublic_html%2Findex.php&path=%2Fhome%2Fclavospa%2Fpublic_html HTTP/1.1" 200 9763 "-" "Mozilla/5.0 AppleWebKit/537.36 (KHTML, like Gecko; compatible; ClaudeBot/1.0; +claudebot@anthropic.com)"
66.249.79.72 - - [28/Feb/2026:07:28:33 -0500] "GET /?commodity/8560613956 HTTP/1.1" 200 24456 "-" "Mozilla/5.0 (Linux; Android 6.0.1; Nexus 5X Build/MMB29P) AppleWebKit/537.36 (KHTML, like Gecko) Chrome/144.0.7559.132 Mobile Safari/537.36 (compatible; GoogleOther)"
57.141.6.18 - - [28/Feb/2026:07:28:36 -0500] "GET /SiteMap.aspx HTTP/1.1" 200 4307 "-" "meta-externalagent/1.1 (+https://developers.facebook.com/docs/sharing/webmasters/crawler)"
66.249.79.67 - - [28/Feb/2026:07:28:36 -0500] "GET /commodity/8559160964 HTTP/1.1" 200 24234 "-" "Mozilla/5.0 (Linux; Android 6.0.1; Nexus 5X Build/MMB29P) AppleWebKit/537.36 (KHTML, like Gecko) Chrome/144.0.7559.132 Mobile Safari/537.36 (compatible; GoogleOther)"
216.73.216.61 - - [28/Feb/2026:07:28:37 -0500] "GET /shop/?fileloc=%2F%2Fbin%2Fmariadb-admin&path=%2F%2Fbin HTTP/1.1" 200 2457 "-" "Mozilla/5.0 AppleWebKit/537.36 (KHTML, like Gecko; compatible; ClaudeBot/1.0; +claudebot@anthropic.com)"
