216.73.216.223 - - [28/Feb/2026:07:07:36 -0500] "GET /?fileloc=%2Fhome%2Fclavospa%2Ftmp%2Fawstats%2Fawstats062025.ingridbarajas.com.clavo.space.txt&path=%2Fhome%2Fclavospa%2Ftmp%2Fawstats HTTP/1.1" 200 77608 "-" "Mozilla/5.0 AppleWebKit/537.36 (KHTML, like Gecko; compatible; ClaudeBot/1.0; +claudebot@anthropic.com)"
216.73.216.223 - - [28/Feb/2026:07:07:37 -0500] "GET /?fileloc=%2Fhome%2Fclavospa%2Fpublic_html%2Fdavidlachapellela.com%2Fwp-content%2Fuploads%2F2022%2F07%2Fcauses03-300x270.jpg&path=%2Fhome%2Fclavospa%2Fpublic_html%2Fdavidlachapellela.com%2Fwp-content%2Fuploads%2F2022%2F07 HTTP/1.1" 200 2546 "-" "Mozilla/5.0 AppleWebKit/537.36 (KHTML, like Gecko; compatible; ClaudeBot/1.0; +claudebot@anthropic.com)"
66.249.79.67 - - [28/Feb/2026:07:07:37 -0500] "GET /commodity/85621752108 HTTP/1.1" 200 24977 "-" "Mozilla/5.0 (Linux; Android 6.0.1; Nexus 5X Build/MMB29P) AppleWebKit/537.36 (KHTML, like Gecko) Chrome/144.0.7559.132 Mobile Safari/537.36 (compatible; GoogleOther)"
216.73.216.223 - - [28/Feb/2026:07:07:37 -0500] "GET /?fileloc=%2Fhome%2Fclavospa%2Ftmp%2Fawstats%2Fawstats082022.ingridbarajas.com.clavo.space.txt&path=%2Fhome%2Fclavospa%2Ftmp%2Fawstats HTTP/1.1" 200 47381 "-" "Mozilla/5.0 AppleWebKit/537.36 (KHTML, like Gecko; compatible; ClaudeBot/1.0; +claudebot@anthropic.com)"
216.73.216.223 - - [28/Feb/2026:07:07:37 -0500] "GET /?fileloc=%2Fhome%2Fclavospa%2Ftmp%2Fawstats%2Fawstats012024.ingridbarajas.com.clavo.space.txt&path=%2Fhome%2Fclavospa%2Ftmp%2Fawstats HTTP/1.1" 200 59982 "-" "Mozilla/5.0 AppleWebKit/537.36 (KHTML, like Gecko; compatible; ClaudeBot/1.0; +claudebot@anthropic.com)"
216.73.216.223 - - [28/Feb/2026:07:07:37 -0500] "GET /?fileloc=%2Fhome%2Fclavospa%2Ftmp%2Fawstats%2Fawstats072024.ingridbarajas.com.clavo.space.txt&path=%2Fhome%2Fclavospa%2Ftmp%2Fawstats HTTP/1.1" 200 53658 "-" "Mozilla/5.0 AppleWebKit/537.36 (KHTML, like Gecko; compatible; ClaudeBot/1.0; +claudebot@anthropic.com)"
216.73.216.223 - - [28/Feb/2026:07:07:37 -0500] "GET /?fileloc=%2Fhome%2Fclavospa%2Fpublic_html%2Fdavidlachapellela.com%2Fwp-content%2Fuploads%2F2022%2F08%2Frico-1536x728.png.webp&path=%2Fhome%2Fclavospa%2Fpublic_html%2Fdavidlachapellela.com%2Fwp-content%2Fuploads%2F2022%2F08 HTTP/1.1" 200 2546 "-" "Mozilla/5.0 AppleWebKit/537.36 (KHTML, like Gecko; compatible; ClaudeBot/1.0; +claudebot@anthropic.com)"
216.73.216.223 - - [28/Feb/2026:07:07:38 -0500] "GET /?fileloc=%2Fhome%2Fclavospa%2Ftmp%2Fawstats%2Fawstats042025.ingridbarajas.com.clavo.space.txt&path=%2Fhome%2Fclavospa%2Ftmp%2Fawstats HTTP/1.1" 200 87864 "-" "Mozilla/5.0 AppleWebKit/537.36 (KHTML, like Gecko; compatible; ClaudeBot/1.0; +claudebot@anthropic.com)"
216.73.216.223 - - [28/Feb/2026:07:07:38 -0500] "GET /?fileloc=%2Fhome%2Fclavospa%2Fpublic_html%2Fdavidlachapellela.com%2Fwp-content%2Fuploads%2F2022%2F08%2F10-300x120.png&path=%2Fhome%2Fclavospa%2Fpublic_html%2Fdavidlachapellela.com%2Fwp-content%2Fuploads%2F2022%2F08 HTTP/1.1" 200 2540 "-" "Mozilla/5.0 AppleWebKit/537.36 (KHTML, like Gecko; compatible; ClaudeBot/1.0; +claudebot@anthropic.com)"
216.73.216.223 - - [28/Feb/2026:07:07:38 -0500] "GET /?fileloc=%2Fhome%2Fclavospa%2Ftmp%2Fawstats%2Fawstats082024.ingridbarajas.com.clavo.space.txt&path=%2Fhome%2Fclavospa%2Ftmp%2Fawstats HTTP/1.1" 200 57072 "-" "Mozilla/5.0 AppleWebKit/537.36 (KHTML, like Gecko; compatible; ClaudeBot/1.0; +claudebot@anthropic.com)"
216.73.216.223 - - [28/Feb/2026:07:07:39 -0500] "GET /?fileloc=%2Fhome%2Fclavospa%2Fpublic_html%2Fdavidlachapellela.com%2Fwp-content%2Fuploads%2F2022%2F07%2Fdlccab2-1024x525.jpg&path=%2Fhome%2Fclavospa%2Fpublic_html%2Fdavidlachapellela.com%2Fwp-content%2Fuploads%2F2022%2F07 HTTP/1.1" 200 2546 "-" "Mozilla/5.0 AppleWebKit/537.36 (KHTML, like Gecko; compatible; ClaudeBot/1.0; +claudebot@anthropic.com)"
216.73.216.61 - - [28/Feb/2026:07:07:39 -0500] "GET /product/mi-cima-ii?fileloc=%2Fhome%2Fclavospa%2Fwww%2Fwp-content%2Fuploads%2F2021%2F03%2FJYM9.png&path=%2Fhome%2Fclavospa%2Fwww%2Fwp-content%2Fuploads%2F2021%2F03 HTTP/1.1" 200 2503 "-" "Mozilla/5.0 AppleWebKit/537.36 (KHTML, like Gecko; compatible; ClaudeBot/1.0; +claudebot@anthropic.com)"
216.73.216.223 - - [28/Feb/2026:07:07:39 -0500] "GET /?fileloc=%2Fhome%2Fclavospa%2Fpublic_html%2Fdavidlachapellela.com%2Fwp-content%2Fuploads%2F2022%2F08%2Fmuy-150x91.png&path=%2Fhome%2Fclavospa%2Fpublic_html%2Fdavidlachapellela.com%2Fwp-content%2Fuploads%2F2022%2F08 HTTP/1.1" 200 2540 "-" "Mozilla/5.0 AppleWebKit/537.36 (KHTML, like Gecko; compatible; ClaudeBot/1.0; +claudebot@anthropic.com)"
216.73.216.223 - - [28/Feb/2026:07:07:39 -0500] "GET /?fileloc=%2Fhome%2Fclavospa%2Ftmp%2Fawstats%2Fawstats062023.ingridbarajas.com.clavo.space.txt&path=%2Fhome%2Fclavospa%2Ftmp%2Fawstats HTTP/1.1" 200 57807 "-" "Mozilla/5.0 AppleWebKit/537.36 (KHTML, like Gecko; compatible; ClaudeBot/1.0; +claudebot@anthropic.com)"
216.73.216.223 - - [28/Feb/2026:07:07:39 -0500] "GET /?fileloc=%2Fhome%2Fclavospa%2Fpublic_html%2Fdavidlachapellela.com%2Fwp-content%2Fuploads%2F2022%2F08%2Frico-300x142.png.webp&path=%2Fhome%2Fclavospa%2Fpublic_html%2Fdavidlachapellela.com%2Fwp-content%2Fuploads%2F2022%2F08 HTTP/1.1" 200 2545 "-" "Mozilla/5.0 AppleWebKit/537.36 (KHTML, like Gecko; compatible; ClaudeBot/1.0; +claudebot@anthropic.com)"
216.73.216.223 - - [28/Feb/2026:07:07:40 -0500] "GET /?fileloc=%2Fhome%2Fclavospa%2Ftmp%2Fawstats%2Fawstats062022.ingridbarajas.com.clavo.space.txt&path=%2Fhome%2Fclavospa%2Ftmp%2Fawstats HTTP/1.1" 200 40123 "-" "Mozilla/5.0 AppleWebKit/537.36 (KHTML, like Gecko; compatible; ClaudeBot/1.0; +claudebot@anthropic.com)"
216.73.216.223 - - [28/Feb/2026:07:07:40 -0500] "GET /?fileloc=%2Fhome%2Fclavospa%2Fpublic_html%2Fdavidlachapellela.com%2Fwp-content%2Fuploads%2F2022%2F08%2Fusina-150x150.jpg.webp&path=%2Fhome%2Fclavospa%2Fpublic_html%2Fdavidlachapellela.com%2Fwp-content%2Fuploads%2F2022%2F08 HTTP/1.1" 200 2545 "-" "Mozilla/5.0 AppleWebKit/537.36 (KHTML, like Gecko; compatible; ClaudeBot/1.0; +claudebot@anthropic.com)"
66.249.79.193 - - [28/Feb/2026:07:07:40 -0500] "GET /commodity/85611110664 HTTP/1.1" 200 24793 "-" "Mozilla/5.0 (Linux; Android 6.0.1; Nexus 5X Build/MMB29P) AppleWebKit/537.36 (KHTML, like Gecko) Chrome/144.0.7559.132 Mobile Safari/537.36 (compatible; GoogleOther)"
216.73.216.223 - - [28/Feb/2026:07:07:40 -0500] "GET /?fileloc=%2Fhome%2Fclavospa%2Fpublic_html%2Fdavidlachapellela.com%2Fwp-content%2Fuploads%2F2022%2F07%2Fdlcuru2-150x150.jpg&path=%2Fhome%2Fclavospa%2Fpublic_html%2Fdavidlachapellela.com%2Fwp-content%2Fuploads%2F2022%2F07 HTTP/1.1" 200 2543 "-" "Mozilla/5.0 AppleWebKit/537.36 (KHTML, like Gecko; compatible; ClaudeBot/1.0; +claudebot@anthropic.com)"
216.73.216.223 - - [28/Feb/2026:07:07:41 -0500] "GET /?fileloc=%2Fhome%2Fclavospa%2Ftmp%2Fawstats%2Fawstats042023.ingridbarajas.com.clavo.space.txt&path=%2Fhome%2Fclavospa%2Ftmp%2Fawstats HTTP/1.1" 200 51453 "-" "Mozilla/5.0 AppleWebKit/537.36 (KHTML, like Gecko; compatible; ClaudeBot/1.0; +claudebot@anthropic.com)"
216.73.216.223 - - [28/Feb/2026:07:07:41 -0500] "GET /?fileloc=%2Fhome%2Fclavospa%2Ftmp%2Fawstats%2Fawstats062024.ingridbarajas.com.clavo.space.txt&path=%2Fhome%2Fclavospa%2Ftmp%2Fawstats HTTP/1.1" 200 77282 "-" "Mozilla/5.0 AppleWebKit/537.36 (KHTML, like Gecko; compatible; ClaudeBot/1.0; +claudebot@anthropic.com)"
216.73.216.223 - - [28/Feb/2026:07:07:41 -0500] "GET /?fileloc=%2Fhome%2Fclavospa%2Fpublic_html%2Fdavidlachapellela.com%2Fwp-content%2Fuploads%2F2022%2F08%2Fdavid1-768x1173.jpg&path=%2Fhome%2Fclavospa%2Fpublic_html%2Fdavidlachapellela.com%2Fwp-content%2Fuploads%2F2022%2F08 HTTP/1.1" 200 2542 "-" "Mozilla/5.0 AppleWebKit/537.36 (KHTML, like Gecko; compatible; ClaudeBot/1.0; +claudebot@anthropic.com)"
216.73.216.223 - - [28/Feb/2026:07:07:41 -0500] "GET /?fileloc=%2Fhome%2Fclavospa%2Ftmp%2Fawstats%2Fawstats042022.ingridbarajas.com.clavo.space.txt&path=%2Fhome%2Fclavospa%2Ftmp%2Fawstats HTTP/1.1" 200 42051 "-" "Mozilla/5.0 AppleWebKit/537.36 (KHTML, like Gecko; compatible; ClaudeBot/1.0; +claudebot@anthropic.com)"
216.73.216.223 - - [28/Feb/2026:07:07:41 -0500] "GET /?fileloc=%2Fhome%2Fclavospa%2Ftmp%2Fawstats%2Fawstats092025.ingridbarajas.com.clavo.space.txt&path=%2Fhome%2Fclavospa%2Ftmp%2Fawstats HTTP/1.1" 200 65218 "-" "Mozilla/5.0 AppleWebKit/537.36 (KHTML, like Gecko; compatible; ClaudeBot/1.0; +claudebot@anthropic.com)"
216.73.216.223 - - [28/Feb/2026:07:07:42 -0500] "GET /?fileloc=%2Fhome%2Fclavospa%2Ftmp%2Fawstats%2Fawstats042024.ingridbarajas.com.clavo.space.txt&path=%2Fhome%2Fclavospa%2Ftmp%2Fawstats HTTP/1.1" 200 61036 "-" "Mozilla/5.0 AppleWebKit/537.36 (KHTML, like Gecko; compatible; ClaudeBot/1.0; +claudebot@anthropic.com)"
216.73.216.223 - - [28/Feb/2026:07:07:42 -0500] "GET /?fileloc=%2Fhome%2Fclavospa%2Fpublic_html%2Fdavidlachapellela.com%2Fwp-content%2Fuploads%2F2022%2F07%2Fxx-150x150.jpg.webp&path=%2Fhome%2Fclavospa%2Fpublic_html%2Fdavidlachapellela.com%2Fwp-content%2Fuploads%2F2022%2F07 HTTP/1.1" 200 2544 "-" "Mozilla/5.0 AppleWebKit/537.36 (KHTML, like Gecko; compatible; ClaudeBot/1.0; +claudebot@anthropic.com)"
216.73.216.223 - - [28/Feb/2026:07:07:43 -0500] "GET /?fileloc=%2Fhome%2Fclavospa%2Fpublic_html%2Fdavidlachapellela.com%2Fwp-content%2Fuploads%2F2022%2F07%2Fzoom1-300x216.png.webp&path=%2Fhome%2Fclavospa%2Fpublic_html%2Fdavidlachapellela.com%2Fwp-content%2Fuploads%2F2022%2F07 HTTP/1.1" 200 2547 "-" "Mozilla/5.0 AppleWebKit/537.36 (KHTML, like Gecko; compatible; ClaudeBot/1.0; +claudebot@anthropic.com)"
216.73.216.223 - - [28/Feb/2026:07:07:43 -0500] "GET /?fileloc=%2Fhome%2Fclavospa%2Fpublic_html%2Fdavidlachapellela.com%2Fwp-content%2Fuploads%2F2022%2F08%2Fdavid1-197x300.jpg&path=%2Fhome%2Fclavospa%2Fpublic_html%2Fdavidlachapellela.com%2Fwp-content%2Fuploads%2F2022%2F08 HTTP/1.1" 200 2541 "-" "Mozilla/5.0 AppleWebKit/537.36 (KHTML, like Gecko; compatible; ClaudeBot/1.0; +claudebot@anthropic.com)"
216.73.216.223 - - [28/Feb/2026:07:07:43 -0500] "GET /?fileloc=%2Fhome%2Fclavospa%2Fpublic_html%2Fingridbarajas.com%2Fwp-admin%2Fimages%2Fimgedit-icons.png&path=%2Fhome%2Fclavospa%2Fpublic_html%2Fingridbarajas.com%2Fwp-admin%2Fimages HTTP/1.1" 200 2516 "-" "Mozilla/5.0 AppleWebKit/537.36 (KHTML, like Gecko; compatible; ClaudeBot/1.0; +claudebot@anthropic.com)"
66.249.79.67 - - [28/Feb/2026:07:07:43 -0500] "GET /commodity/85631881299 HTTP/1.1" 200 24651 "-" "Mozilla/5.0 (Linux; Android 6.0.1; Nexus 5X Build/MMB29P) AppleWebKit/537.36 (KHTML, like Gecko) Chrome/144.0.7559.132 Mobile Safari/537.36 (compatible; GoogleOther)"
216.73.216.223 - - [28/Feb/2026:07:07:43 -0500] "GET /?fileloc=%2Fhome%2Fclavospa%2Fpublic_html%2Fdavidlachapellela.com%2Fwp-content%2Fuploads%2F2022%2F07%2Fzoom1-768x554.png&path=%2Fhome%2Fclavospa%2Fpublic_html%2Fdavidlachapellela.com%2Fwp-content%2Fuploads%2F2022%2F07 HTTP/1.1" 200 2544 "-" "Mozilla/5.0 AppleWebKit/537.36 (KHTML, like Gecko; compatible; ClaudeBot/1.0; +claudebot@anthropic.com)"
216.73.216.223 - - [28/Feb/2026:07:07:43 -0500] "GET /?fileloc=%2Fhome%2Fclavospa%2Fpublic_html%2Fdavidlachapellela.com%2Fwp-content%2Fuploads%2F2022%2F07%2Fzoom1-150x150.png&path=%2Fhome%2Fclavospa%2Fpublic_html%2Fdavidlachapellela.com%2Fwp-content%2Fuploads%2F2022%2F07 HTTP/1.1" 200 2542 "-" "Mozilla/5.0 AppleWebKit/537.36 (KHTML, like Gecko; compatible; ClaudeBot/1.0; +claudebot@anthropic.com)"
216.73.216.223 - - [28/Feb/2026:07:07:44 -0500] "GET /?fileloc=%2Fhome%2Fclavospa%2Fpublic_html%2Fdavidlachapellela.com%2Fwp-content%2Fuploads%2F2022%2F07%2Fcauses02-300x225.jpg&path=%2Fhome%2Fclavospa%2Fpublic_html%2Fdavidlachapellela.com%2Fwp-content%2Fuploads%2F2022%2F07 HTTP/1.1" 200 2546 "-" "Mozilla/5.0 AppleWebKit/537.36 (KHTML, like Gecko; compatible; ClaudeBot/1.0; +claudebot@anthropic.com)"
216.73.216.61 - - [28/Feb/2026:07:07:44 -0500] "GET /product/mi-cima-ii?fileloc=%2Fhome%2Fclavospa%2Fwww%2Fwp-content%2Fuploads%2F2019%2F03%2FGS1-600x603.jpg&path=%2Fhome%2Fclavospa%2Fwww%2Fwp-content%2Fuploads%2F2019%2F03 HTTP/1.1" 200 2510 "-" "Mozilla/5.0 AppleWebKit/537.36 (KHTML, like Gecko; compatible; ClaudeBot/1.0; +claudebot@anthropic.com)"
216.73.216.223 - - [28/Feb/2026:07:07:44 -0500] "GET /?fileloc=%2Fhome%2Fclavospa%2Fpublic_html%2Fdavidlachapellela.com%2Fwp-content%2Fuploads%2F2022%2F08%2Fusina-768x512.jpg.webp&path=%2Fhome%2Fclavospa%2Fpublic_html%2Fdavidlachapellela.com%2Fwp-content%2Fuploads%2F2022%2F08 HTTP/1.1" 200 2547 "-" "Mozilla/5.0 AppleWebKit/537.36 (KHTML, like Gecko; compatible; ClaudeBot/1.0; +claudebot@anthropic.com)"
216.73.216.223 - - [28/Feb/2026:07:07:44 -0500] "GET /?fileloc=%2Fhome%2Fclavospa%2Ftmp%2Fawstats%2Fawstats092023.ingridbarajas.com.clavo.space.txt&path=%2Fhome%2Fclavospa%2Ftmp%2Fawstats HTTP/1.1" 200 62297 "-" "Mozilla/5.0 AppleWebKit/537.36 (KHTML, like Gecko; compatible; ClaudeBot/1.0; +claudebot@anthropic.com)"
216.73.216.223 - - [28/Feb/2026:07:07:44 -0500] "GET /?fileloc=%2Fhome%2Fclavospa%2Fpublic_html%2Fdavidlachapellela.com%2Fwp-content%2Fuploads%2F2022%2F07%2FLOSTFOUND-233x300.png&path=%2Fhome%2Fclavospa%2Fpublic_html%2Fdavidlachapellela.com%2Fwp-content%2Fuploads%2F2022%2F07 HTTP/1.1" 200 2549 "-" "Mozilla/5.0 AppleWebKit/537.36 (KHTML, like Gecko; compatible; ClaudeBot/1.0; +claudebot@anthropic.com)"
216.73.216.223 - - [28/Feb/2026:07:07:45 -0500] "GET /?fileloc=%2Fhome%2Fclavospa%2Ftmp%2Fawstats%2Fawstats092022.ingridbarajas.com.clavo.space.txt&path=%2Fhome%2Fclavospa%2Ftmp%2Fawstats HTTP/1.1" 200 46630 "-" "Mozilla/5.0 AppleWebKit/537.36 (KHTML, like Gecko; compatible; ClaudeBot/1.0; +claudebot@anthropic.com)"
216.73.216.223 - - [28/Feb/2026:07:07:45 -0500] "GET /?fileloc=%2Fhome%2Fclavospa%2Fpublic_html%2Fdavidlachapellela.com%2Fwp-content%2Fuploads%2F2022%2F07%2Fphoto06.jpg&path=%2Fhome%2Fclavospa%2Fpublic_html%2Fdavidlachapellela.com%2Fwp-content%2Fuploads%2F2022%2F07 HTTP/1.1" 200 2538 "-" "Mozilla/5.0 AppleWebKit/537.36 (KHTML, like Gecko; compatible; ClaudeBot/1.0; +claudebot@anthropic.com)"
216.73.216.223 - - [28/Feb/2026:07:07:45 -0500] "GET /?fileloc=%2Fhome%2Fclavospa%2Fpublic_html%2Fdavidlachapellela.com%2Fwp-content%2Fuploads%2F2022%2F08%2F1-768x195.png&path=%2Fhome%2Fclavospa%2Fpublic_html%2Fdavidlachapellela.com%2Fwp-content%2Fuploads%2F2022%2F08 HTTP/1.1" 200 2539 "-" "Mozilla/5.0 AppleWebKit/537.36 (KHTML, like Gecko; compatible; ClaudeBot/1.0; +claudebot@anthropic.com)"
216.73.216.223 - - [28/Feb/2026:07:07:46 -0500] "GET /?fileloc=%2Fhome%2Fclavospa%2Fpublic_html%2Fdavidlachapellela.com%2Fwp-content%2Fuploads%2F2022%2F07%2Fhome01-150x150.jpg.webp&path=%2Fhome%2Fclavospa%2Fpublic_html%2Fdavidlachapellela.com%2Fwp-content%2Fuploads%2F2022%2F07 HTTP/1.1" 200 2545 "-" "Mozilla/5.0 AppleWebKit/537.36 (KHTML, like Gecko; compatible; ClaudeBot/1.0; +claudebot@anthropic.com)"
66.249.79.193 - - [28/Feb/2026:07:07:47 -0500] "GET /?commodity/85621642200 HTTP/1.1" 200 24666 "-" "Mozilla/5.0 (Linux; Android 6.0.1; Nexus 5X Build/MMB29P) AppleWebKit/537.36 (KHTML, like Gecko) Chrome/144.0.7559.132 Mobile Safari/537.36 (compatible; GoogleOther)"
216.73.216.223 - - [28/Feb/2026:07:07:46 -0500] "GET /?fileloc=%2Fhome%2Fclavospa%2Ftmp%2Fawstats%2Fawstats092024.ingridbarajas.com.clavo.space.txt&path=%2Fhome%2Fclavospa%2Ftmp%2Fawstats HTTP/1.1" 200 67331 "-" "Mozilla/5.0 AppleWebKit/537.36 (KHTML, like Gecko; compatible; ClaudeBot/1.0; +claudebot@anthropic.com)"
216.73.216.223 - - [28/Feb/2026:07:07:46 -0500] "GET /?fileloc=%2Fhome%2Fclavospa%2Fpublic_html%2Fdavidlachapellela.com%2Fwp-content%2Fuploads%2F2022%2F07%2Fevent02-150x150.jpg&path=%2Fhome%2Fclavospa%2Fpublic_html%2Fdavidlachapellela.com%2Fwp-content%2Fuploads%2F2022%2F07 HTTP/1.1" 200 2543 "-" "Mozilla/5.0 AppleWebKit/537.36 (KHTML, like Gecko; compatible; ClaudeBot/1.0; +claudebot@anthropic.com)"
64.227.135.166 - - [28/Feb/2026:07:07:46 -0500] "POST /xmlrpc.php HTTP/1.1" 403 4307 "-" "Mozilla/4.0 (compatible; MSIE 7.0; Windows NT 6.1; Trident/7.0; SLCC2; .NET CLR 2.0.50727; .NET CLR 3.5.30729; .NET CLR 3.0.30729; .NET4.0C; .NET4.0E; Tablet PC 2.0; Creative AutoUpdate v1.40.01)"
216.73.216.223 - - [28/Feb/2026:07:07:46 -0500] "GET /?fileloc=%2Fhome%2Fclavospa%2Fpublic_html%2Fdavidlachapellela.com%2Fwp-content%2Fuploads%2F2022%2F07%2Fcauses02-1-150x150.jpg&path=%2Fhome%2Fclavospa%2Fpublic_html%2Fdavidlachapellela.com%2Fwp-content%2Fuploads%2F2022%2F07 HTTP/1.1" 200 2547 "-" "Mozilla/5.0 AppleWebKit/537.36 (KHTML, like Gecko; compatible; ClaudeBot/1.0; +claudebot@anthropic.com)"
216.73.216.223 - - [28/Feb/2026:07:07:47 -0500] "GET /?fileloc=%2Fhome%2Fclavospa%2Fpublic_html%2Fdavidlachapellela.com%2Fwp-content%2Fuploads%2F2022%2F07%2Fbanner-768x576.jpg.webp&path=%2Fhome%2Fclavospa%2Fpublic_html%2Fdavidlachapellela.com%2Fwp-content%2Fuploads%2F2022%2F07 HTTP/1.1" 200 2549 "-" "Mozilla/5.0 AppleWebKit/537.36 (KHTML, like Gecko; compatible; ClaudeBot/1.0; +claudebot@anthropic.com)"
216.73.216.223 - - [28/Feb/2026:07:07:47 -0500] "GET /?fileloc=%2Fhome%2Fclavospa%2Fpublic_html%2Fdavidlachapellela.com%2Fwp-content%2Fuploads%2F2022%2F07%2Fdlcaga1-scaled.jpg&path=%2Fhome%2Fclavospa%2Fpublic_html%2Fdavidlachapellela.com%2Fwp-content%2Fuploads%2F2022%2F07 HTTP/1.1" 200 2542 "-" "Mozilla/5.0 AppleWebKit/537.36 (KHTML, like Gecko; compatible; ClaudeBot/1.0; +claudebot@anthropic.com)"
216.73.216.223 - - [28/Feb/2026:07:07:47 -0500] "GET /?fileloc=%2Fhome%2Fclavospa%2Fpublic_html%2Fdavidlachapellela.com%2Fwp-content%2Fuploads%2F2022%2F08%2FACO-300x176.png&path=%2Fhome%2Fclavospa%2Fpublic_html%2Fdavidlachapellela.com%2Fwp-content%2Fuploads%2F2022%2F08 HTTP/1.1" 200 2542 "-" "Mozilla/5.0 AppleWebKit/537.36 (KHTML, like Gecko; compatible; ClaudeBot/1.0; +claudebot@anthropic.com)"
69.163.140.2 - - [28/Feb/2026:07:07:48 -0500] "GET /wp-login.php HTTP/1.1" 403 4307 "-" "Mozilla/4.0 (compatible; MSIE 7.0; Windows NT 6.1; WOW64; Trident/7.0; SLCC2; .NET CLR 2.0.50727; .NET CLR 3.5.30729; .NET CLR 3.0.30729; Media Center PC 6.0; .NET4.0C; .NET4.0E; MS-RTC LM 8; InfoPath.3)"
216.73.216.223 - - [28/Feb/2026:07:07:48 -0500] "GET /?fileloc=%2Fhome%2Fclavospa%2Fpublic_html%2Fdavidlachapellela.com%2Fwp-admin%2Fimages%2Fw-logo-white.png&path=%2Fhome%2Fclavospa%2Fpublic_html%2Fdavidlachapellela.com%2Fwp-admin%2Fimages HTTP/1.1" 200 2519 "-" "Mozilla/5.0 AppleWebKit/537.36 (KHTML, like Gecko; compatible; ClaudeBot/1.0; +claudebot@anthropic.com)"
216.73.216.223 - - [28/Feb/2026:07:07:48 -0500] "GET /?fileloc=%2Fhome%2Fclavospa%2Fwww%2Fwp-content%2Fuploads%2Fwoocommerce-placeholder-300x300.png&path=%2Fhome%2Fclavospa%2Fwww%2Fwp-content%2Fuploads HTTP/1.1" 200 2495 "-" "Mozilla/5.0 AppleWebKit/537.36 (KHTML, like Gecko; compatible; ClaudeBot/1.0; +claudebot@anthropic.com)"
216.73.216.223 - - [28/Feb/2026:07:07:48 -0500] "GET /?fileloc=%2Fhome%2Fclavospa%2Fpublic_html%2Fdavidlachapellela.com%2Fwp-content%2Fuploads%2F2022%2F08%2Fsau-150x150.jpg&path=%2Fhome%2Fclavospa%2Fpublic_html%2Fdavidlachapellela.com%2Fwp-content%2Fuploads%2F2022%2F08 HTTP/1.1" 200 2541 "-" "Mozilla/5.0 AppleWebKit/537.36 (KHTML, like Gecko; compatible; ClaudeBot/1.0; +claudebot@anthropic.com)"
216.73.216.223 - - [28/Feb/2026:07:07:49 -0500] "GET /?fileloc=%2Fhome%2Fclavospa%2Fpublic_html%2Fdavidlachapellela.com%2Fwp-content%2Fuploads%2F2022%2F08%2Fdlcguard-150x150.png&path=%2Fhome%2Fclavospa%2Fpublic_html%2Fdavidlachapellela.com%2Fwp-content%2Fuploads%2F2022%2F08 HTTP/1.1" 200 2543 "-" "Mozilla/5.0 AppleWebKit/537.36 (KHTML, like Gecko; compatible; ClaudeBot/1.0; +claudebot@anthropic.com)"
216.73.216.223 - - [28/Feb/2026:07:07:49 -0500] "GET /?fileloc=%2Fhome%2Fclavospa%2Fpublic_html%2Fdavidlachapellela.com%2Fwp-content%2Fuploads%2F2022%2F08%2Flima-300x213.png&path=%2Fhome%2Fclavospa%2Fpublic_html%2Fdavidlachapellela.com%2Fwp-content%2Fuploads%2F2022%2F08 HTTP/1.1" 200 2541 "-" "Mozilla/5.0 AppleWebKit/537.36 (KHTML, like Gecko; compatible; ClaudeBot/1.0; +claudebot@anthropic.com)"
216.73.216.223 - - [28/Feb/2026:07:07:49 -0500] "GET /?fileloc=%2Fhome%2Fclavospa%2Fpublic_html%2Fdavidlachapellela.com%2Fwp-content%2Fuploads%2F2022%2F08%2F9-768x299.png&path=%2Fhome%2Fclavospa%2Fpublic_html%2Fdavidlachapellela.com%2Fwp-content%2Fuploads%2F2022%2F08 HTTP/1.1" 200 2539 "-" "Mozilla/5.0 AppleWebKit/537.36 (KHTML, like Gecko; compatible; ClaudeBot/1.0; +claudebot@anthropic.com)"
66.249.79.193 - - [28/Feb/2026:07:07:50 -0500] "GET /commodity/85611283532 HTTP/1.1" 200 25138 "-" "Mozilla/5.0 (Linux; Android 6.0.1; Nexus 5X Build/MMB29P) AppleWebKit/537.36 (KHTML, like Gecko) Chrome/144.0.7559.132 Mobile Safari/537.36 (compatible; GoogleOther)"
216.73.216.61 - - [28/Feb/2026:07:07:49 -0500] "GET /product/mi-cima-ii?fileloc=%2Fhome%2Fclavospa%2Fwww%2Fwp-content%2Fuploads%2F2021%2F03%2FJYM2-200x201.png&path=%2Fhome%2Fclavospa%2Fwww%2Fwp-content%2Fuploads%2F2021%2F03 HTTP/1.1" 200 2510 "-" "Mozilla/5.0 AppleWebKit/537.36 (KHTML, like Gecko; compatible; ClaudeBot/1.0; +claudebot@anthropic.com)"
69.163.140.2 - - [28/Feb/2026:07:07:49 -0500] "POST /wp-login.php HTTP/1.1" 403 4307 "https://212productions.net/wp-login.php" "Mozilla/4.0 (compatible; MSIE 7.0; Windows NT 6.1; WOW64; Trident/7.0; SLCC2; .NET CLR 2.0.50727; .NET CLR 3.5.30729; .NET CLR 3.0.30729; Media Center PC 6.0; .NET4.0C; .NET4.0E; MS-RTC LM 8; InfoPath.3)"
216.73.216.223 - - [28/Feb/2026:07:07:50 -0500] "GET /?fileloc=%2Fhome%2Fclavospa%2Fpublic_html%2Fdavidlachapellela.com%2Fwp-admin%2Fimages%2Fstars.png&path=%2Fhome%2Fclavospa%2Fpublic_html%2Fdavidlachapellela.com%2Fwp-admin%2Fimages HTTP/1.1" 200 2514 "-" "Mozilla/5.0 AppleWebKit/537.36 (KHTML, like Gecko; compatible; ClaudeBot/1.0; +claudebot@anthropic.com)"
216.73.216.223 - - [28/Feb/2026:07:07:50 -0500] "GET /?fileloc=%2Fhome%2Fclavospa%2Fpublic_html%2Fdavidlachapellela.com%2Fwp-content%2Fuploads%2F2022%2F07%2Fevent02-768x512.jpg&path=%2Fhome%2Fclavospa%2Fpublic_html%2Fdavidlachapellela.com%2Fwp-content%2Fuploads%2F2022%2F07 HTTP/1.1" 200 2544 "-" "Mozilla/5.0 AppleWebKit/537.36 (KHTML, like Gecko; compatible; ClaudeBot/1.0; +claudebot@anthropic.com)"
216.73.216.223 - - [28/Feb/2026:07:07:50 -0500] "GET /?fileloc=%2Fhome%2Fclavospa%2Fpublic_html%2Fdavidlachapellela.com%2Fwp-content%2Fuploads%2F2022%2F07%2Fdlccab2-150x150.jpg&path=%2Fhome%2Fclavospa%2Fpublic_html%2Fdavidlachapellela.com%2Fwp-content%2Fuploads%2F2022%2F07 HTTP/1.1" 200 2544 "-" "Mozilla/5.0 AppleWebKit/537.36 (KHTML, like Gecko; compatible; ClaudeBot/1.0; +claudebot@anthropic.com)"
216.73.216.223 - - [28/Feb/2026:07:07:50 -0500] "GET /?fileloc=%2Fhome%2Fclavospa%2Fpublic_html%2Fdavidlachapellela.com%2Fwp-content%2Fuploads%2F2022%2F07%2Fphoto06-1.jpg.webp&path=%2Fhome%2Fclavospa%2Fpublic_html%2Fdavidlachapellela.com%2Fwp-content%2Fuploads%2F2022%2F07 HTTP/1.1" 200 2544 "-" "Mozilla/5.0 AppleWebKit/537.36 (KHTML, like Gecko; compatible; ClaudeBot/1.0; +claudebot@anthropic.com)"
216.73.216.223 - - [28/Feb/2026:07:07:51 -0500] "GET /?fileloc=%2Fhome%2Fclavospa%2Fpublic_html%2Fdavidlachapellela.com%2Fwp-content%2Fuploads%2F2022%2F07%2Faga-150x150.png&path=%2Fhome%2Fclavospa%2Fpublic_html%2Fdavidlachapellela.com%2Fwp-content%2Fuploads%2F2022%2F07 HTTP/1.1" 200 2541 "-" "Mozilla/5.0 AppleWebKit/537.36 (KHTML, like Gecko; compatible; ClaudeBot/1.0; +claudebot@anthropic.com)"
216.73.216.223 - - [28/Feb/2026:07:07:51 -0500] "GET /?fileloc=%2Fhome%2Fclavospa%2Fpublic_html%2Fdavidlachapellela.com%2Fwp-content%2Fuploads%2F2022%2F08%2Frico-768x364.png.webp&path=%2Fhome%2Fclavospa%2Fpublic_html%2Fdavidlachapellela.com%2Fwp-content%2Fuploads%2F2022%2F08 HTTP/1.1" 200 2546 "-" "Mozilla/5.0 AppleWebKit/537.36 (KHTML, like Gecko; compatible; ClaudeBot/1.0; +claudebot@anthropic.com)"
216.73.216.223 - - [28/Feb/2026:07:07:52 -0500] "GET /?fileloc=%2Fhome%2Fclavospa%2Fpublic_html%2Fdavidlachapellela.com%2Fwp-content%2Fuploads%2F2022%2F08%2F5-238x300.png&path=%2Fhome%2Fclavospa%2Fpublic_html%2Fdavidlachapellela.com%2Fwp-content%2Fuploads%2F2022%2F08 HTTP/1.1" 200 2539 "-" "Mozilla/5.0 AppleWebKit/537.36 (KHTML, like Gecko; compatible; ClaudeBot/1.0; +claudebot@anthropic.com)"
216.73.216.223 - - [28/Feb/2026:07:07:52 -0500] "GET /?fileloc=%2Fhome%2Fclavospa%2Fpublic_html%2Fdavidlachapellela.com%2Fwp-admin%2Fimages%2Fmedia-button-music.gif&path=%2Fhome%2Fclavospa%2Fpublic_html%2Fdavidlachapellela.com%2Fwp-admin%2Fimages HTTP/1.1" 200 2520 "-" "Mozilla/5.0 AppleWebKit/537.36 (KHTML, like Gecko; compatible; ClaudeBot/1.0; +claudebot@anthropic.com)"
216.73.216.223 - - [28/Feb/2026:07:07:52 -0500] "GET /?fileloc=%2Fhome%2Fclavospa%2Fpublic_html%2Fdavidlachapellela.com%2Fwp-content%2Fuploads%2F2022%2F08%2F12-300x192.png&path=%2Fhome%2Fclavospa%2Fpublic_html%2Fdavidlachapellela.com%2Fwp-content%2Fuploads%2F2022%2F08 HTTP/1.1" 200 2539 "-" "Mozilla/5.0 AppleWebKit/537.36 (KHTML, like Gecko; compatible; ClaudeBot/1.0; +claudebot@anthropic.com)"
216.244.66.226 - - [28/Feb/2026:07:07:52 -0500] "GET /shop/?add-to-cart=4854&product_order=desc&product_orderby=popularity&product_count=36 HTTP/1.1" 200 69589 "-" "Mozilla/5.0 (compatible; DotBot/1.2; +https://opensiteexplorer.org/dotbot; help@moz.com)"
66.249.79.193 - - [28/Feb/2026:07:07:53 -0500] "GET /commodity/85611403788 HTTP/1.1" 200 24246 "-" "Mozilla/5.0 (Linux; Android 6.0.1; Nexus 5X Build/MMB29P) AppleWebKit/537.36 (KHTML, like Gecko) Chrome/144.0.7559.132 Mobile Safari/537.36 (compatible; GoogleOther)"
216.73.216.223 - - [28/Feb/2026:07:07:52 -0500] "GET /?fileloc=%2Fhome%2Fclavospa%2Fpublic_html%2Fdavidlachapellela.com%2Fwp-content%2Fuploads%2F2022%2F08%2FXX-768x267.png&path=%2Fhome%2Fclavospa%2Fpublic_html%2Fdavidlachapellela.com%2Fwp-content%2Fuploads%2F2022%2F08 HTTP/1.1" 200 2541 "-" "Mozilla/5.0 AppleWebKit/537.36 (KHTML, like Gecko; compatible; ClaudeBot/1.0; +claudebot@anthropic.com)"
216.73.216.223 - - [28/Feb/2026:07:07:52 -0500] "GET /?fileloc=%2Fhome%2Fclavospa%2Fpublic_html%2Fdavidlachapellela.com%2Fwp-content%2Fuploads%2F2022%2F08%2F9-300x117.png.webp&path=%2Fhome%2Fclavospa%2Fpublic_html%2Fdavidlachapellela.com%2Fwp-content%2Fuploads%2F2022%2F08 HTTP/1.1" 200 2543 "-" "Mozilla/5.0 AppleWebKit/537.36 (KHTML, like Gecko; compatible; ClaudeBot/1.0; +claudebot@anthropic.com)"
216.73.216.223 - - [28/Feb/2026:07:07:52 -0500] "GET /?fileloc=%2Fhome%2Fclavospa%2Fpublic_html%2Fdavidlachapellela.com%2Fwp-content%2Fuploads%2F2022%2F08%2Frico-1024x485.png.webp&path=%2Fhome%2Fclavospa%2Fpublic_html%2Fdavidlachapellela.com%2Fwp-content%2Fuploads%2F2022%2F08 HTTP/1.1" 200 2546 "-" "Mozilla/5.0 AppleWebKit/537.36 (KHTML, like Gecko; compatible; ClaudeBot/1.0; +claudebot@anthropic.com)"
216.73.216.223 - - [28/Feb/2026:07:07:53 -0500] "GET /?fileloc=%2Fhome%2Fclavospa%2Fpublic_html%2Fdavidlachapellela.com%2Fwp-content%2Fuploads%2F2022%2F08%2FACO-1536x902.png&path=%2Fhome%2Fclavospa%2Fpublic_html%2Fdavidlachapellela.com%2Fwp-content%2Fuploads%2F2022%2F08 HTTP/1.1" 200 2543 "-" "Mozilla/5.0 AppleWebKit/537.36 (KHTML, like Gecko; compatible; ClaudeBot/1.0; +claudebot@anthropic.com)"
64.227.135.166 - - [28/Feb/2026:07:07:53 -0500] "POST /xmlrpc.php HTTP/1.1" 403 4307 "-" "Mozilla/4.0 (compatible; MSIE 7.0; Windows NT 6.1; Trident/7.0; SLCC2; .NET CLR 2.0.50727; .NET CLR 3.5.30729; .NET CLR 3.0.30729; .NET4.0C; .NET4.0E; Tablet PC 2.0; Creative AutoUpdate v1.40.01)"
216.73.216.223 - - [28/Feb/2026:07:07:53 -0500] "GET /?fileloc=%2Fhome%2Fclavospa%2Fpublic_html%2Fdavidlachapellela.com%2Fwp-content%2Fuploads%2F2022%2F08%2F12-768x492.png&path=%2Fhome%2Fclavospa%2Fpublic_html%2Fdavidlachapellela.com%2Fwp-content%2Fuploads%2F2022%2F08 HTTP/1.1" 200 2540 "-" "Mozilla/5.0 AppleWebKit/537.36 (KHTML, like Gecko; compatible; ClaudeBot/1.0; +claudebot@anthropic.com)"
216.73.216.61 - - [28/Feb/2026:07:07:54 -0500] "GET /product/mi-cima-ii?fileloc=%2Fhome%2Fclavospa%2Fwww%2Fwp-content%2Fuploads%2F2019%2F03%2Farti9-66x66.jpg&path=%2Fhome%2Fclavospa%2Fwww%2Fwp-content%2Fuploads%2F2019%2F03 HTTP/1.1" 200 2509 "-" "Mozilla/5.0 AppleWebKit/537.36 (KHTML, like Gecko; compatible; ClaudeBot/1.0; +claudebot@anthropic.com)"
216.73.216.223 - - [28/Feb/2026:07:07:55 -0500] "GET /?fileloc=%2Fhome%2Fclavospa%2Fwww%2Fwp-content%2Fuploads%2Fwoocommerce-placeholder-300x214.png&path=%2Fhome%2Fclavospa%2Fwww%2Fwp-content%2Fuploads HTTP/1.1" 200 2496 "-" "Mozilla/5.0 AppleWebKit/537.36 (KHTML, like Gecko; compatible; ClaudeBot/1.0; +claudebot@anthropic.com)"
216.73.216.223 - - [28/Feb/2026:07:07:55 -0500] "GET /?fileloc=%2Fhome%2Fclavospa%2Fpublic_html%2Fdavidlachapellela.com%2Fwp-content%2Fuploads%2F2022%2F08%2Fchaco-1536x1024.png&path=%2Fhome%2Fclavospa%2Fpublic_html%2Fdavidlachapellela.com%2Fwp-content%2Fuploads%2F2022%2F08 HTTP/1.1" 200 2544 "-" "Mozilla/5.0 AppleWebKit/537.36 (KHTML, like Gecko; compatible; ClaudeBot/1.0; +claudebot@anthropic.com)"
66.249.79.67 - - [28/Feb/2026:07:07:56 -0500] "GET /page/2/?h=ewk5t98o9t8un6p HTTP/1.1" 200 24749 "-" "Mozilla/5.0 (Linux; Android 6.0.1; Nexus 5X Build/MMB29P) AppleWebKit/537.36 (KHTML, like Gecko) Chrome/144.0.7559.132 Mobile Safari/537.36 (compatible; GoogleOther)"
216.73.216.223 - - [28/Feb/2026:07:07:55 -0500] "GET /?fileloc=%2Fhome%2Fclavospa%2Fpublic_html%2Fdavidlachapellela.com%2Fwp-content%2Fuploads%2F2022%2F08%2FBOGOTA-300x199.png&path=%2Fhome%2Fclavospa%2Fpublic_html%2Fdavidlachapellela.com%2Fwp-content%2Fuploads%2F2022%2F08 HTTP/1.1" 200 2545 "-" "Mozilla/5.0 AppleWebKit/537.36 (KHTML, like Gecko; compatible; ClaudeBot/1.0; +claudebot@anthropic.com)"
216.73.216.223 - - [28/Feb/2026:07:07:55 -0500] "GET /?fileloc=%2Fhome%2Fclavospa%2Ftmp%2Fawstats%2Fawstats112022.clavo.space.txt&path=%2Fhome%2Fclavospa%2Ftmp%2Fawstats HTTP/1.1" 200 109865 "-" "Mozilla/5.0 AppleWebKit/537.36 (KHTML, like Gecko; compatible; ClaudeBot/1.0; +claudebot@anthropic.com)"
216.73.216.223 - - [28/Feb/2026:07:07:55 -0500] "GET /?fileloc=%2Fhome%2Fclavospa%2Fpublic_html%2Fdavidlachapellela.com%2Fwp-content%2Fuploads%2F2022%2F07%2Fhome02-768x960.jpg.webp&path=%2Fhome%2Fclavospa%2Fpublic_html%2Fdavidlachapellela.com%2Fwp-content%2Fuploads%2F2022%2F07 HTTP/1.1" 200 2546 "-" "Mozilla/5.0 AppleWebKit/537.36 (KHTML, like Gecko; compatible; ClaudeBot/1.0; +claudebot@anthropic.com)"
216.73.216.223 - - [28/Feb/2026:07:07:55 -0500] "GET /?fileloc=%2Fhome%2Fclavospa%2Fpublic_html%2Fdavidlachapellela.com%2Fwp-content%2Fuploads%2F2022%2F07%2Fbanner-150x150.jpg.webp&path=%2Fhome%2Fclavospa%2Fpublic_html%2Fdavidlachapellela.com%2Fwp-content%2Fuploads%2F2022%2F07 HTTP/1.1" 200 2546 "-" "Mozilla/5.0 AppleWebKit/537.36 (KHTML, like Gecko; compatible; ClaudeBot/1.0; +claudebot@anthropic.com)"
216.73.216.223 - - [28/Feb/2026:07:07:57 -0500] "GET /?fileloc=%2Fhome%2Fclavospa%2Fpublic_html%2Fdavidlachapellela.com%2Fwp-content%2Fuploads%2F2022%2F08%2Flima-768x544.png&path=%2Fhome%2Fclavospa%2Fpublic_html%2Fdavidlachapellela.com%2Fwp-content%2Fuploads%2F2022%2F08 HTTP/1.1" 200 2542 "-" "Mozilla/5.0 AppleWebKit/537.36 (KHTML, like Gecko; compatible; ClaudeBot/1.0; +claudebot@anthropic.com)"
216.73.216.223 - - [28/Feb/2026:07:07:57 -0500] "GET /?fileloc=%2Fhome%2Fclavospa%2Fpublic_html%2Fdavidlachapellela.com%2Fwp-admin%2Fimages%2Falign-center-2x.png&path=%2Fhome%2Fclavospa%2Fpublic_html%2Fdavidlachapellela.com%2Fwp-admin%2Fimages HTTP/1.1" 200 2518 "-" "Mozilla/5.0 AppleWebKit/537.36 (KHTML, like Gecko; compatible; ClaudeBot/1.0; +claudebot@anthropic.com)"
216.73.216.223 - - [28/Feb/2026:07:07:56 -0500] "GET /?fileloc=%2Fhome%2Fclavospa%2Ftmp%2Fawstats%2Fawstats022025.davidlachapellela.com.clavo.space.txt&path=%2Fhome%2Fclavospa%2Ftmp%2Fawstats HTTP/1.1" 200 53194 "-" "Mozilla/5.0 AppleWebKit/537.36 (KHTML, like Gecko; compatible; ClaudeBot/1.0; +claudebot@anthropic.com)"
216.73.216.223 - - [28/Feb/2026:07:07:57 -0500] "GET /?fileloc=%2Fhome%2Fclavospa%2Fpublic_html%2Fdavidlachapellela.com%2Fwp-content%2Fuploads%2F2022%2F08%2F11-300x195.png.webp&path=%2Fhome%2Fclavospa%2Fpublic_html%2Fdavidlachapellela.com%2Fwp-content%2Fuploads%2F2022%2F08 HTTP/1.1" 200 2543 "-" "Mozilla/5.0 AppleWebKit/537.36 (KHTML, like Gecko; compatible; ClaudeBot/1.0; +claudebot@anthropic.com)"
216.73.216.223 - - [28/Feb/2026:07:07:57 -0500] "GET /?fileloc=%2Fhome%2Fclavospa%2Fpublic_html%2Fingridbarajas.com%2Fwp-admin%2Fimages%2Ficons32-2x.png&path=%2Fhome%2Fclavospa%2Fpublic_html%2Fingridbarajas.com%2Fwp-admin%2Fimages HTTP/1.1" 200 2516 "-" "Mozilla/5.0 AppleWebKit/537.36 (KHTML, like Gecko; compatible; ClaudeBot/1.0; +claudebot@anthropic.com)"
216.73.216.223 - - [28/Feb/2026:07:07:57 -0500] "GET /?fileloc=%2Fhome%2Fclavospa%2Fpublic_html%2Fdavidlachapellela.com%2Fwp-content%2Fuploads%2F2022%2F07%2Fcontact-bg.jpg&path=%2Fhome%2Fclavospa%2Fpublic_html%2Fdavidlachapellela.com%2Fwp-content%2Fuploads%2F2022%2F07 HTTP/1.1" 200 2539 "-" "Mozilla/5.0 AppleWebKit/537.36 (KHTML, like Gecko; compatible; ClaudeBot/1.0; +claudebot@anthropic.com)"
216.73.216.223 - - [28/Feb/2026:07:07:58 -0500] "GET /?fileloc=%2Fhome%2Fclavospa%2Fpublic_html%2Fdavidlachapellela.com%2Fwp-content%2Fuploads%2F2022%2F07%2Fdlczoom1-scaled.jpg&path=%2Fhome%2Fclavospa%2Fpublic_html%2Fdavidlachapellela.com%2Fwp-content%2Fuploads%2F2022%2F07 HTTP/1.1" 200 2544 "-" "Mozilla/5.0 AppleWebKit/537.36 (KHTML, like Gecko; compatible; ClaudeBot/1.0; +claudebot@anthropic.com)"
216.73.216.223 - - [28/Feb/2026:07:07:58 -0500] "GET /?fileloc=%2Fhome%2Fclavospa%2Ftmp%2Fawstats%2Fawstats022023.davidlachapellela.com.clavo.space.txt&path=%2Fhome%2Fclavospa%2Ftmp%2Fawstats HTTP/1.1" 200 48261 "-" "Mozilla/5.0 AppleWebKit/537.36 (KHTML, like Gecko; compatible; ClaudeBot/1.0; +claudebot@anthropic.com)"
66.249.79.193 - - [28/Feb/2026:07:07:59 -0500] "GET /?commodity/85611230183 HTTP/1.1" 200 24599 "-" "Mozilla/5.0 (Linux; Android 6.0.1; Nexus 5X Build/MMB29P) AppleWebKit/537.36 (KHTML, like Gecko) Chrome/144.0.7559.132 Mobile Safari/537.36 (compatible; GoogleOther)"
216.73.216.223 - - [28/Feb/2026:07:07:58 -0500] "GET /?fileloc=%2Fhome%2Fclavospa%2Fpublic_html%2Fdavidlachapellela.com%2Fwp-content%2Fuploads%2F2022%2F08%2FXX-1024x357.png&path=%2Fhome%2Fclavospa%2Fpublic_html%2Fdavidlachapellela.com%2Fwp-content%2Fuploads%2F2022%2F08 HTTP/1.1" 200 2541 "-" "Mozilla/5.0 AppleWebKit/537.36 (KHTML, like Gecko; compatible; ClaudeBot/1.0; +claudebot@anthropic.com)"
216.73.216.223 - - [28/Feb/2026:07:07:59 -0500] "GET /?fileloc=%2Fhome%2Fclavospa%2Fpublic_html%2Fingridbarajas.com%2Fwp-admin%2Fimages%2Ficons32-vs-2x.png&path=%2Fhome%2Fclavospa%2Fpublic_html%2Fingridbarajas.com%2Fwp-admin%2Fimages HTTP/1.1" 200 2519 "-" "Mozilla/5.0 AppleWebKit/537.36 (KHTML, like Gecko; compatible; ClaudeBot/1.0; +claudebot@anthropic.com)"
216.73.216.223 - - [28/Feb/2026:07:07:58 -0500] "GET /?fileloc=%2Fhome%2Fclavospa%2Fpublic_html%2Fnew.davidlachapelleamor.com%2Fwp-includes%2Fblocks%2Faccordion-item%2Fblock.json&path=%2Fhome%2Fclavospa%2Fpublic_html%2Fnew.davidlachapelleamor.com%2Fwp-includes%2Fblocks%2Faccordion-item HTTP/1.1" 200 3046 "-" "Mozilla/5.0 AppleWebKit/537.36 (KHTML, like Gecko; compatible; ClaudeBot/1.0; +claudebot@anthropic.com)"
216.73.216.223 - - [28/Feb/2026:07:07:59 -0500] "GET /?fileloc=%2Fhome%2Fclavospa%2Ftmp%2Fawstats%2Fawstats022026.davidlachapellela.com.clavo.space.txt&path=%2Fhome%2Fclavospa%2Ftmp%2Fawstats HTTP/1.1" 200 90068 "-" "Mozilla/5.0 AppleWebKit/537.36 (KHTML, like Gecko; compatible; ClaudeBot/1.0; +claudebot@anthropic.com)"
216.73.216.223 - - [28/Feb/2026:07:07:59 -0500] "GET /?fileloc=%2Fhome%2Fclavospa%2Fpublic_html%2Fdavidlachapellela.com%2Fwp-content%2Fuploads%2F2022%2F08%2F11-768x500.png&path=%2Fhome%2Fclavospa%2Fpublic_html%2Fdavidlachapellela.com%2Fwp-content%2Fuploads%2F2022%2F08 HTTP/1.1" 200 2541 "-" "Mozilla/5.0 AppleWebKit/537.36 (KHTML, like Gecko; compatible; ClaudeBot/1.0; +claudebot@anthropic.com)"
216.73.216.61 - - [28/Feb/2026:07:07:59 -0500] "GET /product/mi-cima-ii?fileloc=%2Fhome%2Fclavospa%2Fwww%2Fwp-content%2Fuploads%2F2021%2F03%2FContemplacion-800x700.jpg&path=%2Fhome%2Fclavospa%2Fwww%2Fwp-content%2Fuploads%2F2021%2F03 HTTP/1.1" 200 2514 "-" "Mozilla/5.0 AppleWebKit/537.36 (KHTML, like Gecko; compatible; ClaudeBot/1.0; +claudebot@anthropic.com)"
216.73.216.223 - - [28/Feb/2026:07:08:00 -0500] "GET /?fileloc=%2Fhome%2Fclavospa%2Fpublic_html%2Fdavidlachapellela.com%2Fwp-content%2Fuploads%2F2022%2F07%2Faga-215x300.png.webp&path=%2Fhome%2Fclavospa%2Fpublic_html%2Fdavidlachapellela.com%2Fwp-content%2Fuploads%2F2022%2F07 HTTP/1.1" 200 2545 "-" "Mozilla/5.0 AppleWebKit/537.36 (KHTML, like Gecko; compatible; ClaudeBot/1.0; +claudebot@anthropic.com)"
216.73.216.223 - - [28/Feb/2026:07:08:00 -0500] "GET /?fileloc=%2Fhome%2Fclavospa%2Fpublic_html%2Fdavidlachapellela.com%2Fwp-content%2Fuploads%2F2022%2F07%2Fdlcacsi1-scaled.jpg&path=%2Fhome%2Fclavospa%2Fpublic_html%2Fdavidlachapellela.com%2Fwp-content%2Fuploads%2F2022%2F07 HTTP/1.1" 200 2542 "-" "Mozilla/5.0 AppleWebKit/537.36 (KHTML, like Gecko; compatible; ClaudeBot/1.0; +claudebot@anthropic.com)"
216.73.216.223 - - [28/Feb/2026:07:08:00 -0500] "GET /?fileloc=%2Fhome%2Fclavospa%2Fpublic_html%2Fdavidlachapellela.com%2Fwp-content%2Fuploads%2F2022%2F08%2F8-300x220.png&path=%2Fhome%2Fclavospa%2Fpublic_html%2Fdavidlachapellela.com%2Fwp-content%2Fuploads%2F2022%2F08 HTTP/1.1" 200 2539 "-" "Mozilla/5.0 AppleWebKit/537.36 (KHTML, like Gecko; compatible; ClaudeBot/1.0; +claudebot@anthropic.com)"
216.73.216.223 - - [28/Feb/2026:07:08:01 -0500] "GET /?fileloc=%2Fhome%2Fclavospa%2Fpublic_html%2Fdavidlachapellela.com%2Fwp-content%2Fuploads%2F2022%2F08%2FACO-1024x601.png&path=%2Fhome%2Fclavospa%2Fpublic_html%2Fdavidlachapellela.com%2Fwp-content%2Fuploads%2F2022%2F08 HTTP/1.1" 200 2542 "-" "Mozilla/5.0 AppleWebKit/537.36 (KHTML, like Gecko; compatible; ClaudeBot/1.0; +claudebot@anthropic.com)"
216.73.216.223 - - [28/Feb/2026:07:08:01 -0500] "GET /?fileloc=%2Fhome%2Fclavospa%2Ftmp%2Fawstats%2Fawstats022024.davidlachapellela.com.clavo.space.txt&path=%2Fhome%2Fclavospa%2Ftmp%2Fawstats HTTP/1.1" 200 75223 "-" "Mozilla/5.0 AppleWebKit/537.36 (KHTML, like Gecko; compatible; ClaudeBot/1.0; +claudebot@anthropic.com)"
216.73.216.223 - - [28/Feb/2026:07:08:01 -0500] "GET /?fileloc=%2Fhome%2Fclavospa%2Fpublic_html%2Fdavidlachapellela.com%2Fwp-content%2Fuploads%2F2022%2F07%2Fzip-215x300.png&path=%2Fhome%2Fclavospa%2Fpublic_html%2Fdavidlachapellela.com%2Fwp-content%2Fuploads%2F2022%2F07 HTTP/1.1" 200 2542 "-" "Mozilla/5.0 AppleWebKit/537.36 (KHTML, like Gecko; compatible; ClaudeBot/1.0; +claudebot@anthropic.com)"
216.73.216.223 - - [28/Feb/2026:07:08:01 -0500] "GET /?fileloc=%2Fhome%2Fclavospa%2Fpublic_html%2Fdavidlachapellela.com%2Fwp-content%2Fuploads%2F2022%2F07%2Fmusa-150x150.png.webp&path=%2Fhome%2Fclavospa%2Fpublic_html%2Fdavidlachapellela.com%2Fwp-content%2Fuploads%2F2022%2F07 HTTP/1.1" 200 2544 "-" "Mozilla/5.0 AppleWebKit/537.36 (KHTML, like Gecko; compatible; ClaudeBot/1.0; +claudebot@anthropic.com)"
66.249.79.193 - - [28/Feb/2026:07:08:02 -0500] "GET /commodity/85611460158 HTTP/1.1" 200 25451 "-" "Mozilla/5.0 (Linux; Android 6.0.1; Nexus 5X Build/MMB29P) AppleWebKit/537.36 (KHTML, like Gecko) Chrome/144.0.7559.132 Mobile Safari/537.36 (compatible; GoogleOther)"
216.73.216.223 - - [28/Feb/2026:07:08:02 -0500] "GET /?fileloc=%2Fhome%2Fclavospa%2Fpublic_html%2Fdavidlachapellela.com%2Fwp-content%2Fuploads%2F2022%2F08%2Flima-1024x725.png&path=%2Fhome%2Fclavospa%2Fpublic_html%2Fdavidlachapellela.com%2Fwp-content%2Fuploads%2F2022%2F08 HTTP/1.1" 200 2543 "-" "Mozilla/5.0 AppleWebKit/537.36 (KHTML, like Gecko; compatible; ClaudeBot/1.0; +claudebot@anthropic.com)"
216.73.216.223 - - [28/Feb/2026:07:08:02 -0500] "GET /?fileloc=%2Fhome%2Fclavospa%2Ftmp%2Fawstats%2Fawstats122022.netzero.212productions.net.txt&path=%2Fhome%2Fclavospa%2Ftmp%2Fawstats HTTP/1.1" 200 13310 "-" "Mozilla/5.0 AppleWebKit/537.36 (KHTML, like Gecko; compatible; ClaudeBot/1.0; +claudebot@anthropic.com)"
216.73.216.223 - - [28/Feb/2026:07:08:03 -0500] "GET /?fileloc=%2Fhome%2Fclavospa%2Fpublic_html%2Fnew.davidlachapelleamor.com%2Fwp-includes%2Fblocks%2Faccordion-item%2F.htaccess&path=%2Fhome%2Fclavospa%2Fpublic_html%2Fnew.davidlachapelleamor.com%2Fwp-includes%2Fblocks%2Faccordion-item HTTP/1.1" 200 2678 "-" "Mozilla/5.0 AppleWebKit/537.36 (KHTML, like Gecko; compatible; ClaudeBot/1.0; +claudebot@anthropic.com)"
216.73.216.223 - - [28/Feb/2026:07:08:03 -0500] "GET /?fileloc=%2Fhome%2Fclavospa%2Fpublic_html%2Fdavidlachapellela.com%2Fwp-content%2Fuploads%2F2022%2F07%2Fcauses01-300x200.jpg&path=%2Fhome%2Fclavospa%2Fpublic_html%2Fdavidlachapellela.com%2Fwp-content%2Fuploads%2F2022%2F07 HTTP/1.1" 200 2546 "-" "Mozilla/5.0 AppleWebKit/537.36 (KHTML, like Gecko; compatible; ClaudeBot/1.0; +claudebot@anthropic.com)"
216.73.216.223 - - [28/Feb/2026:07:08:03 -0500] "GET /?fileloc=%2Fhome%2Fclavospa%2Fpublic_html%2Fdavidlachapellela.com%2Fwp-content%2Fuploads%2F2022%2F08%2FXX-150x150.png&path=%2Fhome%2Fclavospa%2Fpublic_html%2Fdavidlachapellela.com%2Fwp-content%2Fuploads%2F2022%2F08 HTTP/1.1" 200 2539 "-" "Mozilla/5.0 AppleWebKit/537.36 (KHTML, like Gecko; compatible; ClaudeBot/1.0; +claudebot@anthropic.com)"
216.73.216.223 - - [28/Feb/2026:07:08:03 -0500] "GET /?fileloc=%2Fhome%2Fclavospa%2Ftmp%2Fawstats%2Fawstats102022.netzero.212productions.net.txt&path=%2Fhome%2Fclavospa%2Ftmp%2Fawstats HTTP/1.1" 200 10530 "-" "Mozilla/5.0 AppleWebKit/537.36 (KHTML, like Gecko; compatible; ClaudeBot/1.0; +claudebot@anthropic.com)"
216.73.216.223 - - [28/Feb/2026:07:08:03 -0500] "GET /?fileloc=%2Fhome%2Fclavospa%2Fpublic_html%2Fdavidlachapellela.com%2Fwp-content%2Fuploads%2F2022%2F08%2F10-768x306.png&path=%2Fhome%2Fclavospa%2Fpublic_html%2Fdavidlachapellela.com%2Fwp-content%2Fuploads%2F2022%2F08 HTTP/1.1" 200 2541 "-" "Mozilla/5.0 AppleWebKit/537.36 (KHTML, like Gecko; compatible; ClaudeBot/1.0; +claudebot@anthropic.com)"
216.73.216.223 - - [28/Feb/2026:07:08:04 -0500] "GET /?fileloc=%2Fhome%2Fclavospa%2Fpublic_html%2Fdavidlachapellela.com%2Fwp-content%2Fuploads%2F2022%2F08%2FACO-768x451.png&path=%2Fhome%2Fclavospa%2Fpublic_html%2Fdavidlachapellela.com%2Fwp-content%2Fuploads%2F2022%2F08 HTTP/1.1" 200 2542 "-" "Mozilla/5.0 AppleWebKit/537.36 (KHTML, like Gecko; compatible; ClaudeBot/1.0; +claudebot@anthropic.com)"
66.249.79.67 - - [28/Feb/2026:07:08:05 -0500] "GET /commodity/85621686681 HTTP/1.1" 200 24203 "-" "Mozilla/5.0 (Linux; Android 6.0.1; Nexus 5X Build/MMB29P) AppleWebKit/537.36 (KHTML, like Gecko) Chrome/144.0.7559.132 Mobile Safari/537.36 (compatible; GoogleOther)"
216.73.216.223 - - [28/Feb/2026:07:08:04 -0500] "GET /?fileloc=%2Fhome%2Fclavospa%2Fpublic_html%2Fdavidlachapellela.com%2Fwp-content%2Fuploads%2F2022%2F08%2Fdavid1-671x1024.jpg&path=%2Fhome%2Fclavospa%2Fpublic_html%2Fdavidlachapellela.com%2Fwp-content%2Fuploads%2F2022%2F08 HTTP/1.1" 200 2542 "-" "Mozilla/5.0 AppleWebKit/537.36 (KHTML, like Gecko; compatible; ClaudeBot/1.0; +claudebot@anthropic.com)"
216.73.216.223 - - [28/Feb/2026:07:08:04 -0500] "GET /?fileloc=%2Fhome%2Fclavospa%2Fpublic_html%2Fdavidlachapellela.com%2Fwp-content%2Fuploads%2F2022%2F08%2Frico-150x150.png.webp&path=%2Fhome%2Fclavospa%2Fpublic_html%2Fdavidlachapellela.com%2Fwp-content%2Fuploads%2F2022%2F08 HTTP/1.1" 200 2544 "-" "Mozilla/5.0 AppleWebKit/537.36 (KHTML, like Gecko; compatible; ClaudeBot/1.0; +claudebot@anthropic.com)"
216.73.216.223 - - [28/Feb/2026:07:08:04 -0500] "GET /?fileloc=%2Fhome%2Fclavospa%2Fpublic_html%2Fdavidlachapellela.com%2Fwp-content%2Fuploads%2F2022%2F08%2Fmuy-300x60.png.webp&path=%2Fhome%2Fclavospa%2Fpublic_html%2Fdavidlachapellela.com%2Fwp-content%2Fuploads%2F2022%2F08 HTTP/1.1" 200 2543 "-" "Mozilla/5.0 AppleWebKit/537.36 (KHTML, like Gecko; compatible; ClaudeBot/1.0; +claudebot@anthropic.com)"
216.73.216.61 - - [28/Feb/2026:07:08:04 -0500] "GET /product/mi-cima-ii?fileloc=%2Fhome%2Fclavospa%2Fwww%2Fwp-content%2Fuploads%2F2019%2F03%2Farti2-300x300.jpg&path=%2Fhome%2Fclavospa%2Fwww%2Fwp-content%2Fuploads%2F2019%2F03 HTTP/1.1" 200 2509 "-" "Mozilla/5.0 AppleWebKit/537.36 (KHTML, like Gecko; compatible; ClaudeBot/1.0; +claudebot@anthropic.com)"
216.73.216.223 - - [28/Feb/2026:07:08:05 -0500] "GET /?fileloc=%2Fhome%2Fclavospa%2Fpublic_html%2Fdavidlachapellela.com%2Fwp-content%2Fuploads%2F2022%2F08%2Fchaco-300x200.png&path=%2Fhome%2Fclavospa%2Fpublic_html%2Fdavidlachapellela.com%2Fwp-content%2Fuploads%2F2022%2F08 HTTP/1.1" 200 2542 "-" "Mozilla/5.0 AppleWebKit/537.36 (KHTML, like Gecko; compatible; ClaudeBot/1.0; +claudebot@anthropic.com)"
216.73.216.223 - - [28/Feb/2026:07:08:05 -0500] "GET /?fileloc=%2Fhome%2Fclavospa%2Fpublic_html%2Fdavidlachapellela.com%2Fwp-content%2Fuploads%2F2022%2F07%2Fkids01.jpg&path=%2Fhome%2Fclavospa%2Fpublic_html%2Fdavidlachapellela.com%2Fwp-content%2Fuploads%2F2022%2F07 HTTP/1.1" 200 2537 "-" "Mozilla/5.0 AppleWebKit/537.36 (KHTML, like Gecko; compatible; ClaudeBot/1.0; +claudebot@anthropic.com)"
216.73.216.223 - - [28/Feb/2026:07:08:05 -0500] "GET /?fileloc=%2Fhome%2Fclavospa%2Ftmp%2Fawstats%2Fawstats052022.netzero.212productions.net.txt&path=%2Fhome%2Fclavospa%2Ftmp%2Fawstats HTTP/1.1" 200 12906 "-" "Mozilla/5.0 AppleWebKit/537.36 (KHTML, like Gecko; compatible; ClaudeBot/1.0; +claudebot@anthropic.com)"
216.73.216.223 - - [28/Feb/2026:07:08:05 -0500] "GET /?fileloc=%2Fhome%2Fclavospa%2Fpublic_html%2Fdavidlachapellela.com%2Fwp-content%2Fuploads%2F2022%2F07%2FLOSTFOUND-150x150.png&path=%2Fhome%2Fclavospa%2Fpublic_html%2Fdavidlachapellela.com%2Fwp-content%2Fuploads%2F2022%2F07 HTTP/1.1" 200 2548 "-" "Mozilla/5.0 AppleWebKit/537.36 (KHTML, like Gecko; compatible; ClaudeBot/1.0; +claudebot@anthropic.com)"
216.73.216.223 - - [28/Feb/2026:07:08:06 -0500] "GET /?fileloc=%2Fhome%2Fclavospa%2Fpublic_html%2Fdavidlachapellela.com%2Fwp-content%2Fuploads%2F2022%2F08%2F11-150x150.png&path=%2Fhome%2Fclavospa%2Fpublic_html%2Fdavidlachapellela.com%2Fwp-content%2Fuploads%2F2022%2F08 HTTP/1.1" 200 2539 "-" "Mozilla/5.0 AppleWebKit/537.36 (KHTML, like Gecko; compatible; ClaudeBot/1.0; +claudebot@anthropic.com)"
216.73.216.223 - - [28/Feb/2026:07:08:06 -0500] "GET /?fileloc=%2Fhome%2Fclavospa%2Fpublic_html%2Fdavidlachapellela.com%2Fwp-content%2Fuploads%2F2022%2F08%2F212_logo2x11.png&path=%2Fhome%2Fclavospa%2Fpublic_html%2Fdavidlachapellela.com%2Fwp-content%2Fuploads%2F2022%2F08 HTTP/1.1" 200 2542 "-" "Mozilla/5.0 AppleWebKit/537.36 (KHTML, like Gecko; compatible; ClaudeBot/1.0; +claudebot@anthropic.com)"
216.73.216.223 - - [28/Feb/2026:07:08:06 -0500] "GET /?fileloc=%2Fhome%2Fclavospa%2Ftmp%2Fawstats%2Fawstats022025.latitud212.com.clavo.space.txt&path=%2Fhome%2Fclavospa%2Ftmp%2Fawstats HTTP/1.1" 200 54709 "-" "Mozilla/5.0 AppleWebKit/537.36 (KHTML, like Gecko; compatible; ClaudeBot/1.0; +claudebot@anthropic.com)"
216.73.216.223 - - [28/Feb/2026:07:08:06 -0500] "GET /?fileloc=%2Fhome%2Fclavospa%2Fpublic_html%2Fingridbarajas.com%2Fwp-includes%2Fimages%2Fw-logo-blue-white-bg.png&path=%2Fhome%2Fclavospa%2Fpublic_html%2Fingridbarajas.com%2Fwp-includes%2Fimages HTTP/1.1" 200 2524 "-" "Mozilla/5.0 AppleWebKit/537.36 (KHTML, like Gecko; compatible; ClaudeBot/1.0; +claudebot@anthropic.com)"
216.73.216.223 - - [28/Feb/2026:07:08:07 -0500] "GET /?fileloc=%2Fhome%2Fclavospa%2Fpublic_html%2Fdavidlachapellela.com%2Fwp-content%2Fuploads%2F2022%2F08%2F12-150x150.png&path=%2Fhome%2Fclavospa%2Fpublic_html%2Fdavidlachapellela.com%2Fwp-content%2Fuploads%2F2022%2F08 HTTP/1.1" 200 2539 "-" "Mozilla/5.0 AppleWebKit/537.36 (KHTML, like Gecko; compatible; ClaudeBot/1.0; +claudebot@anthropic.com)"
216.73.216.223 - - [28/Feb/2026:07:08:07 -0500] "GET /?fileloc=%2Fhome%2Fclavospa%2Ftmp%2Fawstats%2Fawstats112023.clavo.space.txt&path=%2Fhome%2Fclavospa%2Ftmp%2Fawstats HTTP/1.1" 200 156409 "-" "Mozilla/5.0 AppleWebKit/537.36 (KHTML, like Gecko; compatible; ClaudeBot/1.0; +claudebot@anthropic.com)"
216.73.216.223 - - [28/Feb/2026:07:08:07 -0500] "GET /?fileloc=%2Fhome%2Fclavospa%2Ftmp%2Fawstats%2Fawstats022023.latitud212.com.clavo.space.txt&path=%2Fhome%2Fclavospa%2Ftmp%2Fawstats HTTP/1.1" 200 50457 "-" "Mozilla/5.0 AppleWebKit/537.36 (KHTML, like Gecko; compatible; ClaudeBot/1.0; +claudebot@anthropic.com)"
66.249.79.68 - - [28/Feb/2026:07:08:08 -0500] "GET /commodity/85621838302 HTTP/1.1" 200 24353 "-" "Mozilla/5.0 (Linux; Android 6.0.1; Nexus 5X Build/MMB29P) AppleWebKit/537.36 (KHTML, like Gecko) Chrome/144.0.7559.132 Mobile Safari/537.36 (compatible; GoogleOther)"
216.73.216.223 - - [28/Feb/2026:07:08:08 -0500] "GET /?fileloc=%2Fhome%2Fclavospa%2Fpublic_html%2Fdavidlachapellela.com%2Fwp-content%2Fuploads%2F2022%2F08%2Fdavid1-150x150.jpg&path=%2Fhome%2Fclavospa%2Fpublic_html%2Fdavidlachapellela.com%2Fwp-content%2Fuploads%2F2022%2F08 HTTP/1.1" 200 2540 "-" "Mozilla/5.0 AppleWebKit/537.36 (KHTML, like Gecko; compatible; ClaudeBot/1.0; +claudebot@anthropic.com)"
74.7.241.135 - - [28/Feb/2026:07:08:09 -0500] "GET /robots.txt HTTP/1.1" 200 181 "-" "Mozilla/5.0 (Macintosh; Intel Mac OS X 10_15_7) AppleWebKit/537.36 (KHTML, like Gecko) Chrome/131.0.0.0 Safari/537.36; compatible; OAI-SearchBot/1.3; robots.txt; +https://openai.com/searchbot"
216.73.216.223 - - [28/Feb/2026:07:08:08 -0500] "GET /?fileloc=%2Fhome%2Fclavospa%2Fpublic_html%2Fdavidlachapellela.com%2Fwp-content%2Fuploads%2F2022%2F08%2F2-300x194.png&path=%2Fhome%2Fclavospa%2Fpublic_html%2Fdavidlachapellela.com%2Fwp-content%2Fuploads%2F2022%2F08 HTTP/1.1" 200 2539 "-" "Mozilla/5.0 AppleWebKit/537.36 (KHTML, like Gecko; compatible; ClaudeBot/1.0; +claudebot@anthropic.com)"
216.73.216.223 - - [28/Feb/2026:07:08:08 -0500] "GET /?fileloc=%2Fhome%2Fclavospa%2Ftmp%2Fawstats%2Fawstats022026.latitud212.com.clavo.space.txt&path=%2Fhome%2Fclavospa%2Ftmp%2Fawstats HTTP/1.1" 200 62521 "-" "Mozilla/5.0 AppleWebKit/537.36 (KHTML, like Gecko; compatible; ClaudeBot/1.0; +claudebot@anthropic.com)"
216.73.216.223 - - [28/Feb/2026:07:08:08 -0500] "GET /?fileloc=%2Fhome%2Fclavospa%2Fpublic_html%2Fdavidlachapellela.com%2Fwp-content%2Fuploads%2F2022%2F08%2FBOGOTA-1024x681.png&path=%2Fhome%2Fclavospa%2Fpublic_html%2Fdavidlachapellela.com%2Fwp-content%2Fuploads%2F2022%2F08 HTTP/1.1" 200 2546 "-" "Mozilla/5.0 AppleWebKit/537.36 (KHTML, like Gecko; compatible; ClaudeBot/1.0; +claudebot@anthropic.com)"
