20.220.196.236 - - [27/Feb/2026:12:21:01 -0500] "GET /wp-admin/images/wp-conflg.php HTTP/1.1" 404 49668 "-" "-"
20.220.196.236 - - [27/Feb/2026:12:21:02 -0500] "GET /wp-admin/images/wp-conflg.php HTTP/1.1" 404 49661 "-" "-"
20.220.196.236 - - [27/Feb/2026:12:21:03 -0500] "GET /info.php HTTP/1.1" 404 9342 "-" "-"
20.220.196.236 - - [27/Feb/2026:12:21:04 -0500] "GET /about.php HTTP/1.1" 404 9341 "-" "-"
20.220.196.236 - - [27/Feb/2026:12:21:05 -0500] "GET /x/ HTTP/1.1" 404 9333 "-" "-"
20.220.196.236 - - [27/Feb/2026:12:21:06 -0500] "GET /222.php HTTP/1.1" 404 9339 "-" "-"
20.220.196.236 - - [27/Feb/2026:12:21:07 -0500] "GET //adminfuns.php HTTP/1.1" 301 - "-" "-"
20.220.196.236 - - [27/Feb/2026:12:21:08 -0500] "GET /adminfuns.php HTTP/1.1" 404 9328 "-" "-"
20.220.196.236 - - [27/Feb/2026:12:21:09 -0500] "GET /wp-includes/PHPMailer/ HTTP/1.1" 200 548 "-" "-"
20.220.196.236 - - [27/Feb/2026:12:21:09 -0500] "GET /xx.php HTTP/1.1" 404 9341 "-" "-"
20.220.196.236 - - [27/Feb/2026:12:21:10 -0500] "GET /wp-admin/js/wp-conflg.php HTTP/1.1" 404 49677 "-" "-"
20.220.196.236 - - [27/Feb/2026:12:21:11 -0500] "GET /f5.php HTTP/1.1" 404 9333 "-" "-"
20.220.196.236 - - [27/Feb/2026:12:21:12 -0500] "GET /flower.php HTTP/1.1" 404 9340 "-" "-"
20.220.196.236 - - [27/Feb/2026:12:21:14 -0500] "GET //f6.php HTTP/1.1" 301 - "-" "-"
20.220.196.236 - - [27/Feb/2026:12:21:14 -0500] "GET /f6.php HTTP/1.1" 404 9333 "-" "-"
20.220.196.236 - - [27/Feb/2026:12:21:15 -0500] "GET //edit.php HTTP/1.1" 301 - "-" "-"
20.220.196.236 - - [27/Feb/2026:12:21:16 -0500] "GET /edit.php HTTP/1.1" 404 9330 "-" "-"
20.220.196.236 - - [27/Feb/2026:12:21:17 -0500] "GET //wp-includes/js/dist/ HTTP/1.1" 200 2287 "-" "-"
20.220.196.236 - - [27/Feb/2026:12:21:17 -0500] "GET /wp-includes/SimplePie/ HTTP/1.1" 200 464 "-" "-"
20.220.196.236 - - [27/Feb/2026:12:21:17 -0500] "GET /wp-includes/Text/Diff/Engine/about.php HTTP/1.1" 404 9355 "-" "-"
20.220.196.236 - - [27/Feb/2026:12:21:18 -0500] "GET /wsd.php HTTP/1.1" 404 9335 "-" "-"
20.220.196.236 - - [27/Feb/2026:12:21:20 -0500] "GET /jane.php HTTP/1.1" 404 9334 "-" "-"
20.220.196.236 - - [27/Feb/2026:12:21:20 -0500] "GET /css.php HTTP/1.1" 404 9326 "-" "-"
20.220.196.236 - - [27/Feb/2026:12:21:21 -0500] "GET /alfa.php HTTP/1.1" 404 9333 "-" "-"
20.220.196.236 - - [27/Feb/2026:12:21:22 -0500] "GET /x.php HTTP/1.1" 404 9339 "-" "-"
20.220.196.236 - - [27/Feb/2026:12:21:23 -0500] "GET /xxxx.php HTTP/1.1" 404 9335 "-" "-"
20.220.196.236 - - [27/Feb/2026:12:21:25 -0500] "GET //class.php HTTP/1.1" 301 - "-" "-"
20.220.196.236 - - [27/Feb/2026:12:21:26 -0500] "GET /class.php HTTP/1.1" 404 9331 "-" "-"
20.220.196.236 - - [27/Feb/2026:12:21:27 -0500] "GET /f35.php HTTP/1.1" 404 9338 "-" "-"
20.220.196.236 - - [27/Feb/2026:12:21:28 -0500] "GET /wp-admin/about.php HTTP/1.1" 302 - "-" "-"
20.220.196.236 - - [27/Feb/2026:12:21:29 -0500] "GET /wp-admin/about.php HTTP/1.1" 302 - "-" "-"
20.220.196.236 - - [27/Feb/2026:12:21:31 -0500] "GET /wp-login.php?redirect_to=https%3A%2F%2Fwww.davidlachapelleamor.com.clavo.space%2Fwp-admin%2Fabout.php&reauth=1 HTTP/1.1" 200 1997 "-" "-"
20.220.196.236 - - [27/Feb/2026:12:21:32 -0500] "GET /update/f35.php HTTP/1.1" 404 9337 "-" "-"
20.220.196.236 - - [27/Feb/2026:12:21:33 -0500] "GET /wp-content/themes/about.php HTTP/1.1" 404 9363 "-" "-"
20.220.196.236 - - [27/Feb/2026:12:21:34 -0500] "GET /class-t.api.php HTTP/1.1" 404 9332 "-" "-"
20.220.196.236 - - [27/Feb/2026:12:21:37 -0500] "GET /.well-known/gecko-litespeed.php HTTP/1.1" 404 49639 "-" "-"
20.220.196.236 - - [27/Feb/2026:12:21:39 -0500] "GET /wp-admin/maint/about.php HTTP/1.1" 404 49668 "-" "-"
20.220.196.236 - - [27/Feb/2026:12:21:40 -0500] "GET /wp-content/admin.php HTTP/1.1" 404 9324 "-" "-"
20.220.196.236 - - [27/Feb/2026:12:21:41 -0500] "GET /wp-admin/setup-config.php HTTP/1.1" 409 2665 "-" "-"
20.220.196.236 - - [27/Feb/2026:12:21:42 -0500] "GET /wp-includes/ID3/about.php?p= HTTP/1.1" 301 - "-" "-"
20.220.196.236 - - [27/Feb/2026:12:21:43 -0500] "GET /wp-includes/ID3/about.php HTTP/1.1" 404 9357 "-" "-"
20.220.196.236 - - [27/Feb/2026:12:21:45 -0500] "GET /.well-known/admin.php HTTP/1.1" 404 49623 "-" "-"
20.220.196.236 - - [27/Feb/2026:12:21:47 -0500] "GET /init.php HTTP/1.1" 404 9333 "-" "-"
20.220.196.236 - - [27/Feb/2026:12:21:47 -0500] "GET /wp-content/plugins/pwnd/as.php HTTP/1.1" 404 9358 "-" "-"
20.220.196.236 - - [27/Feb/2026:12:21:48 -0500] "GET /k.php HTTP/1.1" 404 9331 "-" "-"
20.220.196.236 - - [27/Feb/2026:12:21:50 -0500] "GET /bless.php HTTP/1.1" 404 9333 "-" "-"
20.220.196.236 - - [27/Feb/2026:12:21:51 -0500] "GET /X7x.php HTTP/1.1" 404 9337 "-" "-"
20.220.196.236 - - [27/Feb/2026:12:21:52 -0500] "GET /166.php HTTP/1.1" 404 9339 "-" "-"
20.220.196.236 - - [27/Feb/2026:12:21:53 -0500] "GET /plss3.php HTTP/1.1" 404 9340 "-" "-"
20.220.196.236 - - [27/Feb/2026:12:21:53 -0500] "GET /wp-admin/user/about.php HTTP/1.1" 302 - "-" "-"
162.253.224.18 - - [27/Feb/2026:12:21:57 -0500] "POST /wp-cron.php?doing_wp_cron=1772212917.6774671077728271484375 HTTP/1.1" 200 - "-" "WordPress/6.9; https://davidlachapelleamor.com"
20.220.196.236 - - [27/Feb/2026:12:21:55 -0500] "GET /wp-admin/user/about.php HTTP/1.1" 302 - "-" "-"
20.220.196.236 - - [27/Feb/2026:12:21:57 -0500] "GET /wp-login.php?redirect_to=https%3A%2F%2Fwww.davidlachapelleamor.com.clavo.space%2Fwp-admin%2Fuser%2Fabout.php&reauth=1 HTTP/1.1" 200 1999 "-" "-"
20.220.196.236 - - [27/Feb/2026:12:21:59 -0500] "GET /admins.php HTTP/1.1" 404 9328 "-" "-"
20.220.196.236 - - [27/Feb/2026:12:22:00 -0500] "GET /wp.php HTTP/1.1" 404 9332 "-" "-"
20.220.196.236 - - [27/Feb/2026:12:22:01 -0500] "GET /main.php HTTP/1.1" 404 9323 "-" "-"
20.220.196.236 - - [27/Feb/2026:12:22:03 -0500] "GET /a1.php HTTP/1.1" 404 9335 "-" "-"
20.220.196.236 - - [27/Feb/2026:12:22:04 -0500] "GET /lala.php HTTP/1.1" 404 9340 "-" "-"
20.220.196.236 - - [27/Feb/2026:12:22:05 -0500] "GET /aaa.php HTTP/1.1" 404 9330 "-" "-"
20.220.196.236 - - [27/Feb/2026:12:22:06 -0500] "GET /a2.php HTTP/1.1" 404 9333 "-" "-"
20.220.196.236 - - [27/Feb/2026:12:22:08 -0500] "GET /wp-includes/assets/index.php HTTP/1.1" 301 - "-" "-"
20.220.196.236 - - [27/Feb/2026:12:22:09 -0500] "GET /wp-includes/assets/ HTTP/1.1" 200 529 "-" "-"
20.220.196.236 - - [27/Feb/2026:12:22:09 -0500] "GET /jsond.php HTTP/1.1" 404 9336 "-" "-"
20.220.196.236 - - [27/Feb/2026:12:22:10 -0500] "GET //av.php HTTP/1.1" 301 - "-" "-"
20.220.196.236 - - [27/Feb/2026:12:22:11 -0500] "GET /av.php HTTP/1.1" 404 9338 "-" "-"
162.253.224.18 - - [27/Feb/2026:12:23:33 -0500] "POST /wp-cron.php?doing_wp_cron=1772213013.1664960384368896484375 HTTP/1.1" 200 - "-" "WordPress/6.9; https://davidlachapelleamor.com"
65.111.9.172 - - [27/Feb/2026:12:23:31 -0500] "GET /contacto/ HTTP/1.1" 200 10062 "-" "Mozilla/5.0 (X11; Linux x86_64) AppleWebKit/537.36 (KHTML, like Gecko) Chrome/114.0.0.0 Safari/537.36"
65.111.9.172 - - [27/Feb/2026:12:23:34 -0500] "POST /contacto/ HTTP/1.1" 200 10063 "https://davidlachapelleamor.com/contacto/" "Mozilla/5.0 (X11; Linux x86_64) AppleWebKit/537.36 (KHTML, like Gecko) Chrome/114.0.0.0 Safari/537.36"
65.111.9.172 - - [27/Feb/2026:12:23:36 -0500] "POST /contacto/ HTTP/1.1" 200 10063 "https://davidlachapelleamor.com/contacto/" "Mozilla/5.0 (X11; Linux x86_64) AppleWebKit/537.36 (KHTML, like Gecko) Chrome/114.0.0.0 Safari/537.36"
162.253.224.18 - - [27/Feb/2026:12:25:26 -0500] "POST /wp-cron.php?doing_wp_cron=1772213126.8161110877990722656250 HTTP/1.1" 200 - "-" "WordPress/6.9; https://davidlachapelleamor.com"
110.249.201.69 - - [27/Feb/2026:12:25:26 -0500] "GET /robots.txt HTTP/1.1" 200 118 "-" "Mozilla/5.0 (Linux; Android 5.0) AppleWebKit/537.36 (KHTML, like Gecko) Mobile Safari/537.36 (compatible; Bytespider; https://zhanzhang.toutiao.com/)"
162.253.224.18 - - [27/Feb/2026:12:30:38 -0500] "POST /wp-cron.php?doing_wp_cron=1772213438.7960240840911865234375 HTTP/1.1" 200 - "-" "WordPress/6.9; https://davidlachapelleamor.com"
114.119.132.72 - - [27/Feb/2026:12:30:38 -0500] "GET /artista HTTP/1.1" 301 - "-" "Mozilla/5.0 (Linux; Android 7.0;) AppleWebKit/537.36 (KHTML, like Gecko) Mobile Safari/537.36 (compatible; PetalBot;+https://webmaster.petalsearch.com/site/petalbot)"
114.119.132.72 - - [27/Feb/2026:12:30:41 -0500] "GET /artista/ HTTP/1.1" 200 11693 "-" "Mozilla/5.0 (Linux; Android 7.0;) AppleWebKit/537.36 (KHTML, like Gecko) Mobile Safari/537.36 (compatible; PetalBot;+https://webmaster.petalsearch.com/site/petalbot)"
162.253.224.18 - - [27/Feb/2026:12:34:29 -0500] "POST /wp-cron.php?doing_wp_cron=1772213669.1795029640197753906250 HTTP/1.1" 200 - "-" "WordPress/6.9; https://davidlachapelleamor.com"
35.205.159.124 - - [27/Feb/2026:12:34:27 -0500] "GET / HTTP/1.1" 301 - "-" "python-requests/2.23.0"
162.253.224.18 - - [27/Feb/2026:12:37:19 -0500] "POST /wp-cron.php?doing_wp_cron=1772213839.6272339820861816406250 HTTP/1.1" 200 - "-" "WordPress/6.9; https://davidlachapelleamor.com"
44.195.201.244 - - [27/Feb/2026:12:37:18 -0500] "GET /robots.txt HTTP/1.1" 200 118 "-" "Mozilla/5.0 (Macintosh; Intel Mac OS X 10_10_1) AppleWebKit/600.2.5 (KHTML, like Gecko) Version/8.0.2 Safari/600.2.5 (Gort)"
207.46.13.52 - - [27/Feb/2026:12:37:54 -0500] "GET /sitemap.xml.gz HTTP/1.1" 301 - "-" "Mozilla/5.0 AppleWebKit/537.36 (KHTML, like Gecko; compatible; bingbot/2.0; +http://www.bing.com/bingbot.htm) Chrome/116.0.1938.76 Safari/537.36"
162.253.224.18 - - [27/Feb/2026:12:37:57 -0500] "POST /wp-cron.php?doing_wp_cron=1772213877.7037999629974365234375 HTTP/1.1" 200 - "-" "WordPress/6.9; https://davidlachapelleamor.com"
207.46.13.52 - - [27/Feb/2026:12:37:56 -0500] "GET /wp-sitemap.xml HTTP/1.1" 200 259 "-" "Mozilla/5.0 AppleWebKit/537.36 (KHTML, like Gecko; compatible; bingbot/2.0; +http://www.bing.com/bingbot.htm) Chrome/116.0.1938.76 Safari/537.36"
51.68.107.156 - - [27/Feb/2026:12:38:29 -0500] "GET / HTTP/1.1" 200 14768 "-" "Mozilla/5.0 (compatible; MJ12bot/v2.0.5; http://mj12bot.com/)"
162.253.224.18 - - [27/Feb/2026:12:48:23 -0500] "POST /wp-cron.php?doing_wp_cron=1772214503.0843360424041748046875 HTTP/1.1" 200 - "-" "WordPress/6.9; https://davidlachapelleamor.com"
187.63.97.89 - - [27/Feb/2026:12:48:22 -0500] "POST /xmlrpc.php HTTP/1.1" 200 403 "-" "Mozilla/5.0 (Linux; Android 10; x86) AppleWebKit/537.36 (KHTML, like Gecko) Chrome/82.0.0.0 Safari/537.36"
162.253.224.18 - - [27/Feb/2026:12:53:48 -0500] "POST /wp-cron.php?doing_wp_cron=1772214828.8920660018920898437500 HTTP/1.1" 200 - "-" "WordPress/6.9; https://davidlachapelleamor.com"
187.63.97.89 - - [27/Feb/2026:12:53:48 -0500] "GET /wp-json/wp/v2/users HTTP/1.1" 200 795 "-" "Mozilla/4.0 (compatible; Win32; WinHttp.WinHttpRequest.5)"
162.253.224.18 - - [27/Feb/2026:12:54:12 -0500] "POST /wp-cron.php?doing_wp_cron=1772214852.3151619434356689453125 HTTP/1.1" 200 - "-" "WordPress/6.9; https://davidlachapelleamor.com"
36.232.72.196 - - [27/Feb/2026:12:54:11 -0500] "GET /wp-json/wp/v2/posts HTTP/1.1" 200 1557 "-" "Mozilla/5.0 (Windows NT 10.0; Win64; x64) AppleWebKit/537.36 (KHTML, like Gecko) Chrome/120.0.0.0 Safari/537.36"
162.253.224.18 - - [27/Feb/2026:12:55:42 -0500] "POST /wp-cron.php?doing_wp_cron=1772214942.2463068962097167968750 HTTP/1.1" 200 - "-" "WordPress/6.9; https://davidlachapelleamor.com"
187.63.97.89 - - [27/Feb/2026:12:55:41 -0500] "POST /xmlrpc.php HTTP/1.1" 200 403 "-" "Mozilla/5.0 (X11; Ubuntu; Linux x86_64; arm64) AppleWebKit/537.36 (KHTML, like Gecko) Chrome/104.0.0.0 Safari/537.36"
162.253.224.18 - - [27/Feb/2026:12:57:05 -0500] "POST /wp-cron.php?doing_wp_cron=1772215025.9031629562377929687500 HTTP/1.1" 200 - "-" "WordPress/6.9; https://davidlachapelleamor.com"
187.63.97.89 - - [27/Feb/2026:12:57:05 -0500] "POST /xmlrpc.php HTTP/1.1" 200 403 "-" "Mozilla/5.0 (X11; Ubuntu; Linux x86_64; x64) AppleWebKit/537.36 (KHTML, like Gecko) Edge/89.0.0.0 Safari/537.36"
51.75.151.149 - - [27/Feb/2026:13:19:00 -0500] "GET /about.php?520 HTTP/1.1" 404 9313 "-" "Mozilla/5.0 (Windows NT 10.0; Win64; x64) AppleWebKit/537.36 (KHTML, like Gecko) Chrome/127.0.0.0 Safari/537.36"
162.253.224.18 - - [27/Feb/2026:13:19:02 -0500] "POST /wp-cron.php?doing_wp_cron=1772216342.1897120475769042968750 HTTP/1.1" 200 - "-" "WordPress/6.9; https://davidlachapelleamor.com"
51.75.151.149 - - [27/Feb/2026:13:19:00 -0500] "GET /admin.php?520 HTTP/1.1" 404 9310 "-" "Mozilla/5.0 (Windows NT 10.0; Win64; x64) AppleWebKit/537.36 (KHTML, like Gecko) Chrome/127.0.0.0 Safari/537.36"
162.253.224.18 - - [27/Feb/2026:13:21:48 -0500] "POST /wp-cron.php?doing_wp_cron=1772216508.0993990898132324218750 HTTP/1.1" 200 - "-" "WordPress/6.9; https://davidlachapelleamor.com"
51.75.151.149 - - [27/Feb/2026:13:21:47 -0500] "GET /wp-json/teknocore/v1/ HTTP/1.1" 404 117 "-" "Mozilla/5.0 (Windows NT 10.0; Win64; x64) AppleWebKit/537.36 (KHTML, like Gecko) Chrome/127.0.0.0 Safari/537.36"
162.253.224.18 - - [27/Feb/2026:14:02:40 -0500] "POST /wp-cron.php?doing_wp_cron=1772218960.9534480571746826171875 HTTP/1.1" 200 - "-" "WordPress/6.9; https://davidlachapelleamor.com"
154.65.39.7 - - [27/Feb/2026:14:02:40 -0500] "GET /wp-json/wp/v2/posts HTTP/1.1" 200 1557 "-" "Mozilla/5.0 (Windows NT 10.0; Win64; x64) AppleWebKit/537.36 (KHTML, like Gecko) Chrome/120.0.0.0 Safari/537.36"
162.253.224.18 - - [27/Feb/2026:14:22:38 -0500] "POST /wp-cron.php?doing_wp_cron=1772220158.7087919712066650390625 HTTP/1.1" 200 - "-" "WordPress/6.9; https://davidlachapelleamor.com"
114.119.157.4 - - [27/Feb/2026:14:22:37 -0500] "GET /solicitudes HTTP/1.1" 301 - "https://davidlachapelleamor.com/author/admin_DLC_AMOR" "Mozilla/5.0 (Linux; Android 7.0;) AppleWebKit/537.36 (KHTML, like Gecko) Mobile Safari/537.36 (compatible; PetalBot;+https://webmaster.petalsearch.com/site/petalbot)"
114.119.157.4 - - [27/Feb/2026:14:22:39 -0500] "GET /solicitudes/ HTTP/1.1" 200 14092 "https://davidlachapelleamor.com/author/admin_DLC_AMOR" "Mozilla/5.0 (Linux; Android 7.0;) AppleWebKit/537.36 (KHTML, like Gecko) Mobile Safari/537.36 (compatible; PetalBot;+https://webmaster.petalsearch.com/site/petalbot)"
162.253.224.18 - - [27/Feb/2026:14:26:06 -0500] "POST /wp-cron.php?doing_wp_cron=1772220366.2335999011993408203125 HTTP/1.1" 200 - "-" "WordPress/6.9; https://davidlachapelleamor.com"
216.73.216.82 - - [27/Feb/2026:14:26:04 -0500] "GET /robots.txt HTTP/1.1" 200 118 "-" "Mozilla/5.0 AppleWebKit/537.36 (KHTML, like Gecko; compatible; ClaudeBot/1.0; +claudebot@anthropic.com)"
216.73.216.82 - - [27/Feb/2026:14:26:06 -0500] "GET /wp-sitemap.xml HTTP/1.1" 200 259 "-" "Mozilla/5.0 AppleWebKit/537.36 (KHTML, like Gecko; compatible; ClaudeBot/1.0; +claudebot@anthropic.com)"
36.111.67.189 - - [27/Feb/2026:14:26:18 -0500] "GET / HTTP/1.1" 301 - "-" "Mozilla/5.0 (iPhone; CPU iPhone OS 13_2_3 like Mac OS X) AppleWebKit/605.1.15 (KHTML, like Gecko) Version/13.0.3 Mobile/15E148 Safari/604.1"
36.111.67.189 - - [27/Feb/2026:14:26:20 -0500] "GET / HTTP/1.1" 200 13914 "http://davidlachapelleamor.com" "Mozilla/5.0 (iPhone; CPU iPhone OS 13_2_3 like Mac OS X) AppleWebKit/605.1.15 (KHTML, like Gecko) Version/13.0.3 Mobile/15E148 Safari/604.1"
162.253.224.18 - - [27/Feb/2026:14:36:15 -0500] "POST /wp-cron.php?doing_wp_cron=1772220975.0333490371704101562500 HTTP/1.1" 200 - "-" "WordPress/6.9; https://davidlachapelleamor.com"
74.7.244.44 - - [27/Feb/2026:14:36:12 -0500] "GET /robots.txt HTTP/1.1" 200 118 "-" "Mozilla/5.0 (Macintosh; Intel Mac OS X 10_15_7) AppleWebKit/537.36 (KHTML, like Gecko) Chrome/131.0.0.0 Safari/537.36; compatible; OAI-SearchBot/1.3; robots.txt; +https://openai.com/searchbot"
74.7.175.160 - - [27/Feb/2026:14:36:12 -0500] "GET /robots.txt HTTP/1.1" 301 - "-" "Mozilla/5.0 (Macintosh; Intel Mac OS X 10_15_7) AppleWebKit/537.36 (KHTML, like Gecko) Chrome/131.0.0.0 Safari/537.36; compatible; OAI-SearchBot/1.3; robots.txt; +https://openai.com/searchbot"
74.7.175.160 - - [27/Feb/2026:14:36:15 -0500] "GET /robots.txt HTTP/1.1" 200 118 "https://www.davidlachapelleamor.com/robots.txt" "Mozilla/5.0 (Macintosh; Intel Mac OS X 10_15_7) AppleWebKit/537.36 (KHTML, like Gecko) Chrome/131.0.0.0 Safari/537.36; compatible; OAI-SearchBot/1.3; robots.txt; +https://openai.com/searchbot"
162.253.224.18 - - [27/Feb/2026:14:46:43 -0500] "POST /wp-cron.php?doing_wp_cron=1772221603.8527519702911376953125 HTTP/1.1" 200 - "-" "WordPress/6.9; https://davidlachapelleamor.com"
43.159.138.217 - - [27/Feb/2026:14:46:43 -0500] "GET / HTTP/1.1" 301 - "-" "Mozilla/5.0 (iPhone; CPU iPhone OS 13_2_3 like Mac OS X) AppleWebKit/605.1.15 (KHTML, like Gecko) Version/13.0.3 Mobile/15E148 Safari/604.1"
43.159.138.217 - - [27/Feb/2026:14:46:47 -0500] "GET / HTTP/1.1" 200 13927 "http://davidlachapelleamor.com" "Mozilla/5.0 (iPhone; CPU iPhone OS 13_2_3 like Mac OS X) AppleWebKit/605.1.15 (KHTML, like Gecko) Version/13.0.3 Mobile/15E148 Safari/604.1"
162.253.224.18 - - [27/Feb/2026:14:55:20 -0500] "POST /wp-cron.php?doing_wp_cron=1772222120.7927908897399902343750 HTTP/1.1" 200 - "-" "WordPress/6.9; https://davidlachapelleamor.com"
74.243.251.125 - - [27/Feb/2026:14:55:19 -0500] "GET /wp-content/plugins/hellopress/wp_filemanager.php HTTP/1.1" 404 9343 "-" "-"
74.243.251.125 - - [27/Feb/2026:14:55:21 -0500] "GET /asc.php HTTP/1.1" 404 9313 "-" "-"
162.253.224.18 - - [27/Feb/2026:14:57:12 -0500] "POST /wp-cron.php?doing_wp_cron=1772222232.7385959625244140625000 HTTP/1.1" 200 - "-" "WordPress/6.9; https://davidlachapelleamor.com"
185.191.171.9 - - [27/Feb/2026:14:57:11 -0500] "GET /robots.txt HTTP/1.1" 200 118 "-" "Mozilla/5.0 (compatible; SemrushBot/7~bl; +http://www.semrush.com/bot.html)"
85.208.96.211 - - [27/Feb/2026:14:57:12 -0500] "GET /maecenas-imperdiet-neque/ HTTP/1.1" 200 10708 "-" "Mozilla/5.0 (compatible; SemrushBot/7~bl; +http://www.semrush.com/bot.html)"
162.253.224.18 - - [27/Feb/2026:15:02:41 -0500] "POST /wp-cron.php?doing_wp_cron=1772222561.9551548957824707031250 HTTP/1.1" 200 - "-" "WordPress/6.9; https://davidlachapelleamor.com"
43.131.39.179 - - [27/Feb/2026:15:02:41 -0500] "GET / HTTP/1.1" 301 - "-" "Mozilla/5.0 (iPhone; CPU iPhone OS 13_2_3 like Mac OS X) AppleWebKit/605.1.15 (KHTML, like Gecko) Version/13.0.3 Mobile/15E148 Safari/604.1"
43.131.39.179 - - [27/Feb/2026:15:02:43 -0500] "GET / HTTP/1.1" 200 13931 "http://www.davidlachapelleamor.com" "Mozilla/5.0 (iPhone; CPU iPhone OS 13_2_3 like Mac OS X) AppleWebKit/605.1.15 (KHTML, like Gecko) Version/13.0.3 Mobile/15E148 Safari/604.1"
162.253.224.18 - - [27/Feb/2026:15:14:38 -0500] "POST /wp-cron.php?doing_wp_cron=1772223278.0472750663757324218750 HTTP/1.1" 200 - "-" "WordPress/6.9; https://davidlachapelleamor.com"
142.44.233.137 - - [27/Feb/2026:15:14:36 -0500] "GET /robots.txt HTTP/1.1" 200 118 "-" "Mozilla/5.0 (compatible; AhrefsBot/7.0; +http://ahrefs.com/robot/)"
54.39.0.186 - - [27/Feb/2026:15:14:41 -0500] "GET /wp-sitemap.xml HTTP/1.1" 200 259 "-" "Mozilla/5.0 (compatible; AhrefsBot/7.0; +http://ahrefs.com/robot/)"
142.44.233.87 - - [27/Feb/2026:15:14:45 -0500] "GET /wp-sitemap-posts-post-1.xml HTTP/1.1" 200 233 "-" "Mozilla/5.0 (compatible; AhrefsBot/7.0; +http://ahrefs.com/robot/)"
142.44.220.117 - - [27/Feb/2026:15:14:49 -0500] "GET /wp-sitemap-posts-page-1.xml HTTP/1.1" 200 342 "-" "Mozilla/5.0 (compatible; AhrefsBot/7.0; +http://ahrefs.com/robot/)"
54.39.203.24 - - [27/Feb/2026:15:14:53 -0500] "GET /wp-sitemap-posts-avada_portfolio-1.xml HTTP/1.1" 200 242 "-" "Mozilla/5.0 (compatible; AhrefsBot/7.0; +http://ahrefs.com/robot/)"
162.253.224.18 - - [27/Feb/2026:15:14:58 -0500] "POST /wp-cron.php?doing_wp_cron=1772223298.4277269840240478515625 HTTP/1.1" 200 - "-" "WordPress/6.9; https://davidlachapelleamor.com"
54.39.136.146 - - [27/Feb/2026:15:14:57 -0500] "GET /wp-sitemap-taxonomies-category-1.xml HTTP/1.1" 200 197 "-" "Mozilla/5.0 (compatible; AhrefsBot/7.0; +http://ahrefs.com/robot/)"
15.235.96.106 - - [27/Feb/2026:15:15:01 -0500] "GET /wp-sitemap-taxonomies-portfolio_category-1.xml HTTP/1.1" 200 221 "-" "Mozilla/5.0 (compatible; AhrefsBot/7.0; +http://ahrefs.com/robot/)"
142.44.220.104 - - [27/Feb/2026:15:15:05 -0500] "GET /wp-sitemap-taxonomies-portfolio_skills-1.xml HTTP/1.1" 200 226 "-" "Mozilla/5.0 (compatible; AhrefsBot/7.0; +http://ahrefs.com/robot/)"
15.235.96.4 - - [27/Feb/2026:15:15:09 -0500] "GET /wp-sitemap-users-1.xml HTTP/1.1" 200 207 "-" "Mozilla/5.0 (compatible; AhrefsBot/7.0; +http://ahrefs.com/robot/)"
162.253.224.18 - - [27/Feb/2026:15:19:53 -0500] "POST /wp-cron.php?doing_wp_cron=1772223593.5470430850982666015625 HTTP/1.1" 200 - "-" "WordPress/6.9; https://davidlachapelleamor.com"
17.246.19.41 - - [27/Feb/2026:15:19:52 -0500] "GET /robots.txt HTTP/1.1" 200 118 "-" "Mozilla/5.0 (Macintosh; Intel Mac OS X 10_15_7) AppleWebKit/605.1.15 (KHTML, like Gecko) Version/17.4 Safari/605.1.15 (Applebot/0.1; +http://www.apple.com/go/applebot)"
17.246.19.41 - - [27/Feb/2026:15:19:53 -0500] "GET /author/admin_DLC_AMOR/feed/ HTTP/1.1" 200 1664 "-" "Mozilla/5.0 (Macintosh; Intel Mac OS X 10_15_7) AppleWebKit/605.1.15 (KHTML, like Gecko) Version/17.4 Safari/605.1.15 (Applebot/0.1; +http://www.apple.com/go/applebot)"
162.253.224.18 - - [27/Feb/2026:15:33:14 -0500] "POST /wp-cron.php?doing_wp_cron=1772224394.2842600345611572265625 HTTP/1.1" 200 - "-" "WordPress/6.9; https://davidlachapelleamor.com"
216.73.216.82 - - [27/Feb/2026:15:33:12 -0500] "GET /robots.txt HTTP/1.1" 200 118 "-" "Mozilla/5.0 AppleWebKit/537.36 (KHTML, like Gecko; compatible; ClaudeBot/1.0; +claudebot@anthropic.com)"
216.73.216.82 - - [27/Feb/2026:15:33:12 -0500] "GET / HTTP/1.1" 200 14779 "-" "Mozilla/5.0 AppleWebKit/537.36 (KHTML, like Gecko; compatible; ClaudeBot/1.0; +claudebot@anthropic.com)"
162.253.224.18 - - [27/Feb/2026:15:58:09 -0500] "POST /wp-cron.php?doing_wp_cron=1772225889.8724660873413085937500 HTTP/1.1" 200 - "-" "WordPress/6.9; https://davidlachapelleamor.com"
120.240.178.175 - - [27/Feb/2026:15:58:09 -0500] "GET /robots.txt HTTP/1.1" 200 118 "-" "Mozilla/5.0 (Windows NT 10.0; Win64; x64) AppleWebKit/537.36 (KHTML, like Gecko) Chrome/85.0.4403.99 Safari/537.36 Edge/18.18362"
162.253.224.18 - - [27/Feb/2026:16:11:24 -0500] "POST /wp-cron.php?doing_wp_cron=1772226684.6360828876495361328125 HTTP/1.1" 200 - "-" "WordPress/6.9; https://davidlachapelleamor.com"
165.22.61.120 - - [27/Feb/2026:16:11:23 -0500] "GET /wp-login.php HTTP/1.1" 200 1976 "https://www.bing.com/" "Mozilla/5.0 (Macintosh; Intel Mac OS X 13_6_1) AppleWebKit/605.1.15 (KHTML, like Gecko) Version/17.0 Safari/605.1.15"
165.22.61.120 - - [27/Feb/2026:16:11:24 -0500] "GET /?author=1 HTTP/1.1" 301 - "https://duckduckgo.com/" "Mozilla/5.0 (Macintosh; Intel Mac OS X 13_6_1) AppleWebKit/537.36 (KHTML, like Gecko) Chrome/120.0.0.0 Safari/537.36"
165.22.61.120 - - [27/Feb/2026:16:11:26 -0500] "GET / HTTP/1.1" 200 14768 "https://duckduckgo.com/" "Mozilla/5.0 (Macintosh; Intel Mac OS X 13_6_1) AppleWebKit/537.36 (KHTML, like Gecko) Chrome/120.0.0.0 Safari/537.36"
165.22.61.120 - - [27/Feb/2026:16:11:27 -0500] "GET /?author=2 HTTP/1.1" 200 8073 "-" "Mozilla/5.0 (Macintosh; Intel Mac OS X 10_15_7; rv:118.0) Gecko/20100101 Firefox/118.0"
165.22.61.120 - - [27/Feb/2026:16:11:28 -0500] "GET /?author=3 HTTP/1.1" 404 9306 "https://duckduckgo.com/" "Mozilla/5.0 (X11; Ubuntu; Linux x86_64) AppleWebKit/537.36 (KHTML, like Gecko) Chrome/119.0.0.0 Safari/537.36"
165.22.61.120 - - [27/Feb/2026:16:11:29 -0500] "GET /?author=4 HTTP/1.1" 404 9314 "-" "Mozilla/5.0 (Macintosh; Intel Mac OS X 10_15_7) AppleWebKit/537.36 (KHTML, like Gecko) Chrome/118.0.0.0 Safari/537.36"
165.22.61.120 - - [27/Feb/2026:16:11:31 -0500] "GET /?author=5 HTTP/1.1" 404 9313 "https://www.google.com/search?q=wordpress" "Mozilla/5.0 (Macintosh; Intel Mac OS X 10_15_7) AppleWebKit/537.36 (KHTML, like Gecko) Chrome/118.0.0.0 Safari/537.36"
165.22.61.120 - - [27/Feb/2026:16:11:32 -0500] "GET /?author=6 HTTP/1.1" 404 9306 "https://www.bing.com/" "Mozilla/5.0 (Macintosh; Intel Mac OS X 13_6_1) AppleWebKit/537.36 (KHTML, like Gecko) Chrome/121.0.0.0 Safari/537.36"
165.22.61.120 - - [27/Feb/2026:16:11:33 -0500] "GET /?author=7 HTTP/1.1" 404 9314 "" "Mozilla/5.0 (Macintosh; Intel Mac OS X 13_6_1) AppleWebKit/605.1.15 (KHTML, like Gecko) Version/17.1 Safari/605.1.15"
165.22.61.120 - - [27/Feb/2026:16:11:34 -0500] "GET /?author=8 HTTP/1.1" 404 9309 "https://wordpress.org/" "Mozilla/5.0 (Windows NT 10.0; Win64; x64; rv:120.0) Gecko/20100101 Firefox/120.0"
165.22.61.120 - - [27/Feb/2026:16:11:35 -0500] "GET /?author=9 HTTP/1.1" 404 9304 "https://www.facebook.com/" "Mozilla/5.0 (Macintosh; Intel Mac OS X 13_6_1) AppleWebKit/537.36 (KHTML, like Gecko) Chrome/120.0.0.0 Safari/537.36"
165.22.61.120 - - [27/Feb/2026:16:11:36 -0500] "GET /wp-json/wp/v2/users HTTP/1.1" 200 333 "https://www.facebook.com/" "Mozilla/5.0 (Windows NT 11.0; Win64; x64; rv:119.0) Gecko/20100101 Firefox/119.0"
165.22.61.120 - - [27/Feb/2026:16:11:37 -0500] "GET / HTTP/1.1" 200 14775 "https://duckduckgo.com/" "Mozilla/5.0 (Macintosh; Intel Mac OS X 10_15_7) AppleWebKit/537.36 (KHTML, like Gecko) Chrome/121.0.0.0 Safari/537.36"
165.22.61.120 - - [27/Feb/2026:16:11:39 -0500] "POST /wp-login.php HTTP/1.1" 200 2134 "https://davidlachapelleamor.com/wp-login.php" "Mozilla/5.0 (Macintosh; Intel Mac OS X 10_15_7) AppleWebKit/605.1.15 (KHTML, like Gecko) Version/17.0 Safari/605.1.15"
165.22.61.120 - - [27/Feb/2026:16:11:40 -0500] "GET /wp-admin/index.php HTTP/1.1" 302 - "https://davidlachapelleamor.com/wp-login.php" "Mozilla/5.0 (Macintosh; Intel Mac OS X 13_6_1) AppleWebKit/537.36 (KHTML, like Gecko) Chrome/119.0.0.0 Safari/537.36"
165.22.61.120 - - [27/Feb/2026:16:11:42 -0500] "GET /wp-login.php?redirect_to=https%3A%2F%2Fdavidlachapelleamor.com%2Fwp-admin%2Findex.php&reauth=1 HTTP/1.1" 200 1980 "https://davidlachapelleamor.com/wp-login.php" "Mozilla/5.0 (Macintosh; Intel Mac OS X 13_6_1) AppleWebKit/537.36 (KHTML, like Gecko) Chrome/119.0.0.0 Safari/537.36"
165.22.61.120 - - [27/Feb/2026:16:11:44 -0500] "POST /wp-login.php HTTP/1.1" 200 2097 "https://davidlachapelleamor.com/wp-login.php" "Mozilla/5.0 (Macintosh; Intel Mac OS X 13_6_1; rv:121.0) Gecko/20100101 Firefox/121.0"
165.22.61.120 - - [27/Feb/2026:16:11:45 -0500] "GET /wp-admin/index.php HTTP/1.1" 302 - "https://davidlachapelleamor.com/wp-login.php" "Mozilla/5.0 (X11; Linux x86_64) AppleWebKit/537.36 (KHTML, like Gecko) Chrome/120.0.0.0 Safari/537.36"
165.22.61.120 - - [27/Feb/2026:16:11:47 -0500] "GET /wp-login.php?redirect_to=https%3A%2F%2Fdavidlachapelleamor.com%2Fwp-admin%2Findex.php&reauth=1 HTTP/1.1" 200 1980 "https://davidlachapelleamor.com/wp-login.php" "Mozilla/5.0 (X11; Linux x86_64) AppleWebKit/537.36 (KHTML, like Gecko) Chrome/120.0.0.0 Safari/537.36"
165.22.61.120 - - [27/Feb/2026:16:11:48 -0500] "POST /wp-login.php HTTP/1.1" 200 2126 "https://davidlachapelleamor.com/wp-login.php" "Mozilla/5.0 (Macintosh; Intel Mac OS X 10_15_7) AppleWebKit/537.36 (KHTML, like Gecko) Chrome/119.0.0.0 Safari/537.36"
165.22.61.120 - - [27/Feb/2026:16:11:49 -0500] "GET /wp-admin/index.php HTTP/1.1" 302 - "https://davidlachapelleamor.com/wp-login.php" "Mozilla/5.0 (Macintosh; Intel Mac OS X 10_15_7; rv:119.0) Gecko/20100101 Firefox/119.0"
165.22.61.120 - - [27/Feb/2026:16:11:51 -0500] "GET /wp-login.php?redirect_to=https%3A%2F%2Fdavidlachapelleamor.com%2Fwp-admin%2Findex.php&reauth=1 HTTP/1.1" 200 1980 "https://davidlachapelleamor.com/wp-login.php" "Mozilla/5.0 (Macintosh; Intel Mac OS X 10_15_7; rv:119.0) Gecko/20100101 Firefox/119.0"
165.22.61.120 - - [27/Feb/2026:16:11:52 -0500] "POST /wp-login.php HTTP/1.1" 200 2128 "https://davidlachapelleamor.com/wp-login.php" "Mozilla/5.0 (Macintosh; Intel Mac OS X 10_15_7) AppleWebKit/537.36 (KHTML, like Gecko) Chrome/120.0.0.0 Safari/537.36"
165.22.61.120 - - [27/Feb/2026:16:11:52 -0500] "GET /wp-admin/index.php HTTP/1.1" 302 - "https://davidlachapelleamor.com/wp-login.php" "Mozilla/5.0 (X11; Linux x86_64) AppleWebKit/537.36 (KHTML, like Gecko) Chrome/121.0.0.0 Safari/537.36"
165.22.61.120 - - [27/Feb/2026:16:11:53 -0500] "GET /wp-login.php?redirect_to=https%3A%2F%2Fdavidlachapelleamor.com%2Fwp-admin%2Findex.php&reauth=1 HTTP/1.1" 200 1980 "https://davidlachapelleamor.com/wp-login.php" "Mozilla/5.0 (X11; Linux x86_64) AppleWebKit/537.36 (KHTML, like Gecko) Chrome/121.0.0.0 Safari/537.36"
165.22.61.120 - - [27/Feb/2026:16:11:54 -0500] "POST /wp-login.php HTTP/1.1" 200 2127 "https://davidlachapelleamor.com/wp-login.php" "Mozilla/5.0 (X11; Linux x86_64) AppleWebKit/537.36 (KHTML, like Gecko) Chrome/120.0.0.0 Safari/537.36"
165.22.61.120 - - [27/Feb/2026:16:11:56 -0500] "GET /wp-admin/index.php HTTP/1.1" 302 - "https://davidlachapelleamor.com/wp-login.php" "Mozilla/5.0 (Macintosh; Intel Mac OS X 13_6_1) AppleWebKit/605.1.15 (KHTML, like Gecko) Version/17.0 Safari/605.1.15"
162.253.224.18 - - [27/Feb/2026:16:11:57 -0500] "POST /wp-cron.php?doing_wp_cron=1772226717.7172799110412597656250 HTTP/1.1" 200 - "-" "WordPress/6.9; https://davidlachapelleamor.com"
165.22.61.120 - - [27/Feb/2026:16:11:57 -0500] "GET /wp-login.php?redirect_to=https%3A%2F%2Fdavidlachapelleamor.com%2Fwp-admin%2Findex.php&reauth=1 HTTP/1.1" 200 1980 "https://davidlachapelleamor.com/wp-login.php" "Mozilla/5.0 (Macintosh; Intel Mac OS X 13_6_1) AppleWebKit/605.1.15 (KHTML, like Gecko) Version/17.0 Safari/605.1.15"
165.22.61.120 - - [27/Feb/2026:16:11:58 -0500] "POST /wp-login.php HTTP/1.1" 200 2098 "https://davidlachapelleamor.com/wp-login.php" "Mozilla/5.0 (Macintosh; Intel Mac OS X 13_6_1) AppleWebKit/537.36 (KHTML, like Gecko) Chrome/121.0.0.0 Safari/537.36"
165.22.61.120 - - [27/Feb/2026:16:11:59 -0500] "GET /wp-admin/index.php HTTP/1.1" 302 - "https://davidlachapelleamor.com/wp-login.php" "Mozilla/5.0 (Windows NT 11.0; Win64; x64; rv:118.0) Gecko/20100101 Firefox/118.0"
165.22.61.120 - - [27/Feb/2026:16:12:00 -0500] "GET /wp-login.php?redirect_to=https%3A%2F%2Fdavidlachapelleamor.com%2Fwp-admin%2Findex.php&reauth=1 HTTP/1.1" 200 1980 "https://davidlachapelleamor.com/wp-login.php" "Mozilla/5.0 (Windows NT 11.0; Win64; x64; rv:118.0) Gecko/20100101 Firefox/118.0"
165.22.61.120 - - [27/Feb/2026:16:12:01 -0500] "POST /wp-login.php HTTP/1.1" 200 2133 "https://davidlachapelleamor.com/wp-login.php" "Mozilla/5.0 (Macintosh; Intel Mac OS X 10_15_7) AppleWebKit/537.36 (KHTML, like Gecko) Chrome/121.0.0.0 Safari/537.36"
165.22.61.120 - - [27/Feb/2026:16:12:02 -0500] "GET /wp-admin/index.php HTTP/1.1" 302 - "https://davidlachapelleamor.com/wp-login.php" "Mozilla/5.0 (Macintosh; Intel Mac OS X 10_15_7) AppleWebKit/537.36 (KHTML, like Gecko) Chrome/119.0.0.0 Safari/537.36"
165.22.61.120 - - [27/Feb/2026:16:12:03 -0500] "GET /wp-login.php?redirect_to=https%3A%2F%2Fdavidlachapelleamor.com%2Fwp-admin%2Findex.php&reauth=1 HTTP/1.1" 200 1980 "https://davidlachapelleamor.com/wp-login.php" "Mozilla/5.0 (Macintosh; Intel Mac OS X 10_15_7) AppleWebKit/537.36 (KHTML, like Gecko) Chrome/119.0.0.0 Safari/537.36"
165.22.61.120 - - [27/Feb/2026:16:12:04 -0500] "POST /wp-login.php HTTP/1.1" 200 2127 "https://davidlachapelleamor.com/wp-login.php" "Mozilla/5.0 (Macintosh; Intel Mac OS X 13_6_1) AppleWebKit/537.36 (KHTML, like Gecko) Chrome/120.0.0.0 Safari/537.36"
165.22.61.120 - - [27/Feb/2026:16:12:05 -0500] "GET /wp-admin/index.php HTTP/1.1" 302 - "https://davidlachapelleamor.com/wp-login.php" "Mozilla/5.0 (Macintosh; Intel Mac OS X 13_6_1) AppleWebKit/605.1.15 (KHTML, like Gecko) Version/16.6 Safari/605.1.15"
165.22.61.120 - - [27/Feb/2026:16:12:06 -0500] "GET /wp-login.php?redirect_to=https%3A%2F%2Fdavidlachapelleamor.com%2Fwp-admin%2Findex.php&reauth=1 HTTP/1.1" 200 1980 "https://davidlachapelleamor.com/wp-login.php" "Mozilla/5.0 (Macintosh; Intel Mac OS X 13_6_1) AppleWebKit/605.1.15 (KHTML, like Gecko) Version/16.6 Safari/605.1.15"
165.22.61.120 - - [27/Feb/2026:16:12:07 -0500] "POST /wp-login.php HTTP/1.1" 200 2071 "https://davidlachapelleamor.com/wp-login.php" "Mozilla/5.0 (Windows NT 11.0; Win64; x64) AppleWebKit/537.36 (KHTML, like Gecko) Chrome/118.0.0.0 Safari/537.36"
165.22.61.120 - - [27/Feb/2026:16:12:08 -0500] "GET /wp-admin/index.php HTTP/1.1" 302 - "https://davidlachapelleamor.com/wp-login.php" "Mozilla/5.0 (Macintosh; Intel Mac OS X 10_15_7) AppleWebKit/605.1.15 (KHTML, like Gecko) Version/16.6 Safari/605.1.15"
165.22.61.120 - - [27/Feb/2026:16:12:09 -0500] "GET /wp-login.php?redirect_to=https%3A%2F%2Fdavidlachapelleamor.com%2Fwp-admin%2Findex.php&reauth=1 HTTP/1.1" 200 1980 "https://davidlachapelleamor.com/wp-login.php" "Mozilla/5.0 (Macintosh; Intel Mac OS X 10_15_7) AppleWebKit/605.1.15 (KHTML, like Gecko) Version/16.6 Safari/605.1.15"
165.22.61.120 - - [27/Feb/2026:16:12:10 -0500] "GET /wp-admin/index.php HTTP/1.1" 302 - "https://davidlachapelleamor.com/wp-login.php" "Mozilla/5.0 (Macintosh; Intel Mac OS X 10_15_7) AppleWebKit/537.36 (KHTML, like Gecko) Chrome/121.0.0.0 Safari/537.36"
165.22.61.120 - - [27/Feb/2026:16:12:12 -0500] "GET /wp-login.php?redirect_to=https%3A%2F%2Fdavidlachapelleamor.com%2Fwp-admin%2Findex.php&reauth=1 HTTP/1.1" 200 1980 "https://davidlachapelleamor.com/wp-login.php" "Mozilla/5.0 (Macintosh; Intel Mac OS X 10_15_7) AppleWebKit/537.36 (KHTML, like Gecko) Chrome/121.0.0.0 Safari/537.36"
165.22.61.120 - - [27/Feb/2026:16:12:13 -0500] "GET /wp-admin/index.php HTTP/1.1" 302 - "https://davidlachapelleamor.com/wp-login.php" "Mozilla/5.0 (Windows NT 10.0; Win64; x64; rv:121.0) Gecko/20100101 Firefox/121.0"
165.22.61.120 - - [27/Feb/2026:16:12:14 -0500] "GET /wp-login.php?redirect_to=https%3A%2F%2Fdavidlachapelleamor.com%2Fwp-admin%2Findex.php&reauth=1 HTTP/1.1" 200 1980 "https://davidlachapelleamor.com/wp-login.php" "Mozilla/5.0 (Windows NT 10.0; Win64; x64; rv:121.0) Gecko/20100101 Firefox/121.0"
165.22.61.120 - - [27/Feb/2026:16:12:15 -0500] "GET /wp-admin/index.php HTTP/1.1" 302 - "https://davidlachapelleamor.com/wp-login.php" "Mozilla/5.0 (Macintosh; Intel Mac OS X 13_6_1; rv:118.0) Gecko/20100101 Firefox/118.0"
165.22.61.120 - - [27/Feb/2026:16:12:16 -0500] "GET /wp-login.php?redirect_to=https%3A%2F%2Fdavidlachapelleamor.com%2Fwp-admin%2Findex.php&reauth=1 HTTP/1.1" 200 1980 "https://davidlachapelleamor.com/wp-login.php" "Mozilla/5.0 (Macintosh; Intel Mac OS X 13_6_1; rv:118.0) Gecko/20100101 Firefox/118.0"
165.22.61.120 - - [27/Feb/2026:16:12:17 -0500] "GET /wp-admin/index.php HTTP/1.1" 302 - "https://davidlachapelleamor.com/wp-login.php" "Mozilla/5.0 (Windows NT 11.0; Win64; x64; rv:121.0) Gecko/20100101 Firefox/121.0"
165.22.61.120 - - [27/Feb/2026:16:12:18 -0500] "GET /wp-login.php?redirect_to=https%3A%2F%2Fdavidlachapelleamor.com%2Fwp-admin%2Findex.php&reauth=1 HTTP/1.1" 200 1980 "https://davidlachapelleamor.com/wp-login.php" "Mozilla/5.0 (Windows NT 11.0; Win64; x64; rv:121.0) Gecko/20100101 Firefox/121.0"
165.22.61.120 - - [27/Feb/2026:16:12:20 -0500] "GET /wp-admin/index.php HTTP/1.1" 302 - "https://davidlachapelleamor.com/wp-login.php" "Mozilla/5.0 (Macintosh; Intel Mac OS X 10_15_7) AppleWebKit/605.1.15 (KHTML, like Gecko) Version/16.6 Safari/605.1.15"
165.22.61.120 - - [27/Feb/2026:16:12:21 -0500] "GET /wp-login.php?redirect_to=https%3A%2F%2Fdavidlachapelleamor.com%2Fwp-admin%2Findex.php&reauth=1 HTTP/1.1" 200 1980 "https://davidlachapelleamor.com/wp-login.php" "Mozilla/5.0 (Macintosh; Intel Mac OS X 10_15_7) AppleWebKit/605.1.15 (KHTML, like Gecko) Version/16.6 Safari/605.1.15"
165.22.61.120 - - [27/Feb/2026:16:12:22 -0500] "GET /wp-admin/index.php HTTP/1.1" 302 - "https://davidlachapelleamor.com/wp-login.php" "Mozilla/5.0 (Windows NT 10.0; Win64; x64) AppleWebKit/537.36 (KHTML, like Gecko) Chrome/119.0.0.0 Safari/537.36"
165.22.61.120 - - [27/Feb/2026:16:12:23 -0500] "GET /wp-login.php?redirect_to=https%3A%2F%2Fdavidlachapelleamor.com%2Fwp-admin%2Findex.php&reauth=1 HTTP/1.1" 200 1980 "https://davidlachapelleamor.com/wp-login.php" "Mozilla/5.0 (Windows NT 10.0; Win64; x64) AppleWebKit/537.36 (KHTML, like Gecko) Chrome/119.0.0.0 Safari/537.36"
165.22.61.120 - - [27/Feb/2026:16:12:24 -0500] "POST /wp-login.php HTTP/1.1" 200 2097 "https://davidlachapelleamor.com/wp-login.php" "Mozilla/5.0 (Windows NT 10.0; Win64; x64) AppleWebKit/537.36 (KHTML, like Gecko) Chrome/120.0.0.0 Safari/537.36"
165.22.61.120 - - [27/Feb/2026:16:12:25 -0500] "GET /wp-admin/index.php HTTP/1.1" 302 - "https://davidlachapelleamor.com/wp-login.php" "Mozilla/5.0 (Windows NT 10.0; Win64; x64; rv:121.0) Gecko/20100101 Firefox/121.0"
165.22.61.120 - - [27/Feb/2026:16:12:26 -0500] "GET /wp-login.php?redirect_to=https%3A%2F%2Fdavidlachapelleamor.com%2Fwp-admin%2Findex.php&reauth=1 HTTP/1.1" 200 1980 "https://davidlachapelleamor.com/wp-login.php" "Mozilla/5.0 (Windows NT 10.0; Win64; x64; rv:121.0) Gecko/20100101 Firefox/121.0"
165.22.61.120 - - [27/Feb/2026:16:12:27 -0500] "POST /wp-login.php HTTP/1.1" 200 2129 "https://davidlachapelleamor.com/wp-login.php" "Mozilla/5.0 (Macintosh; Intel Mac OS X 13_6_1) AppleWebKit/605.1.15 (KHTML, like Gecko) Version/17.2 Safari/605.1.15"
165.22.61.120 - - [27/Feb/2026:16:12:28 -0500] "GET /wp-admin/index.php HTTP/1.1" 302 - "https://davidlachapelleamor.com/wp-login.php" "Mozilla/5.0 (Macintosh; Intel Mac OS X 10_15_7) AppleWebKit/605.1.15 (KHTML, like Gecko) Version/17.2 Safari/605.1.15"
165.22.61.120 - - [27/Feb/2026:16:12:29 -0500] "GET /wp-login.php?redirect_to=https%3A%2F%2Fdavidlachapelleamor.com%2Fwp-admin%2Findex.php&reauth=1 HTTP/1.1" 200 1980 "https://davidlachapelleamor.com/wp-login.php" "Mozilla/5.0 (Macintosh; Intel Mac OS X 10_15_7) AppleWebKit/605.1.15 (KHTML, like Gecko) Version/17.2 Safari/605.1.15"
165.22.61.120 - - [27/Feb/2026:16:12:30 -0500] "POST /wp-login.php HTTP/1.1" 200 2127 "https://davidlachapelleamor.com/wp-login.php" "Mozilla/5.0 (Macintosh; Intel Mac OS X 10_15_7) AppleWebKit/605.1.15 (KHTML, like Gecko) Version/17.2 Safari/605.1.15"
165.22.61.120 - - [27/Feb/2026:16:12:31 -0500] "GET /wp-admin/index.php HTTP/1.1" 302 - "https://davidlachapelleamor.com/wp-login.php" "Mozilla/5.0 (Macintosh; Intel Mac OS X 10_15_7; rv:119.0) Gecko/20100101 Firefox/119.0"
165.22.61.120 - - [27/Feb/2026:16:12:32 -0500] "GET /wp-login.php?redirect_to=https%3A%2F%2Fdavidlachapelleamor.com%2Fwp-admin%2Findex.php&reauth=1 HTTP/1.1" 200 1980 "https://davidlachapelleamor.com/wp-login.php" "Mozilla/5.0 (Macintosh; Intel Mac OS X 10_15_7; rv:119.0) Gecko/20100101 Firefox/119.0"
165.22.61.120 - - [27/Feb/2026:16:12:33 -0500] "POST /wp-login.php HTTP/1.1" 200 2134 "https://davidlachapelleamor.com/wp-login.php" "Mozilla/5.0 (Macintosh; Intel Mac OS X 13_6_1; rv:119.0) Gecko/20100101 Firefox/119.0"
165.22.61.120 - - [27/Feb/2026:16:12:34 -0500] "GET /wp-admin/index.php HTTP/1.1" 302 - "https://davidlachapelleamor.com/wp-login.php" "Mozilla/5.0 (Macintosh; Intel Mac OS X 13_6_1; rv:120.0) Gecko/20100101 Firefox/120.0"
165.22.61.120 - - [27/Feb/2026:16:12:35 -0500] "GET /wp-login.php?redirect_to=https%3A%2F%2Fdavidlachapelleamor.com%2Fwp-admin%2Findex.php&reauth=1 HTTP/1.1" 200 1980 "https://davidlachapelleamor.com/wp-login.php" "Mozilla/5.0 (Macintosh; Intel Mac OS X 13_6_1; rv:120.0) Gecko/20100101 Firefox/120.0"
165.22.61.120 - - [27/Feb/2026:16:12:36 -0500] "POST /wp-login.php HTTP/1.1" 200 2071 "https://davidlachapelleamor.com/wp-login.php" "Mozilla/5.0 (Macintosh; Intel Mac OS X 13_6_1) AppleWebKit/605.1.15 (KHTML, like Gecko) Version/16.6 Safari/605.1.15"
165.22.61.120 - - [27/Feb/2026:16:12:38 -0500] "GET /wp-admin/index.php HTTP/1.1" 302 - "https://davidlachapelleamor.com/wp-login.php" "Mozilla/5.0 (Windows NT 11.0; Win64; x64; rv:118.0) Gecko/20100101 Firefox/118.0"
165.22.61.120 - - [27/Feb/2026:16:12:39 -0500] "GET /wp-login.php?redirect_to=https%3A%2F%2Fdavidlachapelleamor.com%2Fwp-admin%2Findex.php&reauth=1 HTTP/1.1" 200 1980 "https://davidlachapelleamor.com/wp-login.php" "Mozilla/5.0 (Windows NT 11.0; Win64; x64; rv:118.0) Gecko/20100101 Firefox/118.0"
165.22.61.120 - - [27/Feb/2026:16:12:40 -0500] "POST /wp-login.php HTTP/1.1" 200 2071 "https://davidlachapelleamor.com/wp-login.php" "Mozilla/5.0 (Macintosh; Intel Mac OS X 10_15_7) AppleWebKit/605.1.15 (KHTML, like Gecko) Version/17.1 Safari/605.1.15"
165.22.61.120 - - [27/Feb/2026:16:12:41 -0500] "GET /wp-admin/index.php HTTP/1.1" 302 - "https://davidlachapelleamor.com/wp-login.php" "Mozilla/5.0 (Windows NT 10.0; Win64; x64; rv:120.0) Gecko/20100101 Firefox/120.0"
165.22.61.120 - - [27/Feb/2026:16:12:42 -0500] "GET /wp-login.php?redirect_to=https%3A%2F%2Fdavidlachapelleamor.com%2Fwp-admin%2Findex.php&reauth=1 HTTP/1.1" 200 1980 "https://davidlachapelleamor.com/wp-login.php" "Mozilla/5.0 (Windows NT 10.0; Win64; x64; rv:120.0) Gecko/20100101 Firefox/120.0"
165.22.61.120 - - [27/Feb/2026:16:12:43 -0500] "POST /wp-login.php HTTP/1.1" 200 2071 "https://davidlachapelleamor.com/wp-login.php" "Mozilla/5.0 (Windows NT 10.0; Win64; x64; rv:121.0) Gecko/20100101 Firefox/121.0"
165.22.61.120 - - [27/Feb/2026:16:12:44 -0500] "GET /wp-admin/index.php HTTP/1.1" 302 - "https://davidlachapelleamor.com/wp-login.php" "Mozilla/5.0 (X11; Ubuntu; Linux x86_64) AppleWebKit/537.36 (KHTML, like Gecko) Chrome/121.0.0.0 Safari/537.36"
165.22.61.120 - - [27/Feb/2026:16:12:45 -0500] "GET /wp-login.php?redirect_to=https%3A%2F%2Fdavidlachapelleamor.com%2Fwp-admin%2Findex.php&reauth=1 HTTP/1.1" 200 1980 "https://davidlachapelleamor.com/wp-login.php" "Mozilla/5.0 (X11; Ubuntu; Linux x86_64) AppleWebKit/537.36 (KHTML, like Gecko) Chrome/121.0.0.0 Safari/537.36"
165.22.61.120 - - [27/Feb/2026:16:12:46 -0500] "POST /wp-login.php HTTP/1.1" 200 2071 "https://davidlachapelleamor.com/wp-login.php" "Mozilla/5.0 (Windows NT 10.0; Win64; x64; rv:118.0) Gecko/20100101 Firefox/118.0"
165.22.61.120 - - [27/Feb/2026:16:12:47 -0500] "GET /wp-admin/index.php HTTP/1.1" 302 - "https://davidlachapelleamor.com/wp-login.php" "Mozilla/5.0 (Macintosh; Intel Mac OS X 10_15_7) AppleWebKit/605.1.15 (KHTML, like Gecko) Version/17.1 Safari/605.1.15"
165.22.61.120 - - [27/Feb/2026:16:12:48 -0500] "GET /wp-login.php?redirect_to=https%3A%2F%2Fdavidlachapelleamor.com%2Fwp-admin%2Findex.php&reauth=1 HTTP/1.1" 200 1980 "https://davidlachapelleamor.com/wp-login.php" "Mozilla/5.0 (Macintosh; Intel Mac OS X 10_15_7) AppleWebKit/605.1.15 (KHTML, like Gecko) Version/17.1 Safari/605.1.15"
165.22.61.120 - - [27/Feb/2026:16:12:49 -0500] "POST /wp-login.php HTTP/1.1" 200 2127 "https://davidlachapelleamor.com/wp-login.php" "Mozilla/5.0 (Windows NT 11.0; Win64; x64) AppleWebKit/537.36 (KHTML, like Gecko) Chrome/119.0.0.0 Safari/537.36"
165.22.61.120 - - [27/Feb/2026:16:12:50 -0500] "GET /wp-admin/index.php HTTP/1.1" 302 - "https://davidlachapelleamor.com/wp-login.php" "Mozilla/5.0 (Macintosh; Intel Mac OS X 10_15_7) AppleWebKit/605.1.15 (KHTML, like Gecko) Version/17.2 Safari/605.1.15"
165.22.61.120 - - [27/Feb/2026:16:12:51 -0500] "GET /wp-login.php?redirect_to=https%3A%2F%2Fdavidlachapelleamor.com%2Fwp-admin%2Findex.php&reauth=1 HTTP/1.1" 200 1980 "https://davidlachapelleamor.com/wp-login.php" "Mozilla/5.0 (Macintosh; Intel Mac OS X 10_15_7) AppleWebKit/605.1.15 (KHTML, like Gecko) Version/17.2 Safari/605.1.15"
165.22.61.120 - - [27/Feb/2026:16:12:52 -0500] "POST /wp-login.php HTTP/1.1" 200 2125 "https://davidlachapelleamor.com/wp-login.php" "Mozilla/5.0 (Macintosh; Intel Mac OS X 13_6_1) AppleWebKit/537.36 (KHTML, like Gecko) Chrome/120.0.0.0 Safari/537.36"
165.22.61.120 - - [27/Feb/2026:16:12:53 -0500] "GET /wp-admin/index.php HTTP/1.1" 302 - "https://davidlachapelleamor.com/wp-login.php" "Mozilla/5.0 (Macintosh; Intel Mac OS X 13_6_1) AppleWebKit/605.1.15 (KHTML, like Gecko) Version/16.6 Safari/605.1.15"
165.22.61.120 - - [27/Feb/2026:16:12:55 -0500] "GET /wp-login.php?redirect_to=https%3A%2F%2Fdavidlachapelleamor.com%2Fwp-admin%2Findex.php&reauth=1 HTTP/1.1" 200 1980 "https://davidlachapelleamor.com/wp-login.php" "Mozilla/5.0 (Macintosh; Intel Mac OS X 13_6_1) AppleWebKit/605.1.15 (KHTML, like Gecko) Version/16.6 Safari/605.1.15"
162.253.224.18 - - [27/Feb/2026:16:12:57 -0500] "POST /wp-cron.php?doing_wp_cron=1772226777.2200210094451904296875 HTTP/1.1" 200 - "-" "WordPress/6.9; https://davidlachapelleamor.com"
165.22.61.120 - - [27/Feb/2026:16:12:56 -0500] "GET /wp-admin/index.php HTTP/1.1" 302 - "https://davidlachapelleamor.com/wp-login.php" "Mozilla/5.0 (Macintosh; Intel Mac OS X 13_6_1; rv:121.0) Gecko/20100101 Firefox/121.0"
165.22.61.120 - - [27/Feb/2026:16:12:57 -0500] "GET /wp-login.php?redirect_to=https%3A%2F%2Fdavidlachapelleamor.com%2Fwp-admin%2Findex.php&reauth=1 HTTP/1.1" 200 1980 "https://davidlachapelleamor.com/wp-login.php" "Mozilla/5.0 (Macintosh; Intel Mac OS X 13_6_1; rv:121.0) Gecko/20100101 Firefox/121.0"
165.22.61.120 - - [27/Feb/2026:16:12:59 -0500] "GET /wp-admin/index.php HTTP/1.1" 302 - "https://davidlachapelleamor.com/wp-login.php" "Mozilla/5.0 (Windows NT 10.0; Win64; x64; rv:121.0) Gecko/20100101 Firefox/121.0"
165.22.61.120 - - [27/Feb/2026:16:13:00 -0500] "GET /wp-login.php?redirect_to=https%3A%2F%2Fdavidlachapelleamor.com%2Fwp-admin%2Findex.php&reauth=1 HTTP/1.1" 200 1980 "https://davidlachapelleamor.com/wp-login.php" "Mozilla/5.0 (Windows NT 10.0; Win64; x64; rv:121.0) Gecko/20100101 Firefox/121.0"
165.22.61.120 - - [27/Feb/2026:16:13:01 -0500] "GET /wp-admin/index.php HTTP/1.1" 302 - "https://davidlachapelleamor.com/wp-login.php" "Mozilla/5.0 (Windows NT 11.0; Win64; x64; rv:119.0) Gecko/20100101 Firefox/119.0"
165.22.61.120 - - [27/Feb/2026:16:13:03 -0500] "GET /wp-login.php?redirect_to=https%3A%2F%2Fdavidlachapelleamor.com%2Fwp-admin%2Findex.php&reauth=1 HTTP/1.1" 200 1980 "https://davidlachapelleamor.com/wp-login.php" "Mozilla/5.0 (Windows NT 11.0; Win64; x64; rv:119.0) Gecko/20100101 Firefox/119.0"
165.22.61.120 - - [27/Feb/2026:16:13:04 -0500] "GET /wp-admin/index.php HTTP/1.1" 302 - "https://davidlachapelleamor.com/wp-login.php" "Mozilla/5.0 (X11; Linux x86_64) AppleWebKit/537.36 (KHTML, like Gecko) Chrome/121.0.0.0 Safari/537.36"
165.22.61.120 - - [27/Feb/2026:16:13:05 -0500] "GET /wp-login.php?redirect_to=https%3A%2F%2Fdavidlachapelleamor.com%2Fwp-admin%2Findex.php&reauth=1 HTTP/1.1" 200 1980 "https://davidlachapelleamor.com/wp-login.php" "Mozilla/5.0 (X11; Linux x86_64) AppleWebKit/537.36 (KHTML, like Gecko) Chrome/121.0.0.0 Safari/537.36"
165.22.61.120 - - [27/Feb/2026:16:13:06 -0500] "GET /wp-admin/index.php HTTP/1.1" 302 - "https://davidlachapelleamor.com/wp-login.php" "Mozilla/5.0 (X11; Ubuntu; Linux x86_64) AppleWebKit/537.36 (KHTML, like Gecko) Chrome/118.0.0.0 Safari/537.36"
165.22.61.120 - - [27/Feb/2026:16:13:07 -0500] "GET /wp-login.php?redirect_to=https%3A%2F%2Fdavidlachapelleamor.com%2Fwp-admin%2Findex.php&reauth=1 HTTP/1.1" 200 1980 "https://davidlachapelleamor.com/wp-login.php" "Mozilla/5.0 (X11; Ubuntu; Linux x86_64) AppleWebKit/537.36 (KHTML, like Gecko) Chrome/118.0.0.0 Safari/537.36"
165.22.61.120 - - [27/Feb/2026:16:13:08 -0500] "GET /wp-admin/index.php HTTP/1.1" 302 - "https://davidlachapelleamor.com/wp-login.php" "Mozilla/5.0 (Macintosh; Intel Mac OS X 10_15_7) AppleWebKit/537.36 (KHTML, like Gecko) Chrome/120.0.0.0 Safari/537.36"
165.22.61.120 - - [27/Feb/2026:16:13:09 -0500] "GET /wp-login.php?redirect_to=https%3A%2F%2Fdavidlachapelleamor.com%2Fwp-admin%2Findex.php&reauth=1 HTTP/1.1" 200 1980 "https://davidlachapelleamor.com/wp-login.php" "Mozilla/5.0 (Macintosh; Intel Mac OS X 10_15_7) AppleWebKit/537.36 (KHTML, like Gecko) Chrome/120.0.0.0 Safari/537.36"
165.22.61.120 - - [27/Feb/2026:16:13:11 -0500] "GET /wp-admin/index.php HTTP/1.1" 302 - "https://davidlachapelleamor.com/wp-login.php" "Mozilla/5.0 (Windows NT 10.0; Win64; x64; rv:118.0) Gecko/20100101 Firefox/118.0"
165.22.61.120 - - [27/Feb/2026:16:13:12 -0500] "GET /wp-login.php?redirect_to=https%3A%2F%2Fdavidlachapelleamor.com%2Fwp-admin%2Findex.php&reauth=1 HTTP/1.1" 200 1980 "https://davidlachapelleamor.com/wp-login.php" "Mozilla/5.0 (Windows NT 10.0; Win64; x64; rv:118.0) Gecko/20100101 Firefox/118.0"
165.22.61.120 - - [27/Feb/2026:16:13:13 -0500] "GET /wp-admin/index.php HTTP/1.1" 302 - "https://davidlachapelleamor.com/wp-login.php" "Mozilla/5.0 (Macintosh; Intel Mac OS X 10_15_7) AppleWebKit/605.1.15 (KHTML, like Gecko) Version/17.1 Safari/605.1.15"
165.22.61.120 - - [27/Feb/2026:16:13:14 -0500] "GET /wp-login.php?redirect_to=https%3A%2F%2Fdavidlachapelleamor.com%2Fwp-admin%2Findex.php&reauth=1 HTTP/1.1" 200 1980 "https://davidlachapelleamor.com/wp-login.php" "Mozilla/5.0 (Macintosh; Intel Mac OS X 10_15_7) AppleWebKit/605.1.15 (KHTML, like Gecko) Version/17.1 Safari/605.1.15"
165.22.61.120 - - [27/Feb/2026:16:13:16 -0500] "GET /wp-admin/index.php HTTP/1.1" 302 - "https://davidlachapelleamor.com/wp-login.php" "Mozilla/5.0 (Macintosh; Intel Mac OS X 13_6_1; rv:118.0) Gecko/20100101 Firefox/118.0"
165.22.61.120 - - [27/Feb/2026:16:13:17 -0500] "GET /wp-login.php?redirect_to=https%3A%2F%2Fdavidlachapelleamor.com%2Fwp-admin%2Findex.php&reauth=1 HTTP/1.1" 200 1980 "https://davidlachapelleamor.com/wp-login.php" "Mozilla/5.0 (Macintosh; Intel Mac OS X 13_6_1; rv:118.0) Gecko/20100101 Firefox/118.0"
165.22.61.120 - - [27/Feb/2026:16:13:19 -0500] "GET /wp-admin/index.php HTTP/1.1" 302 - "https://davidlachapelleamor.com/wp-login.php" "Mozilla/5.0 (Windows NT 10.0; Win64; x64; rv:120.0) Gecko/20100101 Firefox/120.0"
165.22.61.120 - - [27/Feb/2026:16:13:20 -0500] "GET /wp-login.php?redirect_to=https%3A%2F%2Fdavidlachapelleamor.com%2Fwp-admin%2Findex.php&reauth=1 HTTP/1.1" 200 1980 "https://davidlachapelleamor.com/wp-login.php" "Mozilla/5.0 (Windows NT 10.0; Win64; x64; rv:120.0) Gecko/20100101 Firefox/120.0"
165.22.61.120 - - [27/Feb/2026:16:13:21 -0500] "GET /wp-admin/index.php HTTP/1.1" 302 - "https://davidlachapelleamor.com/wp-login.php" "Mozilla/5.0 (Windows NT 11.0; Win64; x64) AppleWebKit/537.36 (KHTML, like Gecko) Chrome/120.0.0.0 Safari/537.36"
165.22.61.120 - - [27/Feb/2026:16:13:22 -0500] "GET /wp-login.php?redirect_to=https%3A%2F%2Fdavidlachapelleamor.com%2Fwp-admin%2Findex.php&reauth=1 HTTP/1.1" 200 1980 "https://davidlachapelleamor.com/wp-login.php" "Mozilla/5.0 (Windows NT 11.0; Win64; x64) AppleWebKit/537.36 (KHTML, like Gecko) Chrome/120.0.0.0 Safari/537.36"
