185.223.152.162 - - [27/Feb/2026:22:21:23 -0500] "GET /wp-includes/class-wp-taxonomy.editor.php HTTP/1.1" 404 10858 "-" "Mozilla/5.0 (Macintosh; Intel Mac OS X 10_15_6) AppleWebKit/537.36 (KHTML, like Gecko) Chrome/84.0.4147.125 Safari/537.36"
87.106.83.88 - - [27/Feb/2026:22:21:23 -0500] "GET /wp-content/languages/ HTTP/1.1" 404 10848 "binance.com" "Mozilla/5.0 (Windows NT 10.0; Win64; x64) AppleWebKit/537.36 (KHTML, like Gecko) Chrome/90.0.4430.85 Safari/537.36"
87.106.83.88 - - [27/Feb/2026:22:21:27 -0500] "GET /wp-admin/includes/ HTTP/1.1" 200 2200 "binance.com" "Mozilla/5.0 (Windows NT 10.0; Win64; x64) AppleWebKit/537.36 (KHTML, like Gecko) Chrome/90.0.4430.85 Safari/537.36"
185.223.152.162 - - [27/Feb/2026:22:21:25 -0500] "GET /wp-content/plugins/pwnd/dedi1.php HTTP/1.1" 404 10858 "-" "Mozilla/5.0 (Windows NT 6.1; Win64; x64) AppleWebKit/537.36 (KHTML, like Gecko) Chrome/58.0.3029.110 Safari/537.3"
87.106.83.88 - - [27/Feb/2026:22:21:29 -0500] "GET /wp-admin/includes/ HTTP/1.1" 200 2200 "binance.com" "Mozilla/5.0 (Windows NT 10.0; Win64; x64) AppleWebKit/537.36 (KHTML, like Gecko) Chrome/90.0.4430.85 Safari/537.36"
185.223.152.162 - - [27/Feb/2026:22:21:28 -0500] "GET /wp-includes/js/wp-conflg.php HTTP/1.1" 404 10858 "-" "Mozilla/5.0 (Windows NT 6.1; Win64; x64) AppleWebKit/537.36 (KHTML, like Gecko) Chrome/80.0.3987.149 Safari/537.36"
87.106.83.88 - - [27/Feb/2026:22:21:30 -0500] "GET /wp-admin/maint/ HTTP/1.1" 200 398 "binance.com" "Mozilla/5.0 (Windows NT 10.0; Win64; x64) AppleWebKit/537.36 (KHTML, like Gecko) Chrome/90.0.4430.85 Safari/537.36"
87.106.83.88 - - [27/Feb/2026:22:21:32 -0500] "GET /wp-admin/maint/ HTTP/1.1" 200 398 "binance.com" "Mozilla/5.0 (Windows NT 10.0; Win64; x64) AppleWebKit/537.36 (KHTML, like Gecko) Chrome/90.0.4430.85 Safari/537.36"
185.223.152.162 - - [27/Feb/2026:22:21:30 -0500] "GET /blog.php HTTP/1.1" 404 10858 "-" "Mozilla/5.0 (Windows NT 6.1; Win64; x64) AppleWebKit/537.36 (KHTML, like Gecko) Chrome/80.0.3987.149 Safari/537.36"
185.223.152.162 - - [27/Feb/2026:22:21:33 -0500] "GET /about/install.php HTTP/1.1" 404 45388 "-" "Mozilla/5.0 (Windows NT 10.0) AppleWebKit/537.36 (KHTML, like Gecko) Chrome/72.0.3626.121 Safari/537.36"
87.106.83.88 - - [27/Feb/2026:22:21:35 -0500] "GET /wp-admin/network/ HTTP/1.1" 302 - "binance.com" "Mozilla/5.0 (Windows NT 10.0; Win64; x64) AppleWebKit/537.36 (KHTML, like Gecko) Chrome/90.0.4430.85 Safari/537.36"
185.223.152.162 - - [27/Feb/2026:22:21:35 -0500] "GET /wp-content/themes/pridmag/bypass.php HTTP/1.1" 404 10858 "-" "Mozilla/5.0 (Windows NT 10.0; Win64; x64) AppleWebKit/537.36 (KHTML, like Gecko) Chrome/80.0.3987.149 Safari/537.36"
87.106.83.88 - - [27/Feb/2026:22:21:37 -0500] "GET /wp-login.php?redirect_to=http%3A%2F%2Fdavidlachapellela.com%2Fwp-admin%2Fnetwork%2F&reauth=1 HTTP/1.1" 200 1985 "binance.com" "Mozilla/5.0 (Windows NT 10.0; Win64; x64) AppleWebKit/537.36 (KHTML, like Gecko) Chrome/90.0.4430.85 Safari/537.36"
185.223.152.162 - - [27/Feb/2026:22:21:38 -0500] "GET /wp-admin/network/chosen.php HTTP/1.1" 404 45388 "-" "Mozilla/5.0 (Windows NT 10.0; Win64; x64) AppleWebKit/537.36 (KHTML, like Gecko) Chrome/79.0.3945.79 Safari/537.36"
162.253.224.18 - - [27/Feb/2026:22:21:42 -0500] "POST /wp-cron.php?doing_wp_cron=1772248902.4451370239257812500000 HTTP/1.1" 200 - "-" "WordPress/6.9; http://davidlachapellela.com"
185.223.152.162 - - [27/Feb/2026:22:21:40 -0500] "GET /images/av.php HTTP/1.1" 404 10858 "-" "Mozilla/5.0 (Windows NT 10.0; Win64; x64) AppleWebKit/537.36 (KHTML, like Gecko) Chrome/75.0.3770.100 Safari/537.36"
87.106.83.88 - - [27/Feb/2026:22:21:41 -0500] "GET /wp-admin/user/ HTTP/1.1" 302 - "binance.com" "Mozilla/5.0 (Windows NT 10.0; Win64; x64) AppleWebKit/537.36 (KHTML, like Gecko) Chrome/90.0.4430.85 Safari/537.36"
185.223.152.162 - - [27/Feb/2026:22:21:42 -0500] "GET /wp-includes/interactivity-api/interactivity-api-xml.php HTTP/1.1" 404 10858 "-" "Mozilla/5.0 (Windows NT 10.0; Win64; x64; rv:73.0) Gecko/20100101 Firefox/73.0"
87.106.83.88 - - [27/Feb/2026:22:21:44 -0500] "GET /wp-login.php?redirect_to=http%3A%2F%2Fdavidlachapellela.com%2Fwp-admin%2Fuser%2F&reauth=1 HTTP/1.1" 200 1983 "binance.com" "Mozilla/5.0 (Windows NT 10.0; Win64; x64) AppleWebKit/537.36 (KHTML, like Gecko) Chrome/90.0.4430.85 Safari/537.36"
185.223.152.162 - - [27/Feb/2026:22:21:46 -0500] "GET /js/mrx.php HTTP/1.1" 404 10858 "-" "Mozilla/5.0 (Windows NT 10.0; WOW64; x64) AppleWebKit/537.36 (KHTML, like Gecko) Chrome/84.0.4147.105 Safari/537.36 OPR/70.0.3728.95"
87.106.83.88 - - [27/Feb/2026:22:21:49 -0500] "GET /wp-admin/css/ HTTP/1.1" 200 1711 "binance.com" "Mozilla/5.0 (Windows NT 10.0; Win64; x64) AppleWebKit/537.36 (KHTML, like Gecko) Chrome/90.0.4430.85 Safari/537.36"
87.106.83.88 - - [27/Feb/2026:22:21:51 -0500] "GET /wp-admin/css/colors/ HTTP/1.1" 200 569 "binance.com" "Mozilla/5.0 (Windows NT 10.0; Win64; x64) AppleWebKit/537.36 (KHTML, like Gecko) Chrome/90.0.4430.85 Safari/537.36"
185.223.152.162 - - [27/Feb/2026:22:21:49 -0500] "GET /wp-includes/colour.php HTTP/1.1" 404 10858 "-" "Mozilla/5.0 (Windows NT 6.1; Win64; x64) AppleWebKit/537.36 (KHTML, like Gecko) Chrome/58.0.3029.110 Safari/537.3"
87.106.83.88 - - [27/Feb/2026:22:21:54 -0500] "GET /wp-admin/css/colors/blue/ HTTP/1.1" 200 470 "binance.com" "Mozilla/5.0 (Windows NT 10.0; Win64; x64) AppleWebKit/537.36 (KHTML, like Gecko) Chrome/90.0.4430.85 Safari/537.36"
185.223.152.162 - - [27/Feb/2026:22:21:52 -0500] "GET /elp.php HTTP/1.1" 404 10858 "-" "Mozilla/5.0 (Windows NT 10.0; Win64; x64) AppleWebKit/537.36 (KHTML, like Gecko) Chrome/69.0.3497.100 Safari/537.36"
87.106.83.88 - - [27/Feb/2026:22:21:57 -0500] "GET /wp-admin/css/colors/coffee/ HTTP/1.1" 200 467 "binance.com" "Mozilla/5.0 (Windows NT 10.0; Win64; x64) AppleWebKit/537.36 (KHTML, like Gecko) Chrome/90.0.4430.85 Safari/537.36"
185.223.152.162 - - [27/Feb/2026:22:21:55 -0500] "GET /wp-includes/customize/class-wp-customize-background-position-control-variable.php HTTP/1.1" 404 10858 "-" "Mozilla/5.0 (Windows NT 10.0; Win64; x64) AppleWebKit/537.36 (KHTML, like Gecko) Chrome/83.0.4103.61 Safari/537.36"
87.106.83.88 - - [27/Feb/2026:22:22:00 -0500] "GET /wp-admin/css/colors/ectoplasm/ HTTP/1.1" 200 469 "binance.com" "Mozilla/5.0 (Windows NT 10.0; Win64; x64) AppleWebKit/537.36 (KHTML, like Gecko) Chrome/90.0.4430.85 Safari/537.36"
185.223.152.162 - - [27/Feb/2026:22:21:58 -0500] "GET /wp-includes/images/include.php HTTP/1.1" 404 10857 "-" "Mozilla/5.0 (Macintosh; Intel Mac OS X 10_15_6) AppleWebKit/537.36 (KHTML, like Gecko) Chrome/84.0.4147.105 Safari/537.36"
87.106.83.88 - - [27/Feb/2026:22:22:02 -0500] "GET /wp-admin/css/colors/light/ HTTP/1.1" 200 468 "binance.com" "Mozilla/5.0 (Windows NT 10.0; Win64; x64) AppleWebKit/537.36 (KHTML, like Gecko) Chrome/90.0.4430.85 Safari/537.36"
185.223.152.162 - - [27/Feb/2026:22:22:02 -0500] "GET /wp-content/themes/av.php.php HTTP/1.1" 404 10858 "-" "Mozilla/5.0 (Windows NT 10.0; Win64; x64) AppleWebKit/537.36 (KHTML, like Gecko) Chrome/84.0.4147.105 Safari/537.36"
87.106.83.88 - - [27/Feb/2026:22:22:05 -0500] "GET /wp-admin/css/colors/midnight/ HTTP/1.1" 200 470 "binance.com" "Mozilla/5.0 (Windows NT 10.0; Win64; x64) AppleWebKit/537.36 (KHTML, like Gecko) Chrome/90.0.4430.85 Safari/537.36"
87.106.83.88 - - [27/Feb/2026:22:22:06 -0500] "GET /wp-admin/css/colors/modern/ HTTP/1.1" 200 470 "binance.com" "Mozilla/5.0 (Windows NT 10.0; Win64; x64) AppleWebKit/537.36 (KHTML, like Gecko) Chrome/90.0.4430.85 Safari/537.36"
185.223.152.162 - - [27/Feb/2026:22:22:05 -0500] "GET /wp-content/plugins/pwnd-1/install.php HTTP/1.1" 404 45388 "-" "Mozilla/5.0 (Macintosh; Intel Mac OS X 10_15_6) AppleWebKit/537.36 (KHTML, like Gecko) Chrome/84.0.4147.105 Safari/537.36"
87.106.83.88 - - [27/Feb/2026:22:22:08 -0500] "GET /wp-admin/css/colors/ocean/ HTTP/1.1" 200 468 "binance.com" "Mozilla/5.0 (Windows NT 10.0; Win64; x64) AppleWebKit/537.36 (KHTML, like Gecko) Chrome/90.0.4430.85 Safari/537.36"
185.223.152.162 - - [27/Feb/2026:22:22:08 -0500] "GET /wp-includes/js/imgareaselect/wp-login.php HTTP/1.1" 404 45388 "-" "Mozilla/5.0 (Windows NT 10.0; Win64; x64) AppleWebKit/537.36 (KHTML, like Gecko) Chrome/84.0.4147.105 Safari/537.36 OPR/70.0.3728.95"
185.223.152.162 - - [27/Feb/2026:22:22:11 -0500] "GET /upload/bilder/cong.php HTTP/1.1" 404 10858 "-" "Mozilla/5.0 (X11; Linux x86_64) AppleWebKit/537.36 (KHTML, like Gecko) Chrome/84.0.4147.105 Safari/537.36"
87.106.83.88 - - [27/Feb/2026:22:22:12 -0500] "GET /wp-admin/css/colors/sunrise/%20 HTTP/1.1" 301 - "binance.com" "Mozilla/5.0 (Windows NT 10.0; Win64; x64) AppleWebKit/537.36 (KHTML, like Gecko) Chrome/90.0.4430.85 Safari/537.36"
87.106.83.88 - - [27/Feb/2026:22:22:14 -0500] "GET /wp-admin/css/colors/sunrise/ HTTP/1.1" 200 470 "binance.com" "Mozilla/5.0 (Windows NT 10.0; Win64; x64) AppleWebKit/537.36 (KHTML, like Gecko) Chrome/90.0.4430.85 Safari/537.36"
87.106.83.88 - - [27/Feb/2026:22:22:17 -0500] "GET /wp-admin/images/ HTTP/1.1" 200 1787 "binance.com" "Mozilla/5.0 (Windows NT 10.0; Win64; x64) AppleWebKit/537.36 (KHTML, like Gecko) Chrome/90.0.4430.85 Safari/537.36"
185.223.152.162 - - [27/Feb/2026:22:22:14 -0500] "GET /fonts/install.php HTTP/1.1" 404 45388 "-" "Mozilla/5.0 (Windows NT 10.0) AppleWebKit/537.36 (KHTML, like Gecko) Chrome/72.0.3626.121 Safari/537.36"
87.106.83.88 - - [27/Feb/2026:22:22:18 -0500] "GET /wp-admin/js/ HTTP/1.1" 200 2084 "binance.com" "Mozilla/5.0 (Windows NT 10.0; Win64; x64) AppleWebKit/537.36 (KHTML, like Gecko) Chrome/90.0.4430.85 Safari/537.36"
37.202.222.238 - - [27/Feb/2026:22:22:17 -0500] "POST /xmlrpc.php HTTP/1.1" 200 225 "-" "Mozilla/5.0 (Macintosh; Intel Mac OS X 10_13_3) AppleWebKit/537.36 (KHTML, like Gecko) Chrome/66.0.3359.139 Safari/537.36"
185.223.152.162 - - [27/Feb/2026:22:22:17 -0500] "GET /wp-admin/css/colors/blue/pass.php HTTP/1.1" 404 45388 "-" "Mozilla/5.0 (Windows NT 10.0; Win64; x64) AppleWebKit/537.36 (KHTML, like Gecko) Chrome/84.0.4147.105 Safari/537.36"
87.106.83.88 - - [27/Feb/2026:22:22:21 -0500] "GET /wp-admin/js/widgets/ HTTP/1.1" 200 669 "binance.com" "Mozilla/5.0 (Windows NT 10.0; Win64; x64) AppleWebKit/537.36 (KHTML, like Gecko) Chrome/90.0.4430.85 Safari/537.36"
185.223.152.162 - - [27/Feb/2026:22:22:20 -0500] "GET /entrepreneuse.php HTTP/1.1" 404 10858 "-" "Mozilla/5.0 (compatible; MSIE 10.0; Windows NT 6.1; Trident/6.0)"
87.106.83.88 - - [27/Feb/2026:22:22:23 -0500] "GET /wp-includes/ HTTP/1.1" 200 4837 "binance.com" "Mozilla/5.0 (Windows NT 10.0; Win64; x64) AppleWebKit/537.36 (KHTML, like Gecko) Chrome/90.0.4430.85 Safari/537.36"
185.223.152.162 - - [27/Feb/2026:22:22:23 -0500] "GET /wp-includes/l10n/class-wp-translations-interface.php HTTP/1.1" 404 10858 "-" "Mozilla/5.0 (Windows NT 10.0) AppleWebKit/537.36 (KHTML, like Gecko) Chrome/84.0.4147.105 Safari/537.36"
185.223.152.162 - - [27/Feb/2026:22:22:26 -0500] "GET /wp-includes/assets/about5.php HTTP/1.1" 404 10858 "-" "Mozilla/5.0 (Windows NT 10.0; Win64; x64) AppleWebKit/537.36 (KHTML, like Gecko) Chrome/84.0.4147.105 Safari/537.36"
185.223.152.162 - - [27/Feb/2026:22:22:28 -0500] "GET /wp-admin/maint/lint-branch.php HTTP/1.1" 404 45388 "-" "Mozilla/5.0 (Macintosh; Intel Mac OS X 10_15_6) AppleWebKit/537.36 (KHTML, like Gecko) Chrome/84.0.4147.105 Safari/537.36"
87.106.83.88 - - [27/Feb/2026:22:22:31 -0500] "GET /wp-includes/abilities-api.php HTTP/1.1" 200 - "binance.com" "Mozilla/5.0 (Windows NT 10.0; Win64; x64) AppleWebKit/537.36 (KHTML, like Gecko) Chrome/90.0.4430.85 Safari/537.36"
185.223.152.162 - - [27/Feb/2026:22:22:31 -0500] "GET /wp-content/cong.php HTTP/1.1" 404 10858 "-" "Mozilla/5.0 (Windows NT 10.0; WOW64) AppleWebKit/537.36 (KHTML, like Gecko) Chrome/84.0.4147.105 Safari/537.36"
87.106.83.88 - - [27/Feb/2026:22:22:34 -0500] "GET /wp-includes/abilities.php HTTP/1.1" 200 - "binance.com" "Mozilla/5.0 (Windows NT 10.0; Win64; x64) AppleWebKit/537.36 (KHTML, like Gecko) Chrome/90.0.4430.85 Safari/537.36"
87.106.83.88 - - [27/Feb/2026:22:22:37 -0500] "GET /wp-includes/block-bindings.php HTTP/1.1" 200 - "binance.com" "Mozilla/5.0 (Windows NT 10.0; Win64; x64) AppleWebKit/537.36 (KHTML, like Gecko) Chrome/90.0.4430.85 Safari/537.36"
185.223.152.162 - - [27/Feb/2026:22:22:34 -0500] "GET /js/db.php HTTP/1.1" 404 10858 "-" "Mozilla/5.0 (Windows NT 10.0; Win64; x64) AppleWebKit/537.36 (KHTML, like Gecko) Chrome/58.0.3029.110 Safari/537.3"
87.106.83.88 - - [27/Feb/2026:22:22:40 -0500] "GET /wp-includes/block-editor.php HTTP/1.1" 200 - "binance.com" "Mozilla/5.0 (Windows NT 10.0; Win64; x64) AppleWebKit/537.36 (KHTML, like Gecko) Chrome/90.0.4430.85 Safari/537.36"
162.253.224.18 - - [27/Feb/2026:22:22:41 -0500] "POST /wp-cron.php?doing_wp_cron=1772248961.2351090908050537109375 HTTP/1.1" 200 - "-" "WordPress/6.9; http://davidlachapellela.com"
185.223.152.162 - - [27/Feb/2026:22:22:38 -0500] "GET /.well-known/buy.php HTTP/1.1" 404 45388 "-" "Mozilla/5.0 (Windows NT 6.3; Win64; x64; rv:73.0) Gecko/20100101 Firefox/73.0"
87.106.83.88 - - [27/Feb/2026:22:22:42 -0500] "GET /wp-includes/block-template-utils.php HTTP/1.1" 200 - "binance.com" "Mozilla/5.0 (Windows NT 10.0; Win64; x64) AppleWebKit/537.36 (KHTML, like Gecko) Chrome/90.0.4430.85 Safari/537.36"
185.223.152.162 - - [27/Feb/2026:22:22:41 -0500] "GET /index/install.php HTTP/1.1" 404 45388 "-" "Mozilla/5.0 (X11; Ubuntu; Linux x86_64; rv:79.0) Gecko/20100101 Firefox/79.0"
87.106.83.88 - - [27/Feb/2026:22:22:47 -0500] "GET /wp-includes/block-template.php HTTP/1.1" 200 - "binance.com" "Mozilla/5.0 (Windows NT 10.0; Win64; x64) AppleWebKit/537.36 (KHTML, like Gecko) Chrome/90.0.4430.85 Safari/537.36"
185.223.152.162 - - [27/Feb/2026:22:22:44 -0500] "GET /wp-includes/ID3/db.php HTTP/1.1" 404 10858 "-" "Mozilla/5.0 (X11; Fedora; Linux x86_64; rv:79.0) Gecko/20100101 Firefox/79.0"
87.106.83.88 - - [27/Feb/2026:22:22:48 -0500] "GET /wp-includes/class-avif-info.php HTTP/1.1" 200 - "binance.com" "Mozilla/5.0 (Windows NT 10.0; Win64; x64) AppleWebKit/537.36 (KHTML, like Gecko) Chrome/90.0.4430.85 Safari/537.36"
185.223.152.162 - - [27/Feb/2026:22:22:47 -0500] "GET /function/install.php HTTP/1.1" 404 45388 "-" "Mozilla/5.0 (Windows NT 10.0; Win64; x64) AppleWebKit/537.36 (KHTML, like Gecko) Chrome/58.0.3029.110 Safari/537.3"
185.223.152.162 - - [27/Feb/2026:22:22:51 -0500] "GET /wp-content/themes/tflow/av.php HTTP/1.1" 404 10858 "-" "Mozilla/5.0 (X11; Linux x86_64) AppleWebKit/537.36 (KHTML, like Gecko) Chrome/84.0.4147.105 Safari/537.36 OPR/70.0.3728.95"
185.223.152.162 - - [27/Feb/2026:22:22:54 -0500] "GET /wp-includes/js/dist/bypass.php HTTP/1.1" 404 10858 "-" "Mozilla/5.0 (Windows NT 10.0; WOW64) AppleWebKit/537.36 (KHTML, like Gecko) Chrome/72.0.3626.121 Safari/537.36"
185.223.152.162 - - [27/Feb/2026:22:22:57 -0500] "GET /testt.php HTTP/1.1" 404 10858 "-" "Mozilla/5.0 (Windows NT 6.1; Win64; x64) AppleWebKit/537.36 (KHTML, like Gecko) Chrome/80.0.3987.149 Safari/537.36"
87.106.83.88 - - [27/Feb/2026:22:22:59 -0500] "GET /wp-includes/class-wp-block-bindings-registry.php HTTP/1.1" 200 - "binance.com" "Mozilla/5.0 (Windows NT 10.0; Win64; x64) AppleWebKit/537.36 (KHTML, like Gecko) Chrome/90.0.4430.85 Safari/537.36"
87.106.83.88 - - [27/Feb/2026:22:23:02 -0500] "GET /wp-includes/class-wp-block-bindings-source.php HTTP/1.1" 200 - "binance.com" "Mozilla/5.0 (Windows NT 10.0; Win64; x64) AppleWebKit/537.36 (KHTML, like Gecko) Chrome/90.0.4430.85 Safari/537.36"
185.223.152.162 - - [27/Feb/2026:22:22:59 -0500] "GET /wp-content/uploads/goods.php HTTP/1.1" 404 10858 "-" "Mozilla/5.0 (Windows NT 10.0; WOW64) AppleWebKit/537.36 (KHTML, like Gecko) Chrome/72.0.3626.121 Safari/537.36"
87.106.83.88 - - [27/Feb/2026:22:23:05 -0500] "GET /wp-includes/class-wp-block-editor-context.php HTTP/1.1" 200 - "binance.com" "Mozilla/5.0 (Windows NT 10.0; Win64; x64) AppleWebKit/537.36 (KHTML, like Gecko) Chrome/90.0.4430.85 Safari/537.36"
185.223.152.162 - - [27/Feb/2026:22:23:03 -0500] "GET /wp-admin/js/sad.php HTTP/1.1" 404 45388 "-" "Mozilla/5.0 (compatible; MSIE 10.0; Windows NT 6.1; Trident/6.0)"
87.106.83.88 - - [27/Feb/2026:22:23:07 -0500] "GET /wp-includes/class-wp-block-metadata-registry.php HTTP/1.1" 200 - "binance.com" "Mozilla/5.0 (Windows NT 10.0; Win64; x64) AppleWebKit/537.36 (KHTML, like Gecko) Chrome/90.0.4430.85 Safari/537.36"
87.106.83.88 - - [27/Feb/2026:22:23:08 -0500] "GET /wp-includes/class-wp-block-parser-block.php HTTP/1.1" 200 - "binance.com" "Mozilla/5.0 (Windows NT 10.0; Win64; x64) AppleWebKit/537.36 (KHTML, like Gecko) Chrome/90.0.4430.85 Safari/537.36"
185.223.152.162 - - [27/Feb/2026:22:23:06 -0500] "GET /wp-includes/sitemaps/wp-conflg.php HTTP/1.1" 404 10858 "-" "Mozilla/5.0 (Macintosh; Intel Mac OS X 10_15_6) AppleWebKit/537.36 (KHTML, like Gecko) Chrome/84.0.4147.105 Safari/537.36 OPR/70.0.3728.95"
87.106.83.88 - - [27/Feb/2026:22:23:10 -0500] "GET /wp-includes/class-wp-block-parser-frame.php HTTP/1.1" 200 - "binance.com" "Mozilla/5.0 (Windows NT 10.0; Win64; x64) AppleWebKit/537.36 (KHTML, like Gecko) Chrome/90.0.4430.85 Safari/537.36"
185.223.152.162 - - [27/Feb/2026:22:23:09 -0500] "GET /wp-includes/assets/wp-includes/assets/script-loader-packages.php HTTP/1.1" 404 10858 "-" "Mozilla/5.0 (compatible; MSIE 10.0; Windows NT 6.1; Trident/6.0)"
87.106.83.88 - - [27/Feb/2026:22:23:14 -0500] "GET /wp-includes/class-wp-block-processor.php HTTP/1.1" 200 - "binance.com" "Mozilla/5.0 (Windows NT 10.0; Win64; x64) AppleWebKit/537.36 (KHTML, like Gecko) Chrome/90.0.4430.85 Safari/537.36"
185.223.152.162 - - [27/Feb/2026:22:23:13 -0500] "GET /web/function.php HTTP/1.1" 404 10858 "-" "Mozilla/5.0 (Windows NT 10.0; Win64; x64; rv:66.0) Gecko/20100101 Firefox/66.0"
87.106.83.88 - - [27/Feb/2026:22:23:16 -0500] "GET /wp-includes/class-wp-block-template.php HTTP/1.1" 200 - "binance.com" "Mozilla/5.0 (Windows NT 10.0; Win64; x64) AppleWebKit/537.36 (KHTML, like Gecko) Chrome/90.0.4430.85 Safari/537.36"
87.106.83.88 - - [27/Feb/2026:22:23:19 -0500] "GET /wp-includes/class-wp-block-templates-registry.php HTTP/1.1" 200 - "binance.com" "Mozilla/5.0 (Windows NT 10.0; Win64; x64) AppleWebKit/537.36 (KHTML, like Gecko) Chrome/90.0.4430.85 Safari/537.36"
185.223.152.162 - - [27/Feb/2026:22:23:16 -0500] "GET /wp-includes/SimplePie/login.php HTTP/1.1" 404 45388 "-" "Mozilla/5.0 (Linux x86_64; rv:79.0) Gecko/20100101 Firefox/79.0"
87.106.83.88 - - [27/Feb/2026:22:23:21 -0500] "GET /wp-includes/class-wp-classic-to-block-menu-converter.php HTTP/1.1" 200 - "binance.com" "Mozilla/5.0 (Windows NT 10.0; Win64; x64) AppleWebKit/537.36 (KHTML, like Gecko) Chrome/90.0.4430.85 Safari/537.36"
185.223.152.162 - - [27/Feb/2026:22:23:20 -0500] "GET /network.php HTTP/1.1" 404 10858 "-" "Mozilla/5.0 (Windows NT 10.0; Win64; x64) AppleWebKit/537.36 (KHTML, like Gecko) Chrome/79.0.3945.130 Safari/537.36"
87.106.83.88 - - [27/Feb/2026:22:23:24 -0500] "GET /wp-includes/class-wp-dependencies.php HTTP/1.1" 200 - "binance.com" "Mozilla/5.0 (Windows NT 10.0; Win64; x64) AppleWebKit/537.36 (KHTML, like Gecko) Chrome/90.0.4430.85 Safari/537.36"
185.223.152.162 - - [27/Feb/2026:22:23:23 -0500] "GET /wp-admin/css/colors/blue/alfa.php HTTP/1.1" 404 45388 "-" "Mozilla/5.0 (Windows NT 10.0; WOW64) AppleWebKit/537.36 (KHTML, like Gecko) Chrome/72.0.3626.121 Safari/537.36"
87.106.83.88 - - [27/Feb/2026:22:23:27 -0500] "GET /wp-includes/class-wp-duotone.php HTTP/1.1" 200 - "binance.com" "Mozilla/5.0 (Windows NT 10.0; Win64; x64) AppleWebKit/537.36 (KHTML, like Gecko) Chrome/90.0.4430.85 Safari/537.36"
185.223.152.162 - - [27/Feb/2026:22:23:26 -0500] "GET /wp-includes/sitemaps/chosen.php HTTP/1.1" 404 10858 "-" "Mozilla/5.0 (Macintosh; Intel Mac OS X 10_15_6) AppleWebKit/537.36 (KHTML, like Gecko) Chrome/84.0.4147.125 Safari/537.36"
87.106.83.88 - - [27/Feb/2026:22:23:31 -0500] "GET /wp-includes/class-wp-exception.php HTTP/1.1" 200 - "binance.com" "Mozilla/5.0 (Windows NT 10.0; Win64; x64) AppleWebKit/537.36 (KHTML, like Gecko) Chrome/90.0.4430.85 Safari/537.36"
185.223.152.162 - - [27/Feb/2026:22:23:29 -0500] "GET /wikindex.php HTTP/1.1" 404 10858 "-" "Mozilla/5.0 (Windows NT 10.0) AppleWebKit/537.36 (KHTML, like Gecko) Chrome/72.0.3626.121 Safari/537.36"
87.106.83.88 - - [27/Feb/2026:22:23:34 -0500] "GET /wp-includes/class-wp-http.php HTTP/1.1" 200 22 "binance.com" "Mozilla/5.0 (Windows NT 10.0; Win64; x64) AppleWebKit/537.36 (KHTML, like Gecko) Chrome/90.0.4430.85 Safari/537.36"
185.223.152.162 - - [27/Feb/2026:22:23:32 -0500] "GET /wp-content/plugins/seoo/alfa.php HTTP/1.1" 404 10858 "-" "Mozilla/5.0 (Windows NT 10.0; Win64; x64) AppleWebKit/537.36 (KHTML, like Gecko) Chrome/74.0.3729.157 Safari/537.36"
185.223.152.162 - - [27/Feb/2026:22:23:35 -0500] "GET /wp-includes/SimplePie/Cache/index.php HTTP/1.1" 301 - "-" "Mozilla/5.0 (Windows NT 10.0; Win64; x64) AppleWebKit/537.36 (KHTML, like Gecko) Chrome/83.0.4103.97 Safari/537.36"
87.106.83.88 - - [27/Feb/2026:22:23:37 -0500] "GET /wp-includes/class-wp-navigation-fallback.php HTTP/1.1" 200 - "binance.com" "Mozilla/5.0 (Windows NT 10.0; Win64; x64) AppleWebKit/537.36 (KHTML, like Gecko) Chrome/90.0.4430.85 Safari/537.36"
185.223.152.162 - - [27/Feb/2026:22:23:37 -0500] "GET /wp-includes/css/dist/about.php HTTP/1.1" 404 10858 "-" "Mozilla/5.0 (Windows NT 6.1; Win64; x64) AppleWebKit/537.36 (KHTML, like Gecko) Chrome/80.0.3987.149 Safari/537.36"
87.106.83.88 - - [27/Feb/2026:22:23:39 -0500] "GET /wp-includes/class-wp-phpmailer.php HTTP/1.1" 500 - "binance.com" "Mozilla/5.0 (Windows NT 10.0; Win64; x64) AppleWebKit/537.36 (KHTML, like Gecko) Chrome/90.0.4430.85 Safari/537.36"
87.106.83.88 - - [27/Feb/2026:22:23:41 -0500] "GET /wp-includes/class-wp-plugin-dependencies.php HTTP/1.1" 200 - "binance.com" "Mozilla/5.0 (Windows NT 10.0; Win64; x64) AppleWebKit/537.36 (KHTML, like Gecko) Chrome/90.0.4430.85 Safari/537.36"
162.253.224.18 - - [27/Feb/2026:22:23:42 -0500] "POST /wp-cron.php?doing_wp_cron=1772249022.3333621025085449218750 HTTP/1.1" 200 - "-" "WordPress/6.9; http://davidlachapellela.com"
185.223.152.162 - - [27/Feb/2026:22:23:39 -0500] "GET /wp-content/as.php HTTP/1.1" 404 10858 "-" "Mozilla/5.0 (Windows NT 6.1; Win64; x64) AppleWebKit/537.36 (KHTML, like Gecko) Chrome/74.0.3729.169 Safari/537.36"
87.106.83.88 - - [27/Feb/2026:22:23:43 -0500] "GET /wp-includes/class-wp-script-modules.php HTTP/1.1" 200 - "binance.com" "Mozilla/5.0 (Windows NT 10.0; Win64; x64) AppleWebKit/537.36 (KHTML, like Gecko) Chrome/90.0.4430.85 Safari/537.36"
87.106.83.88 - - [27/Feb/2026:22:23:45 -0500] "GET /wp-includes/class-wp-scripts.php HTTP/1.1" 500 - "binance.com" "Mozilla/5.0 (Windows NT 10.0; Win64; x64) AppleWebKit/537.36 (KHTML, like Gecko) Chrome/90.0.4430.85 Safari/537.36"
185.223.152.162 - - [27/Feb/2026:22:23:42 -0500] "GET /wp-includes/customize/about.php HTTP/1.1" 404 10858 "-" "Mozilla/5.0 (Windows NT 10.0; Win64; x64) AppleWebKit/537.36 (KHTML, like Gecko) Chrome/70.0.3538.77 Safari/537.36"
87.106.83.88 - - [27/Feb/2026:22:23:46 -0500] "GET /wp-includes/class-wp-speculation-rules.php HTTP/1.1" 200 - "binance.com" "Mozilla/5.0 (Windows NT 10.0; Win64; x64) AppleWebKit/537.36 (KHTML, like Gecko) Chrome/90.0.4430.85 Safari/537.36"
185.223.152.162 - - [27/Feb/2026:22:23:46 -0500] "GET /wp-includes/js/simi.php HTTP/1.1" 404 10858 "-" "Mozilla/5.0 (X11; Ubuntu; Linux x86_64; rv:79.0) Gecko/20100101 Firefox/79.0"
87.106.83.88 - - [27/Feb/2026:22:23:50 -0500] "GET /wp-includes/class-wp-styles.php HTTP/1.1" 500 - "binance.com" "Mozilla/5.0 (Windows NT 10.0; Win64; x64) AppleWebKit/537.36 (KHTML, like Gecko) Chrome/90.0.4430.85 Safari/537.36"
185.223.152.162 - - [27/Feb/2026:22:23:49 -0500] "GET /wp-admin/images/chosen.php HTTP/1.1" 404 45388 "-" "Mozilla/5.0 (X11; Linux i686; rv:79.0) Gecko/20100101 Firefox/79.0"
87.106.83.88 - - [27/Feb/2026:22:23:52 -0500] "GET /wp-includes/class-wp-textdomain-registry.php HTTP/1.1" 200 - "binance.com" "Mozilla/5.0 (Windows NT 10.0; Win64; x64) AppleWebKit/537.36 (KHTML, like Gecko) Chrome/90.0.4430.85 Safari/537.36"
87.106.83.88 - - [27/Feb/2026:22:23:54 -0500] "GET /wp-includes/class-wp-theme-json-data.php HTTP/1.1" 200 - "binance.com" "Mozilla/5.0 (Windows NT 10.0; Win64; x64) AppleWebKit/537.36 (KHTML, like Gecko) Chrome/90.0.4430.85 Safari/537.36"
87.106.83.88 - - [27/Feb/2026:22:23:56 -0500] "GET /wp-includes/class-wp-theme-json-resolver.php HTTP/1.1" 200 - "binance.com" "Mozilla/5.0 (Windows NT 10.0; Win64; x64) AppleWebKit/537.36 (KHTML, like Gecko) Chrome/90.0.4430.85 Safari/537.36"
185.223.152.162 - - [27/Feb/2026:22:23:52 -0500] "GET /wp-admin/css/colors/gold.php HTTP/1.1" 404 45388 "-" "Mozilla/5.0 (Windows NT 10.0; Win64; x64) AppleWebKit/537.36 (KHTML, like Gecko) Chrome/75.0.3770.100 Safari/537.36"
87.106.83.88 - - [27/Feb/2026:22:23:59 -0500] "GET /wp-includes/class-wp-theme-json-schema.php HTTP/1.1" 200 - "binance.com" "Mozilla/5.0 (Windows NT 10.0; Win64; x64) AppleWebKit/537.36 (KHTML, like Gecko) Chrome/90.0.4430.85 Safari/537.36"
185.223.152.162 - - [27/Feb/2026:22:23:57 -0500] "GET /wp-includes/Requests/Text/index.php HTTP/1.1" 301 - "-" "Mozilla/5.0 (Windows NT 10.0; Win64; x64; rv:77.0) Gecko/20100101 Firefox/77.0"
87.106.83.88 - - [27/Feb/2026:22:24:01 -0500] "GET /wp-includes/class-wp-theme-json.php HTTP/1.1" 200 - "binance.com" "Mozilla/5.0 (Windows NT 10.0; Win64; x64) AppleWebKit/537.36 (KHTML, like Gecko) Chrome/90.0.4430.85 Safari/537.36"
185.223.152.162 - - [27/Feb/2026:22:24:00 -0500] "GET /wp-content/mu-plugins/index.php HTTP/1.1" 301 - "-" "Mozilla/5.0 (Windows NT 10.0; Win64; x64) AppleWebKit/537.36 (KHTML, like Gecko) Chrome/70.0.3538.77 Safari/537.36"
87.106.83.88 - - [27/Feb/2026:22:24:04 -0500] "GET /wp-includes/class-wp-token-map.php HTTP/1.1" 200 - "binance.com" "Mozilla/5.0 (Windows NT 10.0; Win64; x64) AppleWebKit/537.36 (KHTML, like Gecko) Chrome/90.0.4430.85 Safari/537.36"
185.223.152.162 - - [27/Feb/2026:22:24:03 -0500] "GET /wp-includes/sitemaps/abcd.php HTTP/1.1" 404 10858 "-" "Mozilla/5.0 (Windows NT 10.0; Win64; x64) AppleWebKit/537.36 (KHTML, like Gecko) Chrome/80.0.3987.149 Safari/537.36"
87.106.83.88 - - [27/Feb/2026:22:24:07 -0500] "GET /wp-includes/class-wp-url-pattern-prefixer.php HTTP/1.1" 200 - "binance.com" "Mozilla/5.0 (Windows NT 10.0; Win64; x64) AppleWebKit/537.36 (KHTML, like Gecko) Chrome/90.0.4430.85 Safari/537.36"
87.106.83.88 - - [27/Feb/2026:22:24:08 -0500] "GET /wp-includes/class-wpdb.php HTTP/1.1" 200 - "binance.com" "Mozilla/5.0 (Windows NT 10.0; Win64; x64) AppleWebKit/537.36 (KHTML, like Gecko) Chrome/90.0.4430.85 Safari/537.36"
185.223.152.162 - - [27/Feb/2026:22:24:06 -0500] "GET /wp-includes/ID3/rk2.php HTTP/1.1" 404 10858 "-" "Mozilla/5.0 (X11; Linux i686; rv:79.0) Gecko/20100101 Firefox/79.0"
87.106.83.88 - - [27/Feb/2026:22:24:10 -0500] "GET /wp-includes/compat-utf8.php HTTP/1.1" 200 - "binance.com" "Mozilla/5.0 (Windows NT 10.0; Win64; x64) AppleWebKit/537.36 (KHTML, like Gecko) Chrome/90.0.4430.85 Safari/537.36"
185.223.152.162 - - [27/Feb/2026:22:24:09 -0500] "GET /wp-includes/widgets/class-wp-widget-search-interpreter.php HTTP/1.1" 404 10858 "-" "Mozilla/5.0 (Windows NT 10.0; Win64; x64) AppleWebKit/537.36 (KHTML, like Gecko) Chrome/79.0.3945.79 Safari/537.36"
87.106.83.88 - - [27/Feb/2026:22:24:13 -0500] "GET /wp-includes/fonts.php HTTP/1.1" 200 - "binance.com" "Mozilla/5.0 (Windows NT 10.0; Win64; x64) AppleWebKit/537.36 (KHTML, like Gecko) Chrome/90.0.4430.85 Safari/537.36"
185.223.152.162 - - [27/Feb/2026:22:24:12 -0500] "GET /wp-admin/css/chosen.php HTTP/1.1" 404 45388 "-" "Mozilla/5.0 (compatible; MSIE 10.0; Windows NT 6.1; Trident/6.0)"
87.106.83.88 - - [27/Feb/2026:22:24:15 -0500] "GET /wp-includes/global-styles-and-settings.php HTTP/1.1" 200 - "binance.com" "Mozilla/5.0 (Windows NT 10.0; Win64; x64) AppleWebKit/537.36 (KHTML, like Gecko) Chrome/90.0.4430.85 Safari/537.36"
87.106.83.88 - - [27/Feb/2026:22:24:17 -0500] "GET /wp-includes/https-detection.php HTTP/1.1" 200 - "binance.com" "Mozilla/5.0 (Windows NT 10.0; Win64; x64) AppleWebKit/537.36 (KHTML, like Gecko) Chrome/90.0.4430.85 Safari/537.36"
185.223.152.162 - - [27/Feb/2026:22:24:15 -0500] "GET /bitrix/admin/htmleditor2/natural.php HTTP/1.1" 404 10857 "-" "Mozilla/5.0 (X11; Ubuntu; Linux x86_64; rv:79.0) Gecko/20100101 Firefox/79.0"
87.106.83.88 - - [27/Feb/2026:22:24:19 -0500] "GET /wp-includes/https-migration.php HTTP/1.1" 200 - "binance.com" "Mozilla/5.0 (Windows NT 10.0; Win64; x64) AppleWebKit/537.36 (KHTML, like Gecko) Chrome/90.0.4430.85 Safari/537.36"
185.223.152.162 - - [27/Feb/2026:22:24:18 -0500] "GET /wp-content/plugins/pwnd/autoload_classmap.php HTTP/1.1" 404 10857 "-" "Mozilla/5.0 (Windows NT 10.0; Win64; x64; rv:76.0) Gecko/20100101 Firefox/76.0"
87.106.83.88 - - [27/Feb/2026:22:24:21 -0500] "GET /wp-includes/robots-template.php HTTP/1.1" 200 - "binance.com" "Mozilla/5.0 (Windows NT 10.0; Win64; x64) AppleWebKit/537.36 (KHTML, like Gecko) Chrome/90.0.4430.85 Safari/537.36"
185.223.152.162 - - [27/Feb/2026:22:24:20 -0500] "GET /wp-includes/block-template-utils-other.php HTTP/1.1" 404 10858 "-" "Mozilla/5.0 (Windows NT 10.0) AppleWebKit/537.36 (KHTML, like Gecko) Chrome/72.0.3626.121 Safari/537.36"
87.106.83.88 - - [27/Feb/2026:22:24:23 -0500] "GET /wp-includes/script-modules.php HTTP/1.1" 200 - "binance.com" "Mozilla/5.0 (Windows NT 10.0; Win64; x64) AppleWebKit/537.36 (KHTML, like Gecko) Chrome/90.0.4430.85 Safari/537.36"
87.106.83.88 - - [27/Feb/2026:22:24:25 -0500] "GET /wp-includes/speculative-loading.php HTTP/1.1" 200 - "binance.com" "Mozilla/5.0 (Windows NT 10.0; Win64; x64) AppleWebKit/537.36 (KHTML, like Gecko) Chrome/90.0.4430.85 Safari/537.36"
185.223.152.162 - - [27/Feb/2026:22:24:23 -0500] "GET /wp-content/alam.php HTTP/1.1" 404 10858 "-" "Mozilla/5.0 (Windows NT 10.0; Win64; x64; rv:67.0) Gecko/20100101 Firefox/67.0"
87.106.83.88 - - [27/Feb/2026:22:24:26 -0500] "GET /wp-includes/style-engine.php HTTP/1.1" 200 - "binance.com" "Mozilla/5.0 (Windows NT 10.0; Win64; x64) AppleWebKit/537.36 (KHTML, like Gecko) Chrome/90.0.4430.85 Safari/537.36"
185.223.152.162 - - [27/Feb/2026:22:24:26 -0500] "GET /css/adminfusm.php HTTP/1.1" 404 10858 "-" "Mozilla/5.0 (compatible; MSIE 10.0; Windows NT 6.1; Trident/6.0)"
87.106.83.88 - - [27/Feb/2026:22:24:29 -0500] "GET /wp-includes/template-canvas.php HTTP/1.1" 500 - "binance.com" "Mozilla/5.0 (Windows NT 10.0; Win64; x64) AppleWebKit/537.36 (KHTML, like Gecko) Chrome/90.0.4430.85 Safari/537.36"
185.223.152.162 - - [27/Feb/2026:22:24:28 -0500] "GET /wp-includes/sodium_compat/lib/widget-group.php HTTP/1.1" 404 10858 "-" "Mozilla/5.0 (compatible; MSIE 10.0; Windows NT 6.1; Trident/6.0)"
87.106.83.88 - - [27/Feb/2026:22:24:30 -0500] "GET /wp-includes/theme-previews.php HTTP/1.1" 200 - "binance.com" "Mozilla/5.0 (Windows NT 10.0; Win64; x64) AppleWebKit/537.36 (KHTML, like Gecko) Chrome/90.0.4430.85 Safari/537.36"
87.106.83.88 - - [27/Feb/2026:22:24:32 -0500] "GET /wp-includes/theme-templates.php HTTP/1.1" 200 - "binance.com" "Mozilla/5.0 (Windows NT 10.0; Win64; x64) AppleWebKit/537.36 (KHTML, like Gecko) Chrome/90.0.4430.85 Safari/537.36"
185.223.152.162 - - [27/Feb/2026:22:24:31 -0500] "GET /wp-content/raw.php HTTP/1.1" 404 10858 "-" "Mozilla/5.0 (X11; Linux x86_64) AppleWebKit/537.36 (KHTML, like Gecko) Chrome/84.0.4147.105 Safari/537.36"
87.106.83.88 - - [27/Feb/2026:22:24:34 -0500] "GET /wp-includes/utf8.php HTTP/1.1" 500 - "binance.com" "Mozilla/5.0 (Windows NT 10.0; Win64; x64) AppleWebKit/537.36 (KHTML, like Gecko) Chrome/90.0.4430.85 Safari/537.36"
185.223.152.162 - - [27/Feb/2026:22:24:34 -0500] "GET /wp-includes/js/jcrop/about.php HTTP/1.1" 404 10858 "-" "Mozilla/5.0 (Windows NT 10.0; Win64; x64; rv:67.0) Gecko/20100101 Firefox/67.0"
185.223.152.162 - - [27/Feb/2026:22:24:36 -0500] "GET /wp-admin/includes/admin.php HTTP/1.1" 500 - "-" "Mozilla/5.0 (Windows NT 6.1; Win64; x64) AppleWebKit/537.36 (KHTML, like Gecko) Chrome/79.0.3945.130 Safari/537.36"
87.106.83.88 - - [27/Feb/2026:22:24:36 -0500] "GET /wp-includes/ID3/ HTTP/1.1" 200 735 "binance.com" "Mozilla/5.0 (Windows NT 10.0; Win64; x64) AppleWebKit/537.36 (KHTML, like Gecko) Chrome/90.0.4430.85 Safari/537.36"
185.223.152.162 - - [27/Feb/2026:22:24:36 -0500] "GET /wp-includes/customize/chosen.php HTTP/1.1" 404 10858 "-" "Mozilla/5.0 (Windows NT 10.0) AppleWebKit/537.36 (KHTML, like Gecko) Chrome/72.0.3626.121 Safari/537.36"
87.106.83.88 - - [27/Feb/2026:22:24:40 -0500] "GET /wp-includes/IXR/ HTTP/1.1" 200 612 "binance.com" "Mozilla/5.0 (Windows NT 10.0; Win64; x64) AppleWebKit/537.36 (KHTML, like Gecko) Chrome/90.0.4430.85 Safari/537.36"
162.253.224.18 - - [27/Feb/2026:22:24:43 -0500] "POST /wp-cron.php?doing_wp_cron=1772249083.1276869773864746093750 HTTP/1.1" 200 - "-" "WordPress/6.9; http://davidlachapellela.com"
185.223.152.162 - - [27/Feb/2026:22:24:39 -0500] "GET /wp-content/uploads/2021/wp-works.php HTTP/1.1" 404 10858 "-" "Mozilla/5.0 (Windows NT 10.0; Win64; x64) AppleWebKit/537.36 (KHTML, like Gecko) Chrome/74.0.3729.157 Safari/537.36"
185.223.152.162 - - [27/Feb/2026:22:24:43 -0500] "GET /wp-admin/media-new.php HTTP/1.1" 302 - "-" "Mozilla/5.0 (Windows NT 10.0; Win64; x64; rv:77.0) Gecko/20100101 Firefox/77.0"
87.106.83.88 - - [27/Feb/2026:22:24:46 -0500] "GET /wp-includes/PHPMailer/ HTTP/1.1" 200 535 "binance.com" "Mozilla/5.0 (Windows NT 10.0; Win64; x64) AppleWebKit/537.36 (KHTML, like Gecko) Chrome/90.0.4430.85 Safari/537.36"
185.223.152.162 - - [27/Feb/2026:22:24:45 -0500] "GET /media-new.php HTTP/1.1" 404 10858 "-" "Mozilla/5.0 (Windows NT 6.3; Win64; x64; rv:73.0) Gecko/20100101 Firefox/73.0"
185.223.152.162 - - [27/Feb/2026:22:24:48 -0500] "GET /js/class_api.php HTTP/1.1" 404 10858 "-" "Mozilla/5.0 (Windows NT 10.0; Win64; x64) AppleWebKit/537.36 (KHTML, like Gecko) Chrome/83.0.4103.97 Safari/537.36"
87.106.83.88 - - [27/Feb/2026:22:24:51 -0500] "GET /wp-includes/PHPMailer/DSNConfigurator.php HTTP/1.1" 200 - "binance.com" "Mozilla/5.0 (Windows NT 10.0; Win64; x64) AppleWebKit/537.36 (KHTML, like Gecko) Chrome/90.0.4430.85 Safari/537.36"
185.223.152.162 - - [27/Feb/2026:22:24:49 -0500] "GET /wp-content/uploads/2021/themes.php HTTP/1.1" 404 10858 "-" "Mozilla/5.0 (Windows NT 6.1; Win64; x64) AppleWebKit/537.36 (KHTML, like Gecko) Chrome/78.0.3904.108 Safari/537.36"
87.106.83.88 - - [27/Feb/2026:22:24:53 -0500] "GET /wp-includes/PHPMailer/OAuth.php HTTP/1.1" 500 - "binance.com" "Mozilla/5.0 (Windows NT 10.0; Win64; x64) AppleWebKit/537.36 (KHTML, like Gecko) Chrome/90.0.4430.85 Safari/537.36"
185.223.152.162 - - [27/Feb/2026:22:24:52 -0500] "GET /admin/install.php HTTP/1.1" 404 45388 "-" "Mozilla/5.0 (X11; Linux x86_64) AppleWebKit/537.36 (KHTML, like Gecko) Chrome/84.0.4147.105 Safari/537.36 OPR/70.0.3728.95"
185.223.152.162 - - [27/Feb/2026:22:24:54 -0500] "GET /wp-includes/plugin.php HTTP/1.1" 200 - "-" "Mozilla/5.0 (Windows NT 10.0; Win64; x64; rv:77.0) Gecko/20100101 Firefox/77.0"
87.106.83.88 - - [27/Feb/2026:22:24:55 -0500] "GET /wp-includes/PHPMailer/OAuthTokenProvider.php HTTP/1.1" 200 - "binance.com" "Mozilla/5.0 (Windows NT 10.0; Win64; x64) AppleWebKit/537.36 (KHTML, like Gecko) Chrome/90.0.4430.85 Safari/537.36"
185.223.152.162 - - [27/Feb/2026:22:24:54 -0500] "GET /wp-includes/class-wp-scripts-query.php HTTP/1.1" 404 10858 "-" "Mozilla/5.0 (Windows NT 6.1; Win64; x64) AppleWebKit/537.36 (KHTML, like Gecko) Chrome/78.0.3904.108 Safari/537.36"
185.223.152.162 - - [27/Feb/2026:22:24:57 -0500] "GET /wp-admin/js/item.php HTTP/1.1" 404 45388 "-" "Mozilla/5.0 (Windows NT 10.0; Win64; x64) AppleWebKit/537.36 (KHTML, like Gecko) Chrome/83.0.4103.61 Safari/537.36"
87.106.83.88 - - [27/Feb/2026:22:24:59 -0500] "GET /wp-includes/PHPMailer/POP3.php HTTP/1.1" 200 - "binance.com" "Mozilla/5.0 (Windows NT 10.0; Win64; x64) AppleWebKit/537.36 (KHTML, like Gecko) Chrome/90.0.4430.85 Safari/537.36"
185.223.152.162 - - [27/Feb/2026:22:24:59 -0500] "GET /pages.php HTTP/1.1" 404 10857 "-" "Mozilla/5.0 (Windows NT 6.1; Win64; x64) AppleWebKit/537.36 (KHTML, like Gecko) Chrome/58.0.3029.110 Safari/537.3"
87.106.83.88 - - [27/Feb/2026:22:25:02 -0500] "GET /wp-includes/Text/ HTTP/1.1" 200 458 "binance.com" "Mozilla/5.0 (Windows NT 10.0; Win64; x64) AppleWebKit/537.36 (KHTML, like Gecko) Chrome/90.0.4430.85 Safari/537.36"
185.223.152.162 - - [27/Feb/2026:22:25:01 -0500] "GET /wp-includes/ID3/module.audio-license.php HTTP/1.1" 404 10858 "-" "Mozilla/5.0 (Windows NT 6.1; Win64; x64) AppleWebKit/537.36 (KHTML, like Gecko) Chrome/78.0.3904.108 Safari/537.36"
185.223.152.162 - - [27/Feb/2026:22:25:03 -0500] "GET /wp-content/themes/classwithtostring.php%20 HTTP/1.1" 301 - "-" "Mozilla/5.0 (Macintosh; Intel Mac OS X 10_10_1) AppleWebKit/537.36 (KHTML, like Gecko) Chrome/39.0.2171.95 Safari/537.36"
87.106.83.88 - - [27/Feb/2026:22:25:06 -0500] "GET /wp-includes/Text/Diff/ HTTP/1.1" 200 449 "binance.com" "Mozilla/5.0 (Windows NT 10.0; Win64; x64) AppleWebKit/537.36 (KHTML, like Gecko) Chrome/90.0.4430.85 Safari/537.36"
185.223.152.162 - - [27/Feb/2026:22:25:04 -0500] "GET /uploads/function.php HTTP/1.1" 404 10858 "-" "Mozilla/5.0 (Windows NT 10.0; Win64; x64) AppleWebKit/537.36 (KHTML, like Gecko) Chrome/75.0.3770.100 Safari/537.36"
185.223.152.162 - - [27/Feb/2026:22:25:07 -0500] "GET /assets/js/doc.php HTTP/1.1" 404 10858 "-" "Mozilla/5.0 (Linux x86_64; rv:79.0) Gecko/20100101 Firefox/79.0"
185.223.152.162 - - [27/Feb/2026:22:25:08 -0500] "GET /assets/comfunctions.php HTTP/1.1" 404 10857 "-" "Mozilla/5.0 (Windows NT 10.0; Win64; x64) AppleWebKit/537.36 (KHTML, like Gecko) Chrome/80.0.3987.149 Safari/537.36"
87.106.83.88 - - [27/Feb/2026:22:25:10 -0500] "GET /wp-includes/Text/Diff/Engine/ HTTP/1.1" 200 461 "binance.com" "Mozilla/5.0 (Windows NT 10.0; Win64; x64) AppleWebKit/537.36 (KHTML, like Gecko) Chrome/90.0.4430.85 Safari/537.36"
185.223.152.162 - - [27/Feb/2026:22:25:11 -0500] "GET /wp-includes/class-wp-error-module.php HTTP/1.1" 404 10858 "-" "Mozilla/5.0 (X11; Linux x86_64) AppleWebKit/537.36 (KHTML, like Gecko) Chrome/84.0.4147.105 Safari/537.36"
185.223.152.162 - - [27/Feb/2026:22:25:13 -0500] "GET /css/adminfus.php HTTP/1.1" 404 10858 "-" "Mozilla/5.0 (X11; Fedora; Linux x86_64; rv:79.0) Gecko/20100101 Firefox/79.0"
87.106.83.88 - - [27/Feb/2026:22:25:16 -0500] "GET /wp-includes/Text/Diff/Renderer/ HTTP/1.1" 200 409 "binance.com" "Mozilla/5.0 (Windows NT 10.0; Win64; x64) AppleWebKit/537.36 (KHTML, like Gecko) Chrome/90.0.4430.85 Safari/537.36"
185.223.152.162 - - [27/Feb/2026:22:25:15 -0500] "GET /adminfus.php HTTP/1.1" 404 10857 "-" "Mozilla/5.0 (Windows NT 10.0; Win64; x64) AppleWebKit/537.36 (KHTML, like Gecko) Chrome/79.0.3945.88 Safari/537.36"
87.106.83.88 - - [27/Feb/2026:22:25:18 -0500] "GET /wp-includes/blocks/ HTTP/1.1" 200 22 "binance.com" "Mozilla/5.0 (Windows NT 10.0; Win64; x64) AppleWebKit/537.36 (KHTML, like Gecko) Chrome/90.0.4430.85 Safari/537.36"
185.223.152.162 - - [27/Feb/2026:22:25:17 -0500] "GET /wp-includes/css/litespeed.php HTTP/1.1" 404 10858 "-" "Mozilla/5.0 (Windows NT 10.0; WOW64; x64) AppleWebKit/537.36 (KHTML, like Gecko) Chrome/84.0.4147.105 Safari/537.36 OPR/70.0.3728.95"
87.106.83.88 - - [27/Feb/2026:22:25:21 -0500] "GET /wp-includes/pomo/ HTTP/1.1" 200 514 "binance.com" "Mozilla/5.0 (Windows NT 10.0; Win64; x64) AppleWebKit/537.36 (KHTML, like Gecko) Chrome/90.0.4430.85 Safari/537.36"
185.223.152.162 - - [27/Feb/2026:22:25:20 -0500] "GET /images/as.php HTTP/1.1" 404 10858 "-" "Mozilla/5.0 (X11; Linux i686; rv:79.0) Gecko/20100101 Firefox/79.0"
185.223.152.162 - - [27/Feb/2026:22:25:22 -0500] "GET /wp-admin/setup-config.php HTTP/1.1" 409 2665 "-" "Mozilla/5.0 (Macintosh; Intel Mac OS X 10_15_6) AppleWebKit/537.36 (KHTML, like Gecko) Chrome/84.0.4147.105 Safari/537.36"
87.106.83.88 - - [27/Feb/2026:22:25:24 -0500] "GET /wp-includes/sitemaps/ HTTP/1.1" 200 557 "binance.com" "Mozilla/5.0 (Windows NT 10.0; Win64; x64) AppleWebKit/537.36 (KHTML, like Gecko) Chrome/90.0.4430.85 Safari/537.36"
185.223.152.162 - - [27/Feb/2026:22:25:23 -0500] "GET /wp-includes/css/dist/alam.php HTTP/1.1" 404 10858 "-" "Mozilla/5.0 (Windows NT 6.1; Win64; x64) AppleWebKit/537.36 (KHTML, like Gecko) Chrome/74.0.3729.169 Safari/537.36"
185.223.152.162 - - [27/Feb/2026:22:25:25 -0500] "GET /cong.php HTTP/1.1" 404 10858 "-" "Mozilla/5.0 (Macintosh; Intel Mac OS X 10_12_6) AppleWebKit/537.36 (KHTML, like Gecko) Chrome/58.0.3029.110 Safari/537.3"
185.223.152.162 - - [27/Feb/2026:22:25:27 -0500] "GET /wp-includes/block-bindings/imagess.php HTTP/1.1" 404 10858 "-" "Mozilla/5.0 (Windows NT 10.0; Win64; x64) AppleWebKit/537.36 (KHTML, like Gecko) Chrome/79.0.3945.130 Safari/537.36"
87.106.83.88 - - [27/Feb/2026:22:25:30 -0500] "GET /wp-includes/sitemaps/providers/ HTTP/1.1" 200 483 "binance.com" "Mozilla/5.0 (Windows NT 10.0; Win64; x64) AppleWebKit/537.36 (KHTML, like Gecko) Chrome/90.0.4430.85 Safari/537.36"
185.223.152.162 - - [27/Feb/2026:22:25:32 -0500] "GET /wp-content/plugins/pwnd/adminfus.php HTTP/1.1" 404 10858 "-" "Mozilla/5.0 (X11; Linux x86_64) AppleWebKit/537.36 (KHTML, like Gecko) Chrome/84.0.4147.105 Safari/537.36 OPR/70.0.3728.95"
87.106.83.88 - - [27/Feb/2026:22:25:33 -0500] "GET /wp-includes/widgets/ HTTP/1.1" 200 753 "binance.com" "Mozilla/5.0 (Windows NT 10.0; Win64; x64) AppleWebKit/537.36 (KHTML, like Gecko) Chrome/90.0.4430.85 Safari/537.36"
185.223.152.162 - - [27/Feb/2026:22:25:35 -0500] "GET /wp-includes/default-filters-edit.php HTTP/1.1" 404 10858 "-" "Mozilla/5.0 (Windows NT 10.0; Win64; x64; rv:79.0) Gecko/20100101 Firefox/79.0"
87.106.83.88 - - [27/Feb/2026:22:25:37 -0500] "GET /wp-includes/widgets/class-wp-widget-block.php HTTP/1.1" 500 - "binance.com" "Mozilla/5.0 (Windows NT 10.0; Win64; x64) AppleWebKit/537.36 (KHTML, like Gecko) Chrome/90.0.4430.85 Safari/537.36"
185.223.152.162 - - [27/Feb/2026:22:25:38 -0500] "GET /css/install.php HTTP/1.1" 404 45388 "-" "Mozilla/5.0 (Windows NT 6.3; Win64; x64; rv:73.0) Gecko/20100101 Firefox/73.0"
87.106.83.88 - - [27/Feb/2026:22:25:40 -0500] "GET /wp-includes/css/ HTTP/1.1" 200 1030 "binance.com" "Mozilla/5.0 (Windows NT 10.0; Win64; x64) AppleWebKit/537.36 (KHTML, like Gecko) Chrome/90.0.4430.85 Safari/537.36"
162.253.224.18 - - [27/Feb/2026:22:25:41 -0500] "POST /wp-cron.php?doing_wp_cron=1772249141.8655459880828857421875 HTTP/1.1" 200 - "-" "WordPress/6.9; http://davidlachapellela.com"
185.223.152.162 - - [27/Feb/2026:22:25:40 -0500] "GET /assets/av.php HTTP/1.1" 404 10858 "-" "Mozilla/5.0 (Windows NT 6.1; Win64; x64) AppleWebKit/537.36 (KHTML, like Gecko) Chrome/74.0.3729.169 Safari/537.36"
87.106.83.88 - - [27/Feb/2026:22:25:42 -0500] "GET /wp-includes/css/dist/ HTTP/1.1" 200 711 "binance.com" "Mozilla/5.0 (Windows NT 10.0; Win64; x64) AppleWebKit/537.36 (KHTML, like Gecko) Chrome/90.0.4430.85 Safari/537.36"
185.223.152.162 - - [27/Feb/2026:22:25:42 -0500] "GET /autoload_classmap/about.php HTTP/1.1" 404 10858 "-" "Mozilla/5.0 (Windows NT 6.1; Win64; x64) AppleWebKit/537.36 (KHTML, like Gecko) Chrome/80.0.3987.149 Safari/537.36"
87.106.83.88 - - [27/Feb/2026:22:25:47 -0500] "GET /wp-includes/fonts/ HTTP/1.1" 200 608 "binance.com" "Mozilla/5.0 (Windows NT 10.0; Win64; x64) AppleWebKit/537.36 (KHTML, like Gecko) Chrome/90.0.4430.85 Safari/537.36"
185.223.152.162 - - [27/Feb/2026:22:25:47 -0500] "GET /wp-configs.php HTTP/1.1" 404 10858 "-" "Mozilla/5.0 (Macintosh; Intel Mac OS X 10.15; rv:79.0) Gecko/20100101 Firefox/79.0"
185.223.152.162 - - [27/Feb/2026:22:25:50 -0500] "GET /wp-includes/Requests/Auth/index.php HTTP/1.1" 301 - "-" "Mozilla/5.0 (X11; Linux x86_64) AppleWebKit/537.36 (KHTML, like Gecko) Chrome/84.0.4147.105 Safari/537.36"
87.106.83.88 - - [27/Feb/2026:22:25:52 -0500] "GET /wp-includes/fonts/class-wp-font-collection.php HTTP/1.1" 200 - "binance.com" "Mozilla/5.0 (Windows NT 10.0; Win64; x64) AppleWebKit/537.36 (KHTML, like Gecko) Chrome/90.0.4430.85 Safari/537.36"
185.223.152.162 - - [27/Feb/2026:22:25:52 -0500] "GET /wp-admin/js/widgets/bless2.php HTTP/1.1" 404 45388 "-" "Mozilla/5.0 (Windows NT 10.0; Win64; x64) AppleWebKit/537.36 (KHTML, like Gecko) Chrome/77.0.3865.90 Safari/537.36"
87.106.83.88 - - [27/Feb/2026:22:25:57 -0500] "GET /wp-includes/fonts/class-wp-font-face-resolver.php HTTP/1.1" 200 - "binance.com" "Mozilla/5.0 (Windows NT 10.0; Win64; x64) AppleWebKit/537.36 (KHTML, like Gecko) Chrome/90.0.4430.85 Safari/537.36"
185.223.152.162 - - [27/Feb/2026:22:25:57 -0500] "GET /wp-admin/network/about.php HTTP/1.1" 302 - "-" "Mozilla/5.0 (Windows NT 10.0; WOW64) AppleWebKit/537.36 (KHTML, like Gecko) Chrome/72.0.3626.121 Safari/537.36"
185.223.152.162 - - [27/Feb/2026:22:25:59 -0500] "GET /wp-admin/item.php HTTP/1.1" 404 45388 "-" "Mozilla/5.0 (Windows NT 10.0; Win64; x64; rv:77.0) Gecko/20100101 Firefox/77.0"
87.106.83.88 - - [27/Feb/2026:22:26:03 -0500] "GET /wp-includes/fonts/class-wp-font-face.php HTTP/1.1" 200 - "binance.com" "Mozilla/5.0 (Windows NT 10.0; Win64; x64) AppleWebKit/537.36 (KHTML, like Gecko) Chrome/90.0.4430.85 Safari/537.36"
185.223.152.162 - - [27/Feb/2026:22:26:01 -0500] "GET /wp-includes/Text/Diff/Engine/theme.php HTTP/1.1" 404 10858 "-" "Mozilla/5.0 (Windows NT 10.0; Win64; x64) AppleWebKit/537.36 (KHTML, like Gecko) Chrome/84.0.4147.105 Safari/537.36 OPR/70.0.3728.95"
87.106.83.88 - - [27/Feb/2026:22:26:06 -0500] "GET /wp-includes/fonts/class-wp-font-library.php HTTP/1.1" 200 - "binance.com" "Mozilla/5.0 (Windows NT 10.0; Win64; x64) AppleWebKit/537.36 (KHTML, like Gecko) Chrome/90.0.4430.85 Safari/537.36"
185.223.152.162 - - [27/Feb/2026:22:26:05 -0500] "GET /.well-known/acme-challenge/mah.php HTTP/1.1" 404 45388 "-" "Mozilla/5.0 (Windows NT 10.0; Win64; x64; rv:76.0) Gecko/20100101 Firefox/76.0"
87.106.83.88 - - [27/Feb/2026:22:26:08 -0500] "GET /wp-includes/fonts/class-wp-font-utils.php HTTP/1.1" 200 - "binance.com" "Mozilla/5.0 (Windows NT 10.0; Win64; x64) AppleWebKit/537.36 (KHTML, like Gecko) Chrome/90.0.4430.85 Safari/537.36"
87.106.83.88 - - [27/Feb/2026:22:26:09 -0500] "GET /wp-includes/images/ HTTP/1.1" 200 978 "binance.com" "Mozilla/5.0 (Windows NT 10.0; Win64; x64) AppleWebKit/537.36 (KHTML, like Gecko) Chrome/90.0.4430.85 Safari/537.36"
185.223.152.162 - - [27/Feb/2026:22:26:08 -0500] "GET /wp-includes/ID3/shell.php HTTP/1.1" 404 10857 "-" "Mozilla/5.0 (Windows NT 10.0; Win64; x64) AppleWebKit/537.36 (KHTML, like Gecko) Chrome/83.0.4103.61 Safari/537.36"
185.223.152.162 - - [27/Feb/2026:22:26:11 -0500] "GET /wp-includes/customize/class-wp-customize-selective-refresh-library.php HTTP/1.1" 404 10858 "-" "Mozilla/5.0 (Windows NT 10.0; Win64; x64) AppleWebKit/537.36 (KHTML, like Gecko) Chrome/80.0.3987.149 Safari/537.36"
87.106.83.88 - - [27/Feb/2026:22:26:14 -0500] "GET /wp-includes/images/crystal/ HTTP/1.1" 200 600 "binance.com" "Mozilla/5.0 (Windows NT 10.0; Win64; x64) AppleWebKit/537.36 (KHTML, like Gecko) Chrome/90.0.4430.85 Safari/537.36"
185.223.152.162 - - [27/Feb/2026:22:26:14 -0500] "GET /ms-users.php HTTP/1.1" 404 10858 "-" "Mozilla/5.0 (Windows NT 10.0; Win64; x64) AppleWebKit/537.36 (KHTML, like Gecko) Chrome/83.0.4103.97 Safari/537.36"
87.106.83.88 - - [27/Feb/2026:22:26:16 -0500] "GET /wp-includes/images/media/ HTTP/1.1" 200 680 "binance.com" "Mozilla/5.0 (Windows NT 10.0; Win64; x64) AppleWebKit/537.36 (KHTML, like Gecko) Chrome/90.0.4430.85 Safari/537.36"
87.106.83.88 - - [27/Feb/2026:22:26:18 -0500] "GET /wp-includes/images/smilies/ HTTP/1.1" 200 811 "binance.com" "Mozilla/5.0 (Windows NT 10.0; Win64; x64) AppleWebKit/537.36 (KHTML, like Gecko) Chrome/90.0.4430.85 Safari/537.36"
185.223.152.162 - - [27/Feb/2026:22:26:17 -0500] "GET /wp-admin/js/cc.php HTTP/1.1" 404 45388 "-" "Mozilla/5.0 (Windows NT 10.0; Win64; x64) AppleWebKit/537.36 (KHTML, like Gecko) Chrome/74.0.3729.169 Safari/537.36"
87.106.83.88 - - [27/Feb/2026:22:26:20 -0500] "GET /wp-includes/images/wlw/ HTTP/1.1" 404 10848 "binance.com" "Mozilla/5.0 (Windows NT 10.0; Win64; x64) AppleWebKit/537.36 (KHTML, like Gecko) Chrome/90.0.4430.85 Safari/537.36"
185.223.152.162 - - [27/Feb/2026:22:26:20 -0500] "GET /wp-includes/Requests/library/wp-login.php HTTP/1.1" 404 45388 "-" "Mozilla/5.0 (Windows NT 10.0; WOW64; Trident/7.0; .NET4.0C; .NET4.0E; .NET CLR 2.0.50727; .NET CLR 3.0.30729; .NET CLR 3.5.30729; rv:11.0) like Gecko"
185.223.152.162 - - [27/Feb/2026:22:26:24 -0500] "GET /wp-includes/interactivity-api/about.php HTTP/1.1" 404 10858 "-" "Mozilla/5.0 (Windows NT 10.0; Win64; x64) AppleWebKit/537.36 (KHTML, like Gecko) Chrome/58.0.3029.110 Safari/537.3"
87.106.83.88 - - [27/Feb/2026:22:26:26 -0500] "GET /wp-includes/js/%20 HTTP/1.1" 301 - "binance.com" "Mozilla/5.0 (Windows NT 10.0; Win64; x64) AppleWebKit/537.36 (KHTML, like Gecko) Chrome/90.0.4430.85 Safari/537.36"
87.106.83.88 - - [27/Feb/2026:22:26:28 -0500] "GET /wp-includes/js/ HTTP/1.1" 200 2363 "binance.com" "Mozilla/5.0 (Windows NT 10.0; Win64; x64) AppleWebKit/537.36 (KHTML, like Gecko) Chrome/90.0.4430.85 Safari/537.36"
87.106.83.88 - - [27/Feb/2026:22:26:29 -0500] "GET /wp-includes/js/codemirror/ HTTP/1.1" 200 549 "binance.com" "Mozilla/5.0 (Windows NT 10.0; Win64; x64) AppleWebKit/537.36 (KHTML, like Gecko) Chrome/90.0.4430.85 Safari/537.36"
185.223.152.162 - - [27/Feb/2026:22:26:27 -0500] "GET /css/file.php HTTP/1.1" 404 10858 "-" "Mozilla/5.0 (Windows NT 10.0; Win64; x64) AppleWebKit/537.36 (KHTML, like Gecko) Chrome/79.0.3945.88 Safari/537.36"
87.106.83.88 - - [27/Feb/2026:22:26:31 -0500] "GET /wp-includes/js/plupload/ HTTP/1.1" 200 571 "binance.com" "Mozilla/5.0 (Windows NT 10.0; Win64; x64) AppleWebKit/537.36 (KHTML, like Gecko) Chrome/90.0.4430.85 Safari/537.36"
87.106.83.88 - - [27/Feb/2026:22:26:34 -0500] "GET /.well-known/ HTTP/1.1" 200 412 "binance.com" "Mozilla/5.0 (Windows NT 10.0; Win64; x64) AppleWebKit/537.36 (KHTML, like Gecko) Chrome/90.0.4430.85 Safari/537.36"
185.223.152.162 - - [27/Feb/2026:22:26:30 -0500] "GET /wp-content/plugins/classic-editor/alam.php HTTP/1.1" 404 10858 "-" "Mozilla/5.0 (Macintosh; Intel Mac OS X 10_15_6) AppleWebKit/537.36 (KHTML, like Gecko) Chrome/84.0.4147.105 Safari/537.36"
