4.193.97.168 - - [27/Feb/2026:17:41:22 -0500] "GET /inputs.php HTTP/1.1" 404 10844 "-" "Mozilla/5.0 (Windows NT 10.0; Win64; x64) AppleWebKit/537.36 (KHTML, like Gecko) Chrome/120.0.0.0 Safari/537.36"
4.193.97.168 - - [27/Feb/2026:17:41:23 -0500] "GET /ioxi-o.php HTTP/1.1" 404 10843 "-" "Mozilla/5.0 (Windows NT 10.0; Win64; x64) AppleWebKit/537.36 (KHTML, like Gecko) Chrome/120.0.0.0 Safari/537.36"
4.193.97.168 - - [27/Feb/2026:17:41:24 -0500] "GET /function/function.php HTTP/1.1" 404 10843 "-" "Mozilla/5.0 (Windows NT 10.0; Win64; x64) AppleWebKit/537.36 (KHTML, like Gecko) Chrome/120.0.0.0 Safari/537.36"
4.193.97.168 - - [27/Feb/2026:17:41:25 -0500] "GET /rip.php HTTP/1.1" 404 10844 "-" "Mozilla/5.0 (Windows NT 10.0; Win64; x64) AppleWebKit/537.36 (KHTML, like Gecko) Chrome/120.0.0.0 Safari/537.36"
4.193.97.168 - - [27/Feb/2026:17:41:25 -0500] "GET /admin.php HTTP/1.1" 404 10844 "-" "Mozilla/5.0 (Windows NT 10.0; Win64; x64) AppleWebKit/537.36 (KHTML, like Gecko) Chrome/120.0.0.0 Safari/537.36"
4.193.97.168 - - [27/Feb/2026:17:41:26 -0500] "GET /wp-content/uploads/index.php HTTP/1.1" 301 - "-" "Mozilla/5.0 (Windows NT 10.0; Win64; x64) AppleWebKit/537.36 (KHTML, like Gecko) Chrome/120.0.0.0 Safari/537.36"
4.193.97.168 - - [27/Feb/2026:17:41:27 -0500] "GET /cache.php HTTP/1.1" 404 10844 "-" "Mozilla/5.0 (Windows NT 10.0; Win64; x64) AppleWebKit/537.36 (KHTML, like Gecko) Chrome/120.0.0.0 Safari/537.36"
4.193.97.168 - - [27/Feb/2026:17:41:27 -0500] "GET /themes.php HTTP/1.1" 404 10844 "-" "Mozilla/5.0 (Windows NT 10.0; Win64; x64) AppleWebKit/537.36 (KHTML, like Gecko) Chrome/120.0.0.0 Safari/537.36"
4.193.97.168 - - [27/Feb/2026:17:41:28 -0500] "GET /an.php HTTP/1.1" 404 10844 "-" "Mozilla/5.0 (Windows NT 10.0; Win64; x64) AppleWebKit/537.36 (KHTML, like Gecko) Chrome/120.0.0.0 Safari/537.36"
4.193.97.168 - - [27/Feb/2026:17:41:29 -0500] "GET /index/function.php HTTP/1.1" 404 10844 "-" "Mozilla/5.0 (Windows NT 10.0; Win64; x64) AppleWebKit/537.36 (KHTML, like Gecko) Chrome/120.0.0.0 Safari/537.36"
4.193.97.168 - - [27/Feb/2026:17:41:30 -0500] "GET /randkeyword.PhP7 HTTP/1.1" 404 10843 "-" "Mozilla/5.0 (Windows NT 10.0; Win64; x64) AppleWebKit/537.36 (KHTML, like Gecko) Chrome/120.0.0.0 Safari/537.36"
4.193.97.168 - - [27/Feb/2026:17:41:30 -0500] "GET /ws.php HTTP/1.1" 404 10844 "-" "Mozilla/5.0 (Windows NT 10.0; Win64; x64) AppleWebKit/537.36 (KHTML, like Gecko) Chrome/120.0.0.0 Safari/537.36"
4.193.97.168 - - [27/Feb/2026:17:41:31 -0500] "GET /404.php HTTP/1.1" 404 10844 "-" "Mozilla/5.0 (Windows NT 10.0; Win64; x64) AppleWebKit/537.36 (KHTML, like Gecko) Chrome/120.0.0.0 Safari/537.36"
4.193.97.168 - - [27/Feb/2026:17:41:32 -0500] "GET /wp-admin/user/index.php HTTP/1.1" 302 - "-" "Mozilla/5.0 (Windows NT 10.0; Win64; x64) AppleWebKit/537.36 (KHTML, like Gecko) Chrome/120.0.0.0 Safari/537.36"
4.193.97.168 - - [27/Feb/2026:17:41:32 -0500] "GET /wp-conf.php HTTP/1.1" 404 10844 "-" "Mozilla/5.0 (Windows NT 10.0; Win64; x64) AppleWebKit/537.36 (KHTML, like Gecko) Chrome/120.0.0.0 Safari/537.36"
4.193.97.168 - - [27/Feb/2026:17:41:33 -0500] "GET /wp-content/themes/hideo/network.php HTTP/1.1" 404 10844 "-" "Mozilla/5.0 (Windows NT 10.0; Win64; x64) AppleWebKit/537.36 (KHTML, like Gecko) Chrome/120.0.0.0 Safari/537.36"
4.193.97.168 - - [27/Feb/2026:17:41:34 -0500] "GET /wp-login.php HTTP/1.1" 200 1985 "-" "Mozilla/5.0 (Windows NT 10.0; Win64; x64) AppleWebKit/537.36 (KHTML, like Gecko) Chrome/120.0.0.0 Safari/537.36"
4.193.97.168 - - [27/Feb/2026:17:41:34 -0500] "GET /abc.php HTTP/1.1" 404 10844 "-" "Mozilla/5.0 (Windows NT 10.0; Win64; x64) AppleWebKit/537.36 (KHTML, like Gecko) Chrome/120.0.0.0 Safari/537.36"
4.193.97.168 - - [27/Feb/2026:17:41:35 -0500] "GET /abcd.php HTTP/1.1" 404 10844 "-" "Mozilla/5.0 (Windows NT 10.0; Win64; x64) AppleWebKit/537.36 (KHTML, like Gecko) Chrome/120.0.0.0 Safari/537.36"
4.193.97.168 - - [27/Feb/2026:17:41:36 -0500] "GET /as.php HTTP/1.1" 404 10844 "-" "Mozilla/5.0 (Windows NT 10.0; Win64; x64) AppleWebKit/537.36 (KHTML, like Gecko) Chrome/120.0.0.0 Safari/537.36"
4.193.97.168 - - [27/Feb/2026:17:41:36 -0500] "GET /wp-trackback.php HTTP/1.1" 404 130 "-" "Mozilla/5.0 (Windows NT 10.0; Win64; x64) AppleWebKit/537.36 (KHTML, like Gecko) Chrome/120.0.0.0 Safari/537.36"
4.193.97.168 - - [27/Feb/2026:17:41:37 -0500] "GET /about.php HTTP/1.1" 404 10844 "-" "Mozilla/5.0 (Windows NT 10.0; Win64; x64) AppleWebKit/537.36 (KHTML, like Gecko) Chrome/120.0.0.0 Safari/537.36"
4.193.97.168 - - [27/Feb/2026:17:41:37 -0500] "GET /file.php HTTP/1.1" 404 10844 "-" "Mozilla/5.0 (Windows NT 10.0; Win64; x64) AppleWebKit/537.36 (KHTML, like Gecko) Chrome/120.0.0.0 Safari/537.36"
4.193.97.168 - - [27/Feb/2026:17:41:38 -0500] "GET /adminfuns.php HTTP/1.1" 404 10844 "-" "Mozilla/5.0 (Windows NT 10.0; Win64; x64) AppleWebKit/537.36 (KHTML, like Gecko) Chrome/120.0.0.0 Safari/537.36"
162.253.224.18 - - [27/Feb/2026:17:41:40 -0500] "POST /wp-cron.php?doing_wp_cron=1772232100.2226738929748535156250 HTTP/1.1" 200 - "-" "WordPress/6.9; https://davidlachapellela.com"
4.193.97.168 - - [27/Feb/2026:17:41:39 -0500] "GET /wp-good.php HTTP/1.1" 404 10843 "-" "Mozilla/5.0 (Windows NT 10.0; Win64; x64) AppleWebKit/537.36 (KHTML, like Gecko) Chrome/120.0.0.0 Safari/537.36"
4.193.97.168 - - [27/Feb/2026:17:41:40 -0500] "GET /xmlrpc.php HTTP/1.1" 405 60 "-" "Mozilla/5.0 (Windows NT 10.0; Win64; x64) AppleWebKit/537.36 (KHTML, like Gecko) Chrome/120.0.0.0 Safari/537.36"
4.193.97.168 - - [27/Feb/2026:17:41:41 -0500] "GET /goods.php HTTP/1.1" 404 10843 "-" "Mozilla/5.0 (Windows NT 10.0; Win64; x64) AppleWebKit/537.36 (KHTML, like Gecko) Chrome/120.0.0.0 Safari/537.36"
4.193.97.168 - - [27/Feb/2026:17:41:41 -0500] "GET /class-t.api.php HTTP/1.1" 404 10843 "-" "Mozilla/5.0 (Windows NT 10.0; Win64; x64) AppleWebKit/537.36 (KHTML, like Gecko) Chrome/120.0.0.0 Safari/537.36"
4.193.97.168 - - [27/Feb/2026:17:41:42 -0500] "GET /sf.php HTTP/1.1" 404 10843 "-" "Mozilla/5.0 (Windows NT 10.0; Win64; x64) AppleWebKit/537.36 (KHTML, like Gecko) Chrome/120.0.0.0 Safari/537.36"
4.193.97.168 - - [27/Feb/2026:17:41:43 -0500] "GET /kbfr.php HTTP/1.1" 404 10843 "-" "Mozilla/5.0 (Windows NT 10.0; Win64; x64) AppleWebKit/537.36 (KHTML, like Gecko) Chrome/120.0.0.0 Safari/537.36"
4.193.97.168 - - [27/Feb/2026:17:41:44 -0500] "GET /autoload_classmap.php HTTP/1.1" 404 10843 "-" "Mozilla/5.0 (Windows NT 10.0; Win64; x64) AppleWebKit/537.36 (KHTML, like Gecko) Chrome/120.0.0.0 Safari/537.36"
4.193.97.168 - - [27/Feb/2026:17:41:44 -0500] "GET /chosen.php?p= HTTP/1.1" 301 - "-" "Mozilla/5.0 (Windows NT 10.0; Win64; x64) AppleWebKit/537.36 (KHTML, like Gecko) Chrome/120.0.0.0 Safari/537.36"
4.193.97.168 - - [27/Feb/2026:17:41:45 -0500] "GET /classwithtostring.php HTTP/1.1" 404 10843 "-" "Mozilla/5.0 (Windows NT 10.0; Win64; x64) AppleWebKit/537.36 (KHTML, like Gecko) Chrome/120.0.0.0 Safari/537.36"
4.193.97.168 - - [27/Feb/2026:17:41:46 -0500] "GET /defaults.php HTTP/1.1" 404 10843 "-" "Mozilla/5.0 (Windows NT 10.0; Win64; x64) AppleWebKit/537.36 (KHTML, like Gecko) Chrome/120.0.0.0 Safari/537.36"
4.193.97.168 - - [27/Feb/2026:17:41:46 -0500] "GET /wp-includes/ HTTP/1.1" 200 4838 "-" "Mozilla/5.0 (Windows NT 10.0; Win64; x64) AppleWebKit/537.36 (KHTML, like Gecko) Chrome/120.0.0.0 Safari/537.36"
4.193.97.168 - - [27/Feb/2026:17:41:47 -0500] "GET /.well-known/ HTTP/1.1" 200 413 "-" "Mozilla/5.0 (Windows NT 10.0; Win64; x64) AppleWebKit/537.36 (KHTML, like Gecko) Chrome/120.0.0.0 Safari/537.36"
4.193.97.168 - - [27/Feb/2026:17:41:47 -0500] "GET /info.php HTTP/1.1" 404 10843 "-" "Mozilla/5.0 (Windows NT 10.0; Win64; x64) AppleWebKit/537.36 (KHTML, like Gecko) Chrome/120.0.0.0 Safari/537.36"
4.193.97.168 - - [27/Feb/2026:17:41:47 -0500] "GET /cgi-bin/ HTTP/1.1" 404 10844 "-" "Mozilla/5.0 (Windows NT 10.0; Win64; x64) AppleWebKit/537.36 (KHTML, like Gecko) Chrome/120.0.0.0 Safari/537.36"
4.193.97.168 - - [27/Feb/2026:17:41:48 -0500] "GET /uploads/ HTTP/1.1" 404 10844 "-" "Mozilla/5.0 (Windows NT 10.0; Win64; x64) AppleWebKit/537.36 (KHTML, like Gecko) Chrome/120.0.0.0 Safari/537.36"
4.193.97.168 - - [27/Feb/2026:17:41:49 -0500] "GET /wp-admin/images/ HTTP/1.1" 200 1787 "-" "Mozilla/5.0 (Windows NT 10.0; Win64; x64) AppleWebKit/537.36 (KHTML, like Gecko) Chrome/120.0.0.0 Safari/537.36"
4.193.97.168 - - [27/Feb/2026:17:41:49 -0500] "GET /wp-includes/Requests/src/Response/about.php HTTP/1.1" 404 10843 "-" "Mozilla/5.0 (Windows NT 10.0; Win64; x64) AppleWebKit/537.36 (KHTML, like Gecko) Chrome/120.0.0.0 Safari/537.36"
4.193.97.168 - - [27/Feb/2026:17:41:50 -0500] "GET /wp-includes/html-api/ HTTP/1.1" 200 727 "-" "Mozilla/5.0 (Windows NT 10.0; Win64; x64) AppleWebKit/537.36 (KHTML, like Gecko) Chrome/120.0.0.0 Safari/537.36"
4.193.97.168 - - [27/Feb/2026:17:41:50 -0500] "GET /wp-content/admin.php HTTP/1.1" 404 10843 "-" "Mozilla/5.0 (Windows NT 10.0; Win64; x64) AppleWebKit/537.36 (KHTML, like Gecko) Chrome/120.0.0.0 Safari/537.36"
4.193.97.168 - - [27/Feb/2026:17:41:51 -0500] "GET /wp-admin/css/colors/ectoplasm/ HTTP/1.1" 200 470 "-" "Mozilla/5.0 (Windows NT 10.0; Win64; x64) AppleWebKit/537.36 (KHTML, like Gecko) Chrome/120.0.0.0 Safari/537.36"
4.193.97.168 - - [27/Feb/2026:17:41:51 -0500] "GET /wp-content/uploads/ HTTP/1.1" 200 639 "-" "Mozilla/5.0 (Windows NT 10.0; Win64; x64) AppleWebKit/537.36 (KHTML, like Gecko) Chrome/120.0.0.0 Safari/537.36"
4.193.97.168 - - [27/Feb/2026:17:41:51 -0500] "GET /wp-content/themes/admin.php HTTP/1.1" 404 10843 "-" "Mozilla/5.0 (Windows NT 10.0; Win64; x64) AppleWebKit/537.36 (KHTML, like Gecko) Chrome/120.0.0.0 Safari/537.36"
4.193.97.168 - - [27/Feb/2026:17:41:52 -0500] "GET /wp-content/themes/index.php HTTP/1.1" 200 - "-" "Mozilla/5.0 (Windows NT 10.0; Win64; x64) AppleWebKit/537.36 (KHTML, like Gecko) Chrome/120.0.0.0 Safari/537.36"
4.193.97.168 - - [27/Feb/2026:17:41:52 -0500] "GET /wp-content/plugins/index.php HTTP/1.1" 200 - "-" "Mozilla/5.0 (Windows NT 10.0; Win64; x64) AppleWebKit/537.36 (KHTML, like Gecko) Chrome/120.0.0.0 Safari/537.36"
4.193.97.168 - - [27/Feb/2026:17:41:52 -0500] "GET /wp-includes/PHPMailer/ HTTP/1.1" 200 536 "-" "Mozilla/5.0 (Windows NT 10.0; Win64; x64) AppleWebKit/537.36 (KHTML, like Gecko) Chrome/120.0.0.0 Safari/537.36"
4.193.97.168 - - [27/Feb/2026:17:41:53 -0500] "GET /wp-includes/images/ HTTP/1.1" 200 979 "-" "Mozilla/5.0 (Windows NT 10.0; Win64; x64) AppleWebKit/537.36 (KHTML, like Gecko) Chrome/120.0.0.0 Safari/537.36"
4.193.97.168 - - [27/Feb/2026:17:41:53 -0500] "GET /wp-content/plugins/WordPressCore/ HTTP/1.1" 404 10843 "-" "Mozilla/5.0 (Windows NT 10.0; Win64; x64) AppleWebKit/537.36 (KHTML, like Gecko) Chrome/120.0.0.0 Safari/537.36"
57.130.20.252 - - [27/Feb/2026:17:42:38 -0500] "POST /xmlrpc.php HTTP/1.1" 200 225 "-" "Mozilla/5.0 (Macintosh; Intel Mac OS X 10_12_6) AppleWebKit/605.1.15 (KHTML, like Gecko) Version/11.1.1 Safari/605.1.15"
193.169.8.127 - - [27/Feb/2026:17:45:24 -0500] "GET /wp-content/uploads/2022/08/MALKBA-1024x725.png HTTP/1.1" 200 300949 "https://davidlachapellela.com/" "Mozilla/5.0 (Macintosh; Intel Mac OS X 10_15_7) AppleWebKit/537.36 (KHTML, like Gecko) Chrome/130.0.0.0 Safari/537.36"
162.253.224.18 - - [27/Feb/2026:17:46:59 -0500] "POST /wp-cron.php?doing_wp_cron=1772232419.4885320663452148437500 HTTP/1.1" 200 - "-" "WordPress/6.9; https://davidlachapellela.com"
66.116.196.26 - - [27/Feb/2026:17:46:59 -0500] "POST /xmlrpc.php HTTP/1.1" 200 225 "-" "Mozilla/5.0 (Macintosh; Intel Mac OS X 10_12_3) AppleWebKit/602.4.8 (KHTML, like Gecko) Version/10.0.3 Safari/602.4.8"
20.194.29.45 - - [27/Feb/2026:17:47:37 -0500] "GET /wp-content/plugins/ninja-forms/randkeyword.php HTTP/1.1" 404 10844 "-" "Mozilla/5.0 (Windows NT 10.0; Win64; x64) AppleWebKit/537.36 (KHTML, like Gecko) Chrome/120.0.0.0 Safari/537.36"
20.194.29.45 - - [27/Feb/2026:17:47:38 -0500] "GET /sad/about.php HTTP/1.1" 404 10844 "-" "Mozilla/5.0 (Windows NT 10.0; Win64; x64) AppleWebKit/537.36 (KHTML, like Gecko) Chrome/120.0.0.0 Safari/537.36"
20.194.29.45 - - [27/Feb/2026:17:47:39 -0500] "GET /buy.php HTTP/1.1" 404 10844 "-" "Mozilla/5.0 (Windows NT 10.0; Win64; x64) AppleWebKit/537.36 (KHTML, like Gecko) Chrome/120.0.0.0 Safari/537.36"
162.253.224.18 - - [27/Feb/2026:17:47:40 -0500] "POST /wp-cron.php?doing_wp_cron=1772232460.4743900299072265625000 HTTP/1.1" 200 - "-" "WordPress/6.9; https://davidlachapellela.com"
20.194.29.45 - - [27/Feb/2026:17:47:40 -0500] "GET /wp-includes/Requests/Cookie/cloud.php HTTP/1.1" 404 10843 "-" "Mozilla/5.0 (Windows NT 10.0; Win64; x64) AppleWebKit/537.36 (KHTML, like Gecko) Chrome/120.0.0.0 Safari/537.36"
20.194.29.45 - - [27/Feb/2026:17:47:40 -0500] "GET /wp-admin/includes/wp-admin.php HTTP/1.1" 404 10843 "-" "Mozilla/5.0 (Windows NT 10.0; Win64; x64) AppleWebKit/537.36 (KHTML, like Gecko) Chrome/120.0.0.0 Safari/537.36"
20.194.29.45 - - [27/Feb/2026:17:47:41 -0500] "GET /wp-admin/css/dropdown.php HTTP/1.1" 404 10843 "-" "Mozilla/5.0 (Windows NT 10.0; Win64; x64) AppleWebKit/537.36 (KHTML, like Gecko) Chrome/120.0.0.0 Safari/537.36"
20.194.29.45 - - [27/Feb/2026:17:47:42 -0500] "GET /wp-includes/rest-api/functions.php HTTP/1.1" 404 10843 "-" "Mozilla/5.0 (Windows NT 10.0; Win64; x64) AppleWebKit/537.36 (KHTML, like Gecko) Chrome/120.0.0.0 Safari/537.36"
20.194.29.45 - - [27/Feb/2026:17:47:42 -0500] "GET /wp-admin/images/defaults.php HTTP/1.1" 404 10843 "-" "Mozilla/5.0 (Windows NT 10.0; Win64; x64) AppleWebKit/537.36 (KHTML, like Gecko) Chrome/120.0.0.0 Safari/537.36"
20.194.29.45 - - [27/Feb/2026:17:47:43 -0500] "GET /simple.php HTTP/1.1" 404 10843 "-" "Mozilla/5.0 (Windows NT 10.0; Win64; x64) AppleWebKit/537.36 (KHTML, like Gecko) Chrome/120.0.0.0 Safari/537.36"
20.194.29.45 - - [27/Feb/2026:17:47:44 -0500] "GET /Admin/uploads/text.php HTTP/1.1" 404 10843 "-" "Mozilla/5.0 (Windows NT 10.0; Win64; x64) AppleWebKit/537.36 (KHTML, like Gecko) Chrome/120.0.0.0 Safari/537.36"
20.194.29.45 - - [27/Feb/2026:17:47:44 -0500] "GET /wp-includes/images/smilies/flower.php HTTP/1.1" 404 10843 "-" "Mozilla/5.0 (Windows NT 10.0; Win64; x64) AppleWebKit/537.36 (KHTML, like Gecko) Chrome/120.0.0.0 Safari/537.36"
20.194.29.45 - - [27/Feb/2026:17:47:45 -0500] "GET /wp-admin/VbkWJt9n2fP.php HTTP/1.1" 404 10843 "-" "Mozilla/5.0 (Windows NT 10.0; Win64; x64) AppleWebKit/537.36 (KHTML, like Gecko) Chrome/120.0.0.0 Safari/537.36"
20.194.29.45 - - [27/Feb/2026:17:47:45 -0500] "GET /classsmtps.php HTTP/1.1" 404 10843 "-" "Mozilla/5.0 (Windows NT 10.0; Win64; x64) AppleWebKit/537.36 (KHTML, like Gecko) Chrome/120.0.0.0 Safari/537.36"
20.194.29.45 - - [27/Feb/2026:17:47:46 -0500] "GET /wp-includes/block-supports/block-bindings.php HTTP/1.1" 404 10843 "-" "Mozilla/5.0 (Windows NT 10.0; Win64; x64) AppleWebKit/537.36 (KHTML, like Gecko) Chrome/120.0.0.0 Safari/537.36"
20.194.29.45 - - [27/Feb/2026:17:47:47 -0500] "GET /wp-includes/SimplePie/Content/root.php HTTP/1.1" 404 10843 "-" "Mozilla/5.0 (Windows NT 10.0; Win64; x64) AppleWebKit/537.36 (KHTML, like Gecko) Chrome/120.0.0.0 Safari/537.36"
20.194.29.45 - - [27/Feb/2026:17:47:47 -0500] "GET /.well-known/acme-challenge/xmrlpc.php HTTP/1.1" 404 10844 "-" "Mozilla/5.0 (Windows NT 10.0; Win64; x64) AppleWebKit/537.36 (KHTML, like Gecko) Chrome/120.0.0.0 Safari/537.36"
20.194.29.45 - - [27/Feb/2026:17:47:48 -0500] "GET /wp-includes/theme-compat/index.php HTTP/1.1" 301 - "-" "Mozilla/5.0 (Windows NT 10.0; Win64; x64) AppleWebKit/537.36 (KHTML, like Gecko) Chrome/120.0.0.0 Safari/537.36"
20.194.29.45 - - [27/Feb/2026:17:47:49 -0500] "GET /moon.php HTTP/1.1" 404 10844 "-" "Mozilla/5.0 (Windows NT 10.0; Win64; x64) AppleWebKit/537.36 (KHTML, like Gecko) Chrome/120.0.0.0 Safari/537.36"
20.194.29.45 - - [27/Feb/2026:17:47:49 -0500] "GET /Public/system.php HTTP/1.1" 404 10843 "-" "Mozilla/5.0 (Windows NT 10.0; Win64; x64) AppleWebKit/537.36 (KHTML, like Gecko) Chrome/120.0.0.0 Safari/537.36"
20.194.29.45 - - [27/Feb/2026:17:47:50 -0500] "GET /index/function.php HTTP/1.1" 404 10843 "-" "Mozilla/5.0 (Windows NT 10.0; Win64; x64) AppleWebKit/537.36 (KHTML, like Gecko) Chrome/120.0.0.0 Safari/537.36"
20.194.29.45 - - [27/Feb/2026:17:47:50 -0500] "GET /modules/colors.php HTTP/1.1" 404 10843 "-" "Mozilla/5.0 (Windows NT 10.0; Win64; x64) AppleWebKit/537.36 (KHTML, like Gecko) Chrome/120.0.0.0 Safari/537.36"
20.194.29.45 - - [27/Feb/2026:17:47:51 -0500] "GET /.well-known/edit.php HTTP/1.1" 404 10843 "-" "Mozilla/5.0 (Windows NT 10.0; Win64; x64) AppleWebKit/537.36 (KHTML, like Gecko) Chrome/120.0.0.0 Safari/537.36"
20.194.29.45 - - [27/Feb/2026:17:47:52 -0500] "GET /wp-content/classwithtostring.php HTTP/1.1" 404 10843 "-" "Mozilla/5.0 (Windows NT 10.0; Win64; x64) AppleWebKit/537.36 (KHTML, like Gecko) Chrome/120.0.0.0 Safari/537.36"
20.194.29.45 - - [27/Feb/2026:17:47:52 -0500] "GET /wp-admin/meta/xmlrpc.php HTTP/1.1" 404 10843 "-" "Mozilla/5.0 (Windows NT 10.0; Win64; x64) AppleWebKit/537.36 (KHTML, like Gecko) Chrome/120.0.0.0 Safari/537.36"
20.194.29.45 - - [27/Feb/2026:17:47:53 -0500] "GET /admin/uploads/disagreed.php HTTP/1.1" 404 10843 "-" "Mozilla/5.0 (Windows NT 10.0; Win64; x64) AppleWebKit/537.36 (KHTML, like Gecko) Chrome/120.0.0.0 Safari/537.36"
20.194.29.45 - - [27/Feb/2026:17:47:54 -0500] "GET /.well-known/lofmebwd.php HTTP/1.1" 404 10843 "-" "Mozilla/5.0 (Windows NT 10.0; Win64; x64) AppleWebKit/537.36 (KHTML, like Gecko) Chrome/120.0.0.0 Safari/537.36"
20.194.29.45 - - [27/Feb/2026:17:47:54 -0500] "GET /disoxrmons.php HTTP/1.1" 404 10843 "-" "Mozilla/5.0 (Windows NT 10.0; Win64; x64) AppleWebKit/537.36 (KHTML, like Gecko) Chrome/120.0.0.0 Safari/537.36"
20.194.29.45 - - [27/Feb/2026:17:47:55 -0500] "GET /.well-known/pki-validation/index.php HTTP/1.1" 404 - "-" "Mozilla/5.0 (Windows NT 10.0; Win64; x64) AppleWebKit/537.36 (KHTML, like Gecko) Chrome/120.0.0.0 Safari/537.36"
20.194.29.45 - - [27/Feb/2026:17:47:55 -0500] "GET /wp-includes/SimplePie/Cache/class_api.php HTTP/1.1" 404 10843 "-" "Mozilla/5.0 (Windows NT 10.0; Win64; x64) AppleWebKit/537.36 (KHTML, like Gecko) Chrome/120.0.0.0 Safari/537.36"
20.194.29.45 - - [27/Feb/2026:17:47:56 -0500] "GET /images/stories/colour.php HTTP/1.1" 404 10843 "-" "Mozilla/5.0 (Windows NT 10.0; Win64; x64) AppleWebKit/537.36 (KHTML, like Gecko) Chrome/120.0.0.0 Safari/537.36"
20.194.29.45 - - [27/Feb/2026:17:47:56 -0500] "GET /xmlrpc.php HTTP/1.1" 405 60 "-" "Mozilla/5.0 (Windows NT 10.0; Win64; x64) AppleWebKit/537.36 (KHTML, like Gecko) Chrome/120.0.0.0 Safari/537.36"
20.194.29.45 - - [27/Feb/2026:17:47:57 -0500] "GET /item.php HTTP/1.1" 404 10843 "-" "Mozilla/5.0 (Windows NT 10.0; Win64; x64) AppleWebKit/537.36 (KHTML, like Gecko) Chrome/120.0.0.0 Safari/537.36"
20.194.29.45 - - [27/Feb/2026:17:47:57 -0500] "GET /wp-content/upgrade/alfanew.php7 HTTP/1.1" 404 10844 "-" "Mozilla/5.0 (Windows NT 10.0; Win64; x64) AppleWebKit/537.36 (KHTML, like Gecko) Chrome/120.0.0.0 Safari/537.36"
20.194.29.45 - - [27/Feb/2026:17:47:58 -0500] "GET /1.php HTTP/1.1" 404 10844 "-" "Mozilla/5.0 (Windows NT 10.0; Win64; x64) AppleWebKit/537.36 (KHTML, like Gecko) Chrome/120.0.0.0 Safari/537.36"
20.194.29.45 - - [27/Feb/2026:17:47:59 -0500] "GET /shop/wp-admin.php HTTP/1.1" 404 10844 "-" "Mozilla/5.0 (Windows NT 10.0; Win64; x64) AppleWebKit/537.36 (KHTML, like Gecko) Chrome/120.0.0.0 Safari/537.36"
20.194.29.45 - - [27/Feb/2026:17:47:59 -0500] "GET /wp-admin/maint/system.php HTTP/1.1" 404 10843 "-" "Mozilla/5.0 (Windows NT 10.0; Win64; x64) AppleWebKit/537.36 (KHTML, like Gecko) Chrome/120.0.0.0 Safari/537.36"
20.194.29.45 - - [27/Feb/2026:17:48:00 -0500] "GET /wp-includes/Text/Diff/Engine/config.php7 HTTP/1.1" 404 10843 "-" "Mozilla/5.0 (Windows NT 10.0; Win64; x64) AppleWebKit/537.36 (KHTML, like Gecko) Chrome/120.0.0.0 Safari/537.36"
20.194.29.45 - - [27/Feb/2026:17:48:01 -0500] "GET /wp-includes/Requests/Exception/file.php HTTP/1.1" 404 10844 "-" "Mozilla/5.0 (Windows NT 10.0; Win64; x64) AppleWebKit/537.36 (KHTML, like Gecko) Chrome/120.0.0.0 Safari/537.36"
20.194.29.45 - - [27/Feb/2026:17:48:01 -0500] "GET /wp-includes/assets/wp-contentt.php HTTP/1.1" 404 10844 "-" "Mozilla/5.0 (Windows NT 10.0; Win64; x64) AppleWebKit/537.36 (KHTML, like Gecko) Chrome/120.0.0.0 Safari/537.36"
20.194.29.45 - - [27/Feb/2026:17:48:02 -0500] "GET /wp-includes/Text/Diff/Renderer/hehe.php HTTP/1.1" 404 10844 "-" "Mozilla/5.0 (Windows NT 10.0; Win64; x64) AppleWebKit/537.36 (KHTML, like Gecko) Chrome/120.0.0.0 Safari/537.36"
20.194.29.45 - - [27/Feb/2026:17:48:03 -0500] "GET /admin/alfa-rex.php HTTP/1.1" 404 10844 "-" "Mozilla/5.0 (Windows NT 10.0; Win64; x64) AppleWebKit/537.36 (KHTML, like Gecko) Chrome/120.0.0.0 Safari/537.36"
20.194.29.45 - - [27/Feb/2026:17:48:03 -0500] "GET /plugins/files.php HTTP/1.1" 404 10844 "-" "Mozilla/5.0 (Windows NT 10.0; Win64; x64) AppleWebKit/537.36 (KHTML, like Gecko) Chrome/120.0.0.0 Safari/537.36"
20.194.29.45 - - [27/Feb/2026:17:48:04 -0500] "GET /wp-includes/IXR/index.php HTTP/1.1" 301 - "-" "Mozilla/5.0 (Windows NT 10.0; Win64; x64) AppleWebKit/537.36 (KHTML, like Gecko) Chrome/120.0.0.0 Safari/537.36"
20.194.29.45 - - [27/Feb/2026:17:48:05 -0500] "GET /public/makeasmtp.php HTTP/1.1" 404 10844 "-" "Mozilla/5.0 (Windows NT 10.0; Win64; x64) AppleWebKit/537.36 (KHTML, like Gecko) Chrome/120.0.0.0 Safari/537.36"
20.194.29.45 - - [27/Feb/2026:17:48:06 -0500] "GET /assets/feeds.php HTTP/1.1" 404 10844 "-" "Mozilla/5.0 (Windows NT 10.0; Win64; x64) AppleWebKit/537.36 (KHTML, like Gecko) Chrome/120.0.0.0 Safari/537.36"
20.194.29.45 - - [27/Feb/2026:17:48:06 -0500] "GET /index.php HTTP/1.1" 301 - "-" "Mozilla/5.0 (Windows NT 10.0; Win64; x64) AppleWebKit/537.36 (KHTML, like Gecko) Chrome/120.0.0.0 Safari/537.36"
20.194.29.45 - - [27/Feb/2026:17:48:07 -0500] "GET /ok.php HTTP/1.1" 404 10844 "-" "Mozilla/5.0 (Windows NT 10.0; Win64; x64) AppleWebKit/537.36 (KHTML, like Gecko) Chrome/120.0.0.0 Safari/537.36"
20.194.29.45 - - [27/Feb/2026:17:48:08 -0500] "GET /wp-includes/Text/Diff/Engine/Engine/about.php HTTP/1.1" 404 10844 "-" "Mozilla/5.0 (Windows NT 10.0; Win64; x64) AppleWebKit/537.36 (KHTML, like Gecko) Chrome/120.0.0.0 Safari/537.36"
20.194.29.45 - - [27/Feb/2026:17:48:08 -0500] "GET /mah/function.php HTTP/1.1" 404 10844 "-" "Mozilla/5.0 (Windows NT 10.0; Win64; x64) AppleWebKit/537.36 (KHTML, like Gecko) Chrome/120.0.0.0 Safari/537.36"
20.194.29.45 - - [27/Feb/2026:17:48:09 -0500] "GET /wp-includes/Requests/Response/wp-configs.php HTTP/1.1" 404 10844 "-" "Mozilla/5.0 (Windows NT 10.0; Win64; x64) AppleWebKit/537.36 (KHTML, like Gecko) Chrome/120.0.0.0 Safari/537.36"
20.194.29.45 - - [27/Feb/2026:17:48:10 -0500] "GET /sites/default/files/text.php HTTP/1.1" 404 10843 "-" "Mozilla/5.0 (Windows NT 10.0; Win64; x64) AppleWebKit/537.36 (KHTML, like Gecko) Chrome/120.0.0.0 Safari/537.36"
20.194.29.45 - - [27/Feb/2026:17:48:10 -0500] "GET /wp-admin/network/index.php HTTP/1.1" 302 - "-" "Mozilla/5.0 (Windows NT 10.0; Win64; x64) AppleWebKit/537.36 (KHTML, like Gecko) Chrome/120.0.0.0 Safari/537.36"
20.194.29.45 - - [27/Feb/2026:17:48:11 -0500] "GET /ws.php HTTP/1.1" 404 10844 "-" "Mozilla/5.0 (Windows NT 10.0; Win64; x64) AppleWebKit/537.36 (KHTML, like Gecko) Chrome/120.0.0.0 Safari/537.36"
20.194.29.45 - - [27/Feb/2026:17:48:11 -0500] "GET /wp-content/mu-plugins-old/yindu.php HTTP/1.1" 404 10844 "-" "Mozilla/5.0 (Windows NT 10.0; Win64; x64) AppleWebKit/537.36 (KHTML, like Gecko) Chrome/120.0.0.0 Safari/537.36"
20.194.29.45 - - [27/Feb/2026:17:48:12 -0500] "GET /wp-includes/images/wlw/admin.php HTTP/1.1" 404 10844 "-" "Mozilla/5.0 (Windows NT 10.0; Win64; x64) AppleWebKit/537.36 (KHTML, like Gecko) Chrome/120.0.0.0 Safari/537.36"
20.194.29.45 - - [27/Feb/2026:17:48:13 -0500] "GET /local/xmlrpc.php0 HTTP/1.1" 404 10844 "-" "Mozilla/5.0 (Windows NT 10.0; Win64; x64) AppleWebKit/537.36 (KHTML, like Gecko) Chrome/120.0.0.0 Safari/537.36"
20.194.29.45 - - [27/Feb/2026:17:48:14 -0500] "GET /wp-includes/post.php HTTP/1.1" 200 - "-" "Mozilla/5.0 (Windows NT 10.0; Win64; x64) AppleWebKit/537.36 (KHTML, like Gecko) Chrome/120.0.0.0 Safari/537.36"
20.194.29.45 - - [27/Feb/2026:17:48:14 -0500] "GET /upload/room.php HTTP/1.1" 404 10844 "-" "Mozilla/5.0 (Windows NT 10.0; Win64; x64) AppleWebKit/537.36 (KHTML, like Gecko) Chrome/120.0.0.0 Safari/537.36"
20.194.29.45 - - [27/Feb/2026:17:48:14 -0500] "GET /.well-known/acme-challenge/post.php HTTP/1.1" 404 10844 "-" "Mozilla/5.0 (Windows NT 10.0; Win64; x64) AppleWebKit/537.36 (KHTML, like Gecko) Chrome/120.0.0.0 Safari/537.36"
20.194.29.45 - - [27/Feb/2026:17:48:15 -0500] "GET /wp-content/uploads/index.php HTTP/1.1" 301 - "-" "Mozilla/5.0 (Windows NT 10.0; Win64; x64) AppleWebKit/537.36 (KHTML, like Gecko) Chrome/120.0.0.0 Safari/537.36"
20.194.29.45 - - [27/Feb/2026:17:48:16 -0500] "GET /wi.php HTTP/1.1" 404 10844 "-" "Mozilla/5.0 (Windows NT 10.0; Win64; x64) AppleWebKit/537.36 (KHTML, like Gecko) Chrome/120.0.0.0 Safari/537.36"
20.194.29.45 - - [27/Feb/2026:17:48:16 -0500] "GET /wp-includes/customize/chosen.php HTTP/1.1" 404 10844 "-" "Mozilla/5.0 (Windows NT 10.0; Win64; x64) AppleWebKit/537.36 (KHTML, like Gecko) Chrome/120.0.0.0 Safari/537.36"
20.194.29.45 - - [27/Feb/2026:17:48:17 -0500] "GET /wp-includes/Text/index.php HTTP/1.1" 301 - "-" "Mozilla/5.0 (Windows NT 10.0; Win64; x64) AppleWebKit/537.36 (KHTML, like Gecko) Chrome/120.0.0.0 Safari/537.36"
20.194.29.45 - - [27/Feb/2026:17:48:17 -0500] "GET /wp-content/plugins/alfa-rex1.php HTTP/1.1" 404 10844 "-" "Mozilla/5.0 (Windows NT 10.0; Win64; x64) AppleWebKit/537.36 (KHTML, like Gecko) Chrome/120.0.0.0 Safari/537.36"
20.194.29.45 - - [27/Feb/2026:17:48:18 -0500] "GET /plugins/function.php HTTP/1.1" 404 10844 "-" "Mozilla/5.0 (Windows NT 10.0; Win64; x64) AppleWebKit/537.36 (KHTML, like Gecko) Chrome/120.0.0.0 Safari/537.36"
20.194.29.45 - - [27/Feb/2026:17:48:19 -0500] "GET /template/wp-index.php HTTP/1.1" 404 10844 "-" "Mozilla/5.0 (Windows NT 10.0; Win64; x64) AppleWebKit/537.36 (KHTML, like Gecko) Chrome/120.0.0.0 Safari/537.36"
162.253.224.18 - - [27/Feb/2026:17:50:57 -0500] "POST /wp-cron.php?doing_wp_cron=1772232657.1722939014434814453125 HTTP/1.1" 200 - "-" "WordPress/6.9; https://davidlachapellela.com"
63.180.175.164 - - [27/Feb/2026:17:50:56 -0500] "POST /xmlrpc.php HTTP/1.1" 200 225 "-" "Mozilla/5.0 (Windows NT 6.3; WOW64; Trident/7.0; Touch; MAGWJS; rv:11.0) like Gecko"
162.253.224.18 - - [27/Feb/2026:17:55:21 -0500] "POST /wp-cron.php?doing_wp_cron=1772232921.4893379211425781250000 HTTP/1.1" 200 - "-" "WordPress/6.9; https://davidlachapellela.com"
57.130.20.252 - - [27/Feb/2026:17:55:21 -0500] "POST /xmlrpc.php HTTP/1.1" 200 225 "-" "Mozilla/5.0 (X11; Linux x86_64) AppleWebKit/537.36 (KHTML, like Gecko) Chrome/65.0.3325.162 Safari/537.36"
3.134.101.69 - - [27/Feb/2026:17:55:27 -0500] "GET /robots.txt HTTP/1.1" 200 147 "-" "Mozilla/5.0 (Macintosh; Intel Mac OS X 10_15_7) AppleWebKit/537.36 (KHTML, like Gecko) Chrome/131.0.0.0 Safari/537.36; ClaudeBot/1.0; +claudebot@anthropic.com)"
3.134.101.69 - - [27/Feb/2026:17:55:27 -0500] "GET /contact/ HTTP/1.1" 200 14824 "-" "Mozilla/5.0 (Macintosh; Intel Mac OS X 10_15_7) AppleWebKit/537.36 (KHTML, like Gecko) Chrome/131.0.0.0 Safari/537.36; ClaudeBot/1.0; +claudebot@anthropic.com)"
3.134.101.69 - - [27/Feb/2026:17:55:28 -0500] "GET /wp-content/plugins/pagelayer/css/givecss.php?give=pagelayer-frontend.css%2Cnivo-lightbox.css%2Canimate.min.css%2Cowl.carousel.min.css%2Cowl.theme.default.min.css%2Cfont-awesome5.min.css&premium&ver=1.6.9 HTTP/1.1" 200 40439 "http://davidlachapellela.com/contact/" "Mozilla/5.0 (Macintosh; Intel Mac OS X 10_15_7) AppleWebKit/537.36 (KHTML, like Gecko) Chrome/131.0.0.0 Safari/537.36; ClaudeBot/1.0; +claudebot@anthropic.com)"
3.134.101.69 - - [27/Feb/2026:17:55:28 -0500] "GET /wp-includes/css/dist/block-library/style.min.css HTTP/1.1" 200 15951 "http://davidlachapellela.com/contact/" "Mozilla/5.0 (Macintosh; Intel Mac OS X 10_15_7) AppleWebKit/537.36 (KHTML, like Gecko) Chrome/131.0.0.0 Safari/537.36; ClaudeBot/1.0; +claudebot@anthropic.com)"
3.134.101.69 - - [27/Feb/2026:17:55:28 -0500] "GET /wp-content/uploads/popularfx-templates/helpers/style.css HTTP/1.1" 200 1176 "http://davidlachapellela.com/contact/" "Mozilla/5.0 (Macintosh; Intel Mac OS X 10_15_7) AppleWebKit/537.36 (KHTML, like Gecko) Chrome/131.0.0.0 Safari/537.36; ClaudeBot/1.0; +claudebot@anthropic.com)"
3.134.101.69 - - [27/Feb/2026:17:55:28 -0500] "GET /wp-content/themes/popularfx/sidebar.css HTTP/1.1" 200 2303 "http://davidlachapellela.com/contact/" "Mozilla/5.0 (Macintosh; Intel Mac OS X 10_15_7) AppleWebKit/537.36 (KHTML, like Gecko) Chrome/131.0.0.0 Safari/537.36; ClaudeBot/1.0; +claudebot@anthropic.com)"
3.134.101.69 - - [27/Feb/2026:17:55:28 -0500] "GET /wp-includes/css/dashicons.min.css HTTP/1.1" 200 35721 "http://davidlachapellela.com/contact/" "Mozilla/5.0 (Macintosh; Intel Mac OS X 10_15_7) AppleWebKit/537.36 (KHTML, like Gecko) Chrome/131.0.0.0 Safari/537.36; ClaudeBot/1.0; +claudebot@anthropic.com)"
3.134.101.69 - - [27/Feb/2026:17:55:28 -0500] "GET /wp-includes/js/jquery/jquery.min.js HTTP/1.1" 200 30368 "http://davidlachapellela.com/contact/" "Mozilla/5.0 (Macintosh; Intel Mac OS X 10_15_7) AppleWebKit/537.36 (KHTML, like Gecko) Chrome/131.0.0.0 Safari/537.36; ClaudeBot/1.0; +claudebot@anthropic.com)"
3.134.101.69 - - [27/Feb/2026:17:55:28 -0500] "GET /wp-includes/js/jquery/jquery-migrate.min.js HTTP/1.1" 200 4872 "http://davidlachapellela.com/contact/" "Mozilla/5.0 (Macintosh; Intel Mac OS X 10_15_7) AppleWebKit/537.36 (KHTML, like Gecko) Chrome/131.0.0.0 Safari/537.36; ClaudeBot/1.0; +claudebot@anthropic.com)"
3.134.101.69 - - [27/Feb/2026:17:55:28 -0500] "GET /wp-content/plugins/pagelayer/js/givejs.php?give=pagelayer-frontend.js%2Cnivo-lightbox.min.js%2Cwow.min.js%2Cjquery-numerator.js%2CsimpleParallax.min.js%2Cowl.carousel.min.js&premium&ver=1.6.9 HTTP/1.1" 200 29957 "http://davidlachapellela.com/contact/" "Mozilla/5.0 (Macintosh; Intel Mac OS X 10_15_7) AppleWebKit/537.36 (KHTML, like Gecko) Chrome/131.0.0.0 Safari/537.36; ClaudeBot/1.0; +claudebot@anthropic.com)"
3.134.101.69 - - [27/Feb/2026:17:55:28 -0500] "GET /wp-content/plugins/click-to-chat-for-whatsapp/new/inc/assets/js/app.js HTTP/1.1" 200 2027 "http://davidlachapellela.com/contact/" "Mozilla/5.0 (Macintosh; Intel Mac OS X 10_15_7) AppleWebKit/537.36 (KHTML, like Gecko) Chrome/131.0.0.0 Safari/537.36; ClaudeBot/1.0; +claudebot@anthropic.com)"
3.134.101.69 - - [27/Feb/2026:17:55:28 -0500] "GET /wp-content/themes/popularfx/js/navigation.js HTTP/1.1" 200 1683 "http://davidlachapellela.com/contact/" "Mozilla/5.0 (Macintosh; Intel Mac OS X 10_15_7) AppleWebKit/537.36 (KHTML, like Gecko) Chrome/131.0.0.0 Safari/537.36; ClaudeBot/1.0; +claudebot@anthropic.com)"
3.134.101.69 - - [27/Feb/2026:17:55:28 -0500] "GET /wp-content/uploads/2022/08/212_logo2x11.png.webp HTTP/1.1" 200 4571 "http://davidlachapellela.com/contact/" "Mozilla/5.0 (Macintosh; Intel Mac OS X 10_15_7) AppleWebKit/537.36 (KHTML, like Gecko) Chrome/131.0.0.0 Safari/537.36; ClaudeBot/1.0; +claudebot@anthropic.com)"
3.134.101.69 - - [27/Feb/2026:17:55:29 -0500] "GET /wp-content/plugins/pagelayer/fonts/fa-regular-400.woff2 HTTP/1.1" 200 13247 "http://davidlachapellela.com/wp-content/plugins/pagelayer/css/givecss.php?give=pagelayer-frontend.css%2Cnivo-lightbox.css%2Canimate.min.css%2Cowl.carousel.min.css%2Cowl.theme.default.min.css%2Cfont-awesome5.min.css&premium&ver=1.6.9" "Mozilla/5.0 (Macintosh; Intel Mac OS X 10_15_7) AppleWebKit/537.36 (KHTML, like Gecko) Chrome/131.0.0.0 Safari/537.36; ClaudeBot/1.0; +claudebot@anthropic.com)"
3.134.101.69 - - [27/Feb/2026:17:55:29 -0500] "GET /wp-content/plugins/pagelayer/fonts/fa-solid-900.woff2 HTTP/1.1" 200 78174 "http://davidlachapellela.com/wp-content/plugins/pagelayer/css/givecss.php?give=pagelayer-frontend.css%2Cnivo-lightbox.css%2Canimate.min.css%2Cowl.carousel.min.css%2Cowl.theme.default.min.css%2Cfont-awesome5.min.css&premium&ver=1.6.9" "Mozilla/5.0 (Macintosh; Intel Mac OS X 10_15_7) AppleWebKit/537.36 (KHTML, like Gecko) Chrome/131.0.0.0 Safari/537.36; ClaudeBot/1.0; +claudebot@anthropic.com)"
3.134.101.69 - - [27/Feb/2026:17:55:29 -0500] "GET /wp-content/plugins/pagelayer/fonts/fa-brands-400.woff2 HTTP/1.1" 200 76764 "http://davidlachapellela.com/wp-content/plugins/pagelayer/css/givecss.php?give=pagelayer-frontend.css%2Cnivo-lightbox.css%2Canimate.min.css%2Cowl.carousel.min.css%2Cowl.theme.default.min.css%2Cfont-awesome5.min.css&premium&ver=1.6.9" "Mozilla/5.0 (Macintosh; Intel Mac OS X 10_15_7) AppleWebKit/537.36 (KHTML, like Gecko) Chrome/131.0.0.0 Safari/537.36; ClaudeBot/1.0; +claudebot@anthropic.com)"
3.134.101.69 - - [27/Feb/2026:17:55:29 -0500] "GET /wp-content/uploads/2022/07/dlcuru1.png HTTP/1.1" 200 769925 "http://davidlachapellela.com/contact/" "Mozilla/5.0 (Macintosh; Intel Mac OS X 10_15_7) AppleWebKit/537.36 (KHTML, like Gecko) Chrome/131.0.0.0 Safari/537.36; ClaudeBot/1.0; +claudebot@anthropic.com)"
3.134.101.69 - - [27/Feb/2026:17:55:29 -0500] "GET /wp-includes/js/wp-emoji-release.min.js HTTP/1.1" 200 5375 "http://davidlachapellela.com/contact/" "Mozilla/5.0 (Macintosh; Intel Mac OS X 10_15_7) AppleWebKit/537.36 (KHTML, like Gecko) Chrome/131.0.0.0 Safari/537.36; ClaudeBot/1.0; +claudebot@anthropic.com)"
51.107.70.204 - - [27/Feb/2026:17:55:34 -0500] "GET / HTTP/1.1" 200 35271 "-" "Mozilla/5.0 AppleWebKit/537.36 (KHTML, like Gecko); compatible; ChatGPT-User/1.0; +https://openai.com/bot"
162.253.224.18 - - [27/Feb/2026:17:58:57 -0500] "POST /wp-cron.php?doing_wp_cron=1772233137.2217979431152343750000 HTTP/1.1" 200 - "-" "WordPress/6.9; http://davidlachapellela.com"
205.185.122.204 - - [27/Feb/2026:17:58:56 -0500] "GET /wp-login.php HTTP/1.1" 200 5263 "-" "Mozilla/5.0 (Windows NT 6.1; WOW64) AppleWebKit/537.36 (KHTML, like Gecko) Chrome/36.0.1985.125 Safari/537.36"
205.185.122.204 - - [27/Feb/2026:17:58:57 -0500] "POST /wp-login.php HTTP/1.1" 200 5704 "-" "Mozilla/5.0 (Windows NT 6.1; WOW64) AppleWebKit/537.36 (KHTML, like Gecko) Chrome/36.0.1985.125 Safari/537.36"
51.79.82.101 - - [27/Feb/2026:17:59:20 -0500] "POST /xmlrpc.php HTTP/1.1" 200 225 "-" "Mozilla/5.0 (Windows NT 6.3; Trident/7.0; rv 11.0) like Gecko"
162.253.224.18 - - [27/Feb/2026:18:04:09 -0500] "POST /wp-cron.php?doing_wp_cron=1772233449.0794439315795898437500 HTTP/1.1" 200 - "-" "WordPress/6.9; http://davidlachapellela.com"
209.141.57.163 - - [27/Feb/2026:18:04:08 -0500] "GET /wp-login.php HTTP/1.1" 200 5263 "-" "Mozilla/5.0 (X11; Ubuntu; Linux x86_64; rv:30.0) Gecko/20100101 Firefox/30.0"
209.141.57.163 - - [27/Feb/2026:18:04:09 -0500] "POST /wp-login.php HTTP/1.1" 200 5652 "-" "Mozilla/5.0 (X11; Ubuntu; Linux x86_64; rv:30.0) Gecko/20100101 Firefox/30.0"
57.128.2.15 - - [27/Feb/2026:18:04:10 -0500] "POST /xmlrpc.php HTTP/1.1" 200 225 "-" "Mozilla/5.0 (Windows NT 6.3; WOW64; Trident/7.0; Touch; ASU2JS; rv:11.0) like Gecko"
162.253.224.18 - - [27/Feb/2026:18:08:34 -0500] "POST /wp-cron.php?doing_wp_cron=1772233714.1690809726715087890625 HTTP/1.1" 200 - "-" "WordPress/6.9; https://davidlachapellela.com"
20.169.78.201 - - [27/Feb/2026:18:08:33 -0500] "GET / HTTP/1.1" 200 35271 "-" "Mozilla/5.0 AppleWebKit/537.36 (KHTML, like Gecko); compatible; ChatGPT-User/1.0; +https://openai.com/bot"
51.68.236.70 - - [27/Feb/2026:18:08:36 -0500] "GET /robots.txt HTTP/1.1" 200 147 "-" "Mozilla/5.0 (compatible; MJ12bot/v2.0.5; http://mj12bot.com/)"
51.68.236.70 - - [27/Feb/2026:18:08:37 -0500] "GET / HTTP/1.1" 200 35283 "-" "Mozilla/5.0 (compatible; MJ12bot/v2.0.5; http://mj12bot.com/)"
162.253.224.18 - - [27/Feb/2026:18:08:42 -0500] "POST /wp-cron.php?doing_wp_cron=1772233722.9269759654998779296875 HTTP/1.1" 200 - "-" "WordPress/6.9; https://davidlachapellela.com"
192.250.239.173 - - [27/Feb/2026:18:08:42 -0500] "POST /xmlrpc.php HTTP/1.1" 200 225 "-" "Mozilla/5.0 (Windows NT 6.1; WOW64; Trident/7.0; HO32600; HO32600R; rv:11.0) like Gecko"
162.253.224.18 - - [27/Feb/2026:18:12:01 -0500] "POST /wp-cron.php?doing_wp_cron=1772233921.5628910064697265625000 HTTP/1.1" 200 - "-" "WordPress/6.9; https://davidlachapellela.com"
209.141.61.242 - - [27/Feb/2026:18:12:01 -0500] "GET /wp-login.php HTTP/1.1" 200 5277 "-" "Mozilla/5.0 (Macintosh; Intel Mac OS X 10_8_5) AppleWebKit/537.36 (KHTML, like Gecko) Chrome/36.0.1985.125 Safari/537.36"
209.141.61.242 - - [27/Feb/2026:18:12:01 -0500] "POST /wp-login.php HTTP/1.1" 200 5664 "-" "Mozilla/5.0 (Macintosh; Intel Mac OS X 10_8_5) AppleWebKit/537.36 (KHTML, like Gecko) Chrome/36.0.1985.125 Safari/537.36"
114.119.149.169 - - [27/Feb/2026:18:12:05 -0500] "GET /wp-sitemap-taxonomies-category-1.xml HTTP/1.1" 200 197 "-" "Mozilla/5.0 (Linux; Android 7.0;) AppleWebKit/537.36 (KHTML, like Gecko) Mobile Safari/537.36 (compatible; PetalBot;+https://webmaster.petalsearch.com/site/petalbot)"
162.253.224.18 - - [27/Feb/2026:18:13:38 -0500] "POST /wp-cron.php?doing_wp_cron=1772234018.7501440048217773437500 HTTP/1.1" 200 - "-" "WordPress/6.9; https://davidlachapellela.com"
50.6.174.25 - - [27/Feb/2026:18:13:38 -0500] "POST /xmlrpc.php HTTP/1.1" 200 225 "-" "Mozilla/5.0 (Windows NT 10.0; WOW64) AppleWebKit/537.36 (KHTML, like Gecko) Chrome/66.0.3359.139 Safari/537.36"
162.253.224.18 - - [27/Feb/2026:18:30:15 -0500] "POST /wp-cron.php?doing_wp_cron=1772235015.7311940193176269531250 HTTP/1.1" 200 - "-" "WordPress/6.9; https://davidlachapellela.com"
57.128.2.15 - - [27/Feb/2026:18:30:11 -0500] "POST /xmlrpc.php HTTP/1.1" 200 225 "-" "Mozilla/5.0 (Windows NT 6.1) AppleWebKit/537.36 (KHTML, like Gecko) Chrome/66.0.3359.139 Safari/537.36"
20.220.144.87 - - [27/Feb/2026:18:39:19 -0500] "GET /wp-content/plugins/hellopress/wp_filemanager.php HTTP/1.1" 508 273 "-" "-"
20.220.144.87 - - [27/Feb/2026:18:39:19 -0500] "GET /BDKR28WP.php HTTP/1.1" 508 273 "-" "-"
20.220.144.87 - - [27/Feb/2026:18:39:19 -0500] "GET /tews.php HTTP/1.1" 508 273 "-" "-"
20.220.144.87 - - [27/Feb/2026:18:39:19 -0500] "GET /wpp.php HTTP/1.1" 508 273 "-" "-"
20.220.144.87 - - [27/Feb/2026:18:39:19 -0500] "GET /wc49.php HTTP/1.1" 508 273 "-" "-"
20.220.144.87 - - [27/Feb/2026:18:39:19 -0500] "GET /TL.php HTTP/1.1" 508 273 "-" "-"
20.220.144.87 - - [27/Feb/2026:18:39:19 -0500] "GET //sys.php HTTP/1.1" 508 273 "-" "-"
20.220.144.87 - - [27/Feb/2026:18:39:19 -0500] "GET //fck.php HTTP/1.1" 508 273 "-" "-"
20.220.144.87 - - [27/Feb/2026:18:39:19 -0500] "GET /x123x.php HTTP/1.1" 508 273 "-" "-"
20.220.144.87 - - [27/Feb/2026:18:39:19 -0500] "GET /wp-michan.php HTTP/1.1" 508 273 "-" "-"
20.220.144.87 - - [27/Feb/2026:18:39:19 -0500] "GET /nw2.php HTTP/1.1" 508 273 "-" "-"
20.220.144.87 - - [27/Feb/2026:18:39:19 -0500] "GET /blackmini.php HTTP/1.1" 508 273 "-" "-"
20.220.144.87 - - [27/Feb/2026:18:39:19 -0500] "GET /gssdd.php HTTP/1.1" 508 273 "-" "-"
20.220.144.87 - - [27/Feb/2026:18:39:19 -0500] "GET /F19.php HTTP/1.1" 508 273 "-" "-"
20.220.144.87 - - [27/Feb/2026:18:39:19 -0500] "GET /F1.php HTTP/1.1" 508 273 "-" "-"
20.220.144.87 - - [27/Feb/2026:18:39:19 -0500] "GET /fff.php HTTP/1.1" 508 273 "-" "-"
20.220.144.87 - - [27/Feb/2026:18:39:19 -0500] "GET /R57.php HTTP/1.1" 508 273 "-" "-"
20.220.144.87 - - [27/Feb/2026:18:39:19 -0500] "GET /4h.php HTTP/1.1" 508 273 "-" "-"
20.220.144.87 - - [27/Feb/2026:18:39:19 -0500] "GET /yussef.php HTTP/1.1" 508 273 "-" "-"
20.220.144.87 - - [27/Feb/2026:18:39:30 -0500] "GET /bal.php HTTP/1.1" 508 273 "-" "-"
20.220.144.87 - - [27/Feb/2026:18:39:30 -0500] "GET /bengi.php HTTP/1.1" 508 273 "-" "-"
20.220.144.87 - - [27/Feb/2026:18:39:30 -0500] "GET /lb.php HTTP/1.1" 508 273 "-" "-"
162.253.224.18 - - [27/Feb/2026:18:39:48 -0500] "POST /wp-cron.php?doing_wp_cron=1772235588.3329830169677734375000 HTTP/1.1" 200 - "-" "WordPress/6.9; http://davidlachapellela.com"
20.220.144.87 - - [27/Feb/2026:18:39:41 -0500] "GET /samfa.php HTTP/1.1" 404 10871 "-" "-"
20.220.144.87 - - [27/Feb/2026:18:39:48 -0500] "GET /boots.php HTTP/1.1" 404 10871 "-" "-"
20.220.144.87 - - [27/Feb/2026:18:39:53 -0500] "GET /logi.php HTTP/1.1" 404 10871 "-" "-"
162.253.224.18 - - [27/Feb/2026:18:41:11 -0500] "POST /wp-cron.php?doing_wp_cron=1772235671.8288490772247314453125 HTTP/1.1" 508 266 "-" "WordPress/6.9; https://davidlachapellela.com"
121.200.216.13 - - [27/Feb/2026:18:41:06 -0500] "POST /xmlrpc.php HTTP/1.1" 200 225 "-" "Mozilla/5.0 (Windows NT 6.3; WOW64; Trident/7.0; ASU2JS; rv:11.0) like Gecko"
74.91.223.129 - - [27/Feb/2026:18:44:47 -0500] "POST /xmlrpc.php HTTP/1.1" 508 266 "-" "Mozilla/5.0 (Windows NT 10.0; WOW64; Trident/7.0; Touch; LCJB; rv:11.0) like Gecko"
74.91.223.129 - - [27/Feb/2026:18:44:49 -0500] "POST /xmlrpc.php HTTP/1.1" 508 266 "-" "Mozilla/5.0 (Windows NT 10.0; WOW64; Trident/7.0; Touch; LCJB; rv:11.0) like Gecko"
162.253.224.18 - - [27/Feb/2026:18:44:56 -0500] "POST /wp-cron.php?doing_wp_cron=1772235895.9318630695343017578125 HTTP/1.1" 200 - "-" "WordPress/6.9; https://davidlachapellela.com"
74.91.223.129 - - [27/Feb/2026:18:44:51 -0500] "POST /xmlrpc.php HTTP/1.1" 200 225 "-" "Mozilla/5.0 (Windows NT 10.0; WOW64; Trident/7.0; Touch; LCJB; rv:11.0) like Gecko"
216.41.233.195 - - [27/Feb/2026:18:45:16 -0500] "GET /contact/ HTTP/1.1" 200 14824 "-" "Mozilla/5.0 (X11; Ubuntu; Linux x86_64; rv:114.0) Gecko/20100101 Firefox/114.0"
162.253.224.18 - - [27/Feb/2026:18:48:46 -0500] "POST /wp-cron.php?doing_wp_cron=1772236126.8556799888610839843750 HTTP/1.1" 200 - "-" "WordPress/6.9; https://davidlachapellela.com"
74.208.90.100 - - [27/Feb/2026:18:48:46 -0500] "POST /xmlrpc.php HTTP/1.1" 200 225 "-" "Mozilla/4.0 (compatible; MSIE 7.0; Windows NT 6.1; Win64; x64; Trident/7.0; .NET CLR 2.0.50727; SLCC2; .NET4.0C; .NET4.0E; .NET CLR 3.5.30729; .NET CLR 3.0.30729)"
162.253.224.18 - - [27/Feb/2026:18:51:08 -0500] "POST /wp-cron.php?doing_wp_cron=1772236268.2405550479888916015625 HTTP/1.1" 200 - "-" "WordPress/6.9; http://davidlachapellela.com"
114.80.36.40 - - [27/Feb/2026:18:51:07 -0500] "GET / HTTP/1.1" 301 - "-" "Mozilla/5.0 (iPhone; CPU iPhone OS 13_2_3 like Mac OS X) AppleWebKit/605.1.15 (KHTML, like Gecko) Version/13.0.3 Mobile/15E148 Safari/604.1"
114.80.36.40 - - [27/Feb/2026:18:51:14 -0500] "GET / HTTP/1.1" 200 35287 "http://www.davidlachapellela.com" "Mozilla/5.0 (iPhone; CPU iPhone OS 13_2_3 like Mac OS X) AppleWebKit/605.1.15 (KHTML, like Gecko) Version/13.0.3 Mobile/15E148 Safari/604.1"
162.253.224.18 - - [27/Feb/2026:18:53:44 -0500] "POST /wp-cron.php?doing_wp_cron=1772236424.2405478954315185546875 HTTP/1.1" 200 - "-" "WordPress/6.9; https://davidlachapellela.com"
57.130.20.252 - - [27/Feb/2026:18:53:43 -0500] "POST /xmlrpc.php HTTP/1.1" 200 225 "-" "Mozilla/4.0 (compatible; MSIE 7.0; Windows NT 6.2; Win64; x64; Trident/7.0; .NET4.0C; .NET4.0E; .NET CLR 2.0.50727; .NET CLR 3.0.30729; .NET CLR 3.5.30729; Tablet PC 2.0)"
162.253.224.18 - - [27/Feb/2026:18:58:29 -0500] "POST /wp-cron.php?doing_wp_cron=1772236709.1108579635620117187500 HTTP/1.1" 200 - "-" "WordPress/6.9; https://davidlachapellela.com"
198.20.177.178 - - [27/Feb/2026:18:58:28 -0500] "POST /xmlrpc.php HTTP/1.1" 200 225 "-" "Mozilla/5.0 (Windows NT 6.1; WOW64; Trident/7.0; MATP; MATP; MATPJS; rv:11.0) like Gecko"
162.253.224.18 - - [27/Feb/2026:19:03:14 -0500] "POST /wp-cron.php?doing_wp_cron=1772236994.1197159290313720703125 HTTP/1.1" 200 - "-" "WordPress/6.9; http://davidlachapellela.com"
209.141.55.158 - - [27/Feb/2026:19:03:13 -0500] "GET /wp-login.php HTTP/1.1" 200 5263 "-" "Mozilla/5.0 (X11; Linux x86_64) AppleWebKit/537.36 (KHTML, like Gecko) Ubuntu Chromium/36.0.1985.125 Chrome/36.0.1985.125 Safari/537.36"
209.141.55.158 - - [27/Feb/2026:19:03:14 -0500] "POST /wp-login.php HTTP/1.1" 200 5652 "-" "Mozilla/5.0 (X11; Linux x86_64) AppleWebKit/537.36 (KHTML, like Gecko) Ubuntu Chromium/36.0.1985.125 Chrome/36.0.1985.125 Safari/537.36"
162.240.150.20 - - [27/Feb/2026:19:03:35 -0500] "POST /xmlrpc.php HTTP/1.1" 200 225 "-" "Mozilla/4.0 (compatible; MSIE 7.0; Windows NT 6.2; WOW64; Trident/7.0; .NET4.0C; .NET4.0E; Tablet PC 2.0)"
162.253.224.18 - - [27/Feb/2026:19:06:45 -0500] "POST /wp-cron.php?doing_wp_cron=1772237205.3981978893280029296875 HTTP/1.1" 200 - "-" "WordPress/6.9; https://davidlachapellela.com"
104.244.78.102 - - [27/Feb/2026:19:06:44 -0500] "GET /wp-login.php HTTP/1.1" 200 5277 "-" "Mozilla/5.0 (Macintosh; Intel Mac OS X 10_9_3) AppleWebKit/537.75.14 (KHTML, like Gecko) Version/7.0.3 Safari/537.75.14"
104.244.78.102 - - [27/Feb/2026:19:06:45 -0500] "POST /wp-login.php HTTP/1.1" 200 5664 "-" "Mozilla/5.0 (Macintosh; Intel Mac OS X 10_9_3) AppleWebKit/537.75.14 (KHTML, like Gecko) Version/7.0.3 Safari/537.75.14"
162.253.224.18 - - [27/Feb/2026:19:11:13 -0500] "POST /wp-cron.php?doing_wp_cron=1772237473.6230790615081787109375 HTTP/1.1" 200 - "-" "WordPress/6.9; http://davidlachapellela.com"
209.141.44.63 - - [27/Feb/2026:19:11:13 -0500] "GET /wp-login.php HTTP/1.1" 200 5263 "-" "Mozilla/5.0 (iPhone; CPU iPhone OS 7_1_1 like Mac OS X) AppleWebKit/537.51.2 (KHTML, like Gecko) Version/7.0 Mobile/11D201 Safari/9537.53"
209.141.44.63 - - [27/Feb/2026:19:11:13 -0500] "POST /wp-login.php HTTP/1.1" 200 5704 "-" "Mozilla/5.0 (iPhone; CPU iPhone OS 7_1_1 like Mac OS X) AppleWebKit/537.51.2 (KHTML, like Gecko) Version/7.0 Mobile/11D201 Safari/9537.53"
162.253.224.18 - - [27/Feb/2026:19:13:26 -0500] "POST /wp-cron.php?doing_wp_cron=1772237606.9488139152526855468750 HTTP/1.1" 200 - "-" "WordPress/6.9; https://davidlachapellela.com"
208.109.188.137 - - [27/Feb/2026:19:13:26 -0500] "POST /xmlrpc.php HTTP/1.1" 200 225 "-" "Mozilla/5.0 (Windows NT 6.1; WOW64) AppleWebKit/537.36 (KHTML, like Gecko) Chrome/65.0.3325.146 Safari/537.36"
162.253.224.18 - - [27/Feb/2026:19:13:55 -0500] "POST /wp-cron.php?doing_wp_cron=1772237635.7333190441131591796875 HTTP/1.1" 200 - "-" "WordPress/6.9; http://davidlachapellela.com"
51.68.107.161 - - [27/Feb/2026:19:13:54 -0500] "GET /robots.txt HTTP/1.1" 200 147 "-" "Mozilla/5.0 (compatible; MJ12bot/v2.0.5; http://mj12bot.com/)"
162.253.224.18 - - [27/Feb/2026:19:13:56 -0500] "POST /wp-cron.php?doing_wp_cron=1772237636.9795620441436767578125 HTTP/1.1" 200 - "-" "WordPress/6.9; http://davidlachapellela.com"
51.68.107.161 - - [27/Feb/2026:19:13:54 -0500] "GET / HTTP/1.1" 200 35283 "-" "Mozilla/5.0 (compatible; MJ12bot/v2.0.5; http://mj12bot.com/)"
162.253.224.18 - - [27/Feb/2026:19:16:50 -0500] "POST /wp-cron.php?doing_wp_cron=1772237810.8694839477539062500000 HTTP/1.1" 200 - "-" "WordPress/6.9; https://davidlachapellela.com"
138.68.183.21 - - [27/Feb/2026:19:16:50 -0500] "POST /xmlrpc.php HTTP/1.1" 200 225 "-" "Mozilla/5.0 (Macintosh; Intel Mac OS X 10_13_1) AppleWebKit/537.36 (KHTML, like Gecko) Chrome/66.0.3359.139 Safari/537.36"
162.253.224.18 - - [27/Feb/2026:19:20:11 -0500] "POST /wp-cron.php?doing_wp_cron=1772238011.9790461063385009765625 HTTP/1.1" 200 - "-" "WordPress/6.9; https://davidlachapellela.com"
213.180.203.207 - - [27/Feb/2026:19:20:11 -0500] "GET /robots.txt HTTP/1.1" 200 147 "-" "Mozilla/5.0 (compatible; YandexBot/3.0; +http://yandex.com/bots)"
87.250.224.108 - - [27/Feb/2026:19:20:13 -0500] "GET /cgi-sys/suspendedpage.cgi HTTP/1.1" 200 7636 "-" "Mozilla/5.0 (compatible; YandexBot/3.0; +http://yandex.com/bots)"
162.253.224.18 - - [27/Feb/2026:19:21:17 -0500] "POST /wp-cron.php?doing_wp_cron=1772238077.8512818813323974609375 HTTP/1.1" 200 - "-" "WordPress/6.9; https://davidlachapellela.com"
217.216.72.111 - - [27/Feb/2026:19:21:17 -0500] "POST /xmlrpc.php HTTP/1.1" 200 225 "-" "Mozilla/4.0 (compatible; MSIE 7.0; Windows NT 6.2; WOW64; Trident/7.0; .NET4.0E; .NET4.0C; .NET CLR 3.5.30729; .NET CLR 2.0.50727; .NET CLR 3.0.30729)"
162.253.224.18 - - [27/Feb/2026:19:21:41 -0500] "POST /wp-cron.php?doing_wp_cron=1772238101.5166330337524414062500 HTTP/1.1" 200 - "-" "WordPress/6.9; https://davidlachapellela.com"
217.216.72.111 - - [27/Feb/2026:19:21:41 -0500] "POST /xmlrpc.php HTTP/1.1" 200 225 "-" "Mozilla/4.0 (compatible; MSIE 7.0; Windows NT 6.2; WOW64; Trident/7.0; .NET4.0E; .NET4.0C; .NET CLR 3.5.30729; .NET CLR 2.0.50727; .NET CLR 3.0.30729)"
162.253.224.18 - - [27/Feb/2026:19:25:16 -0500] "POST /wp-cron.php?doing_wp_cron=1772238316.2564549446105957031250 HTTP/1.1" 200 - "-" "WordPress/6.9; https://davidlachapellela.com"
188.130.27.116 - - [27/Feb/2026:19:25:15 -0500] "POST /xmlrpc.php HTTP/1.1" 200 225 "-" "Mozilla/5.0 (Macintosh; Intel Mac OS X 10_11_6) AppleWebKit/604.5.6 (KHTML, like Gecko) Version/11.0.3 Safari/604.5.6"
113.190.189.189 - - [27/Feb/2026:19:25:28 -0500] "GET /contact/ HTTP/1.1" 200 14818 "-" "Mozilla/5.0 (Windows NT 6.1; ) AppleWebKit/537.36 (KHTML, like Gecko) Chrome/81.0.4044.113 Safari/537.36"
162.253.224.18 - - [27/Feb/2026:19:29:21 -0500] "POST /wp-cron.php?doing_wp_cron=1772238561.5326349735260009765625 HTTP/1.1" 200 - "-" "WordPress/6.9; https://davidlachapellela.com"
213.145.94.73 - - [27/Feb/2026:19:29:21 -0500] "POST /xmlrpc.php HTTP/1.1" 200 225 "-" "Mozilla/5.0 (Windows NT 6.1; WOW64) AppleWebKit/537.36 (KHTML, like Gecko) Chrome/65.0.3325.162 Safari/537.36"
162.253.224.18 - - [27/Feb/2026:19:34:39 -0500] "POST /wp-cron.php?doing_wp_cron=1772238879.7244629859924316406250 HTTP/1.1" 200 - "-" "WordPress/6.9; http://davidlachapellela.com"
35.184.62.48 - - [27/Feb/2026:19:34:39 -0500] "GET / HTTP/1.1" 301 - "-" "Mozilla/5.0 (Windows NT 4.0; WOW64) AppleWebKit/537.36 (KHTML, like Gecko) Chrome/37.0.2049.0 Safari/537.36"
35.184.62.48 - - [27/Feb/2026:19:34:39 -0500] "GET / HTTP/1.1" 200 35282 "-" "Mozilla/5.0 (Windows NT 4.0; WOW64) AppleWebKit/537.36 (KHTML, like Gecko) Chrome/37.0.2049.0 Safari/537.36"
162.253.224.18 - - [27/Feb/2026:19:38:00 -0500] "POST /wp-cron.php?doing_wp_cron=1772239080.5350160598754882812500 HTTP/1.1" 200 - "-" "WordPress/6.9; https://davidlachapellela.com"
89.167.43.38 - - [27/Feb/2026:19:38:00 -0500] "POST /xmlrpc.php HTTP/1.1" 200 225 "-" "Mozilla/5.0 (Windows NT 6.1; Win64; x64) AppleWebKit/537.36 (KHTML, like Gecko) Chrome/65.0.3325.146 Safari/537.36"
162.253.224.18 - - [27/Feb/2026:19:41:49 -0500] "POST /wp-cron.php?doing_wp_cron=1772239309.0512459278106689453125 HTTP/1.1" 200 - "-" "WordPress/6.9; https://davidlachapellela.com"
